xen-devel.lists.xenproject.org archive mirror
 help / color / mirror / Atom feed
* [linux-4.1 test] 61947: regressions - FAIL
@ 2015-09-15 23:24 osstest service owner
  0 siblings, 0 replies; only message in thread
From: osstest service owner @ 2015-09-15 23:24 UTC (permalink / raw)
  To: xen-devel, osstest-admin

[-- Warning: decoded text below may be mangled, UTF-8 assumed --]
[-- Attachment #1: Type: text/plain, Size: 16114 bytes --]

flight 61947 linux-4.1 real [real]
http://logs.test-lab.xenproject.org/osstest/logs/61947/

Regressions :-(

Tests which did not succeed and are blocking,
including tests which could not be run:
 test-armhf-armhf-xl-credit2  16 guest-start/debian.repeat fail REGR. vs. 60785

Regressions which are regarded as allowable (not blocking):
 test-amd64-amd64-xl-qemut-stubdom-debianhvm-amd64-xsm 13 guest-localmigrate fail like 60785
 test-armhf-armhf-xl-rtds     11 guest-start                  fail   like 60785
 test-amd64-i386-xl-qemut-stubdom-debianhvm-amd64-xsm 15 guest-localmigrate.2 fail like 60785
 test-amd64-amd64-xl-qemut-win7-amd64 17 guest-stop             fail like 60785
 test-amd64-amd64-xl-qemuu-win7-amd64 17 guest-stop             fail like 60785

Tests which did not succeed, but are not blocking:
 test-amd64-amd64-xl-pvh-intel 14 guest-saverestore            fail  never pass
 test-armhf-armhf-xl-qcow2     9 debian-di-install            fail   never pass
 test-armhf-armhf-libvirt-qcow2  9 debian-di-install            fail never pass
 test-armhf-armhf-libvirt-vhd  9 debian-di-install            fail   never pass
 test-armhf-armhf-xl-vhd       9 debian-di-install            fail   never pass
 test-armhf-armhf-xl-raw       9 debian-di-install            fail   never pass
 test-amd64-amd64-xl-pvh-amd  11 guest-start                  fail   never pass
 test-armhf-armhf-libvirt-raw  9 debian-di-install            fail   never pass
 test-armhf-armhf-libvirt-xsm 12 migrate-support-check        fail   never pass
 test-armhf-armhf-libvirt-xsm 14 guest-saverestore            fail   never pass
 test-armhf-armhf-libvirt     14 guest-saverestore            fail   never pass
 test-armhf-armhf-libvirt     12 migrate-support-check        fail   never pass
 test-amd64-amd64-libvirt-xsm 12 migrate-support-check        fail   never pass
 test-amd64-amd64-libvirt-pair 21 guest-migrate/src_host/dst_host fail never pass
 test-amd64-amd64-libvirt     12 migrate-support-check        fail   never pass
 test-amd64-i386-libvirt-xsm  12 migrate-support-check        fail   never pass
 test-amd64-i386-libvirt      12 migrate-support-check        fail   never pass
 test-armhf-armhf-xl-xsm      13 saverestore-support-check    fail   never pass
 test-armhf-armhf-xl-xsm      12 migrate-support-check        fail   never pass
 test-amd64-i386-libvirt-pair 21 guest-migrate/src_host/dst_host fail never pass
 test-armhf-armhf-xl          12 migrate-support-check        fail   never pass
 test-armhf-armhf-xl          13 saverestore-support-check    fail   never pass
 test-armhf-armhf-xl-arndale  12 migrate-support-check        fail   never pass
 test-armhf-armhf-xl-arndale  13 saverestore-support-check    fail   never pass
 test-armhf-armhf-xl-multivcpu 13 saverestore-support-check    fail  never pass
 test-armhf-armhf-xl-multivcpu 12 migrate-support-check        fail  never pass
 test-amd64-i386-libvirt-qemuu-debianhvm-amd64-xsm 10 migrate-support-check fail never pass
 test-amd64-i386-libvirt-qcow2 11 migrate-support-check        fail  never pass
 test-amd64-amd64-libvirt-qemuu-debianhvm-amd64-xsm 10 migrate-support-check fail never pass
 test-amd64-amd64-libvirt-qcow2 11 migrate-support-check        fail never pass
 test-amd64-amd64-libvirt-vhd 11 migrate-support-check        fail   never pass
 test-amd64-amd64-libvirt-raw 11 migrate-support-check        fail   never pass
 test-amd64-i386-libvirt-vhd  11 migrate-support-check        fail   never pass
 test-armhf-armhf-xl-credit2  13 saverestore-support-check    fail   never pass
 test-armhf-armhf-xl-credit2  12 migrate-support-check        fail   never pass
 test-amd64-i386-libvirt-raw  11 migrate-support-check        fail   never pass
 test-armhf-armhf-xl-cubietruck 12 migrate-support-check        fail never pass
 test-armhf-armhf-xl-cubietruck 13 saverestore-support-check    fail never pass
 test-amd64-i386-xl-qemuu-win7-amd64 17 guest-stop              fail never pass
 test-amd64-i386-xl-qemut-win7-amd64 17 guest-stop              fail never pass

version targeted for testing:
 linux                0c5c1f1a4f991ee015da85cce6d2d9f9c9380b4f
baseline version:
 linux                4ff62ca06c0c0b084f585f7a2cfcf832b21d94fc

Last test of basis    60785  2015-08-19 15:45:37 Z   27 days
Testing same since    61947  2015-09-13 16:40:56 Z    2 days    1 attempts

------------------------------------------------------------
People who touched revisions under test:
  Adrien Schildknecht <adrien+dev@schischi.me>
  Al Viro <viro@zeniv.linux.org.uk>
  Alan Stern <stern@rowland.harvard.edu>
  Alban Crequy <alban.crequy@gmail.com>
  Alban Crequy <alban@endocode.com>
  Alex Deucher <alexander.deucher@amd.com>
  Alexei Potashnik <alexei@purestorage.com>
  Andrew Morton <akpm@linux-foundation.org>
  Andy Lutomirski <luto@amacapital.net>
  Anil Chintalapati <achintal@cisco.com>
  Bart Van Assche <bart.vanassche@sandisk.com>
  Baruch Siach <baruch@tkos.co.il>
  Ben Hutchings <ben@decadent.org.uk>
  Bjorn Helgaas <bhelgaas@google.com>
  Bob Liu <bob.liu@oracle.com>
  Boris Brezillon <boris.brezillon@free-electrons.com>
  Borislav Petkov <bp@suse.de>
  Brian King <brking@linux.vnet.ibm.com>
  Charles Keepax <ckeepax@opensource.wolfsonmicro.com>
  Chris Wilson <chris@chris-wilson.co.uk>
  Dan Carpenter <dan.carpenter@oracle.com>
  Dave Airlie <airlied@redhat.com>
  David Henningsson <david.henningsson@canonical.com>
  David Vrabel <david.vrabel@citrix.com>
  Dinh Nguyen <dinguyen@opensource.altera.com>
  Dmitry Torokhov <dmitry.torokhov@gmail.com>
  Emmanuel Grumbach <emmanuel.grumbach@intel.com>
  Florian Fainelli <f.fainelli@gmail.com>
  Geert Uytterhoeven <geert+renesas@glider.be>
  Greg Kroah-Hartman <gregkh@linuxfoundation.org>
  Grygorii Strashko <grygorii.strashko@ti.com>
  Guenter Roeck <linux@roeck-us.net>
  Guillermo A. Amaral <g@maral.me>
  Heiko Stuebner <heiko@sntech.de>
  Helge Deller <deller@gmx.de>
  Herbert Xu <herbert@gondor.apana.org.au>
  Herton R. Krzesinski <herton@redhat.com>
  Hiral Shah <hishah@cisco.com>
  Horia Geant? <horia.geanta@freescale.com>
  Iago López Galeiras <iago@endocode.com>
  Ilan Cohen <ilanco@gmail.com>
  Ingo Molnar <mingo@kernel.org>
  James Bottomley <JBottomley@Odin.com>
  Jan Stancek <jstancek@redhat.com>
  Jani Nikula <jani.nikula@intel.com>
  Jason A. Donenfeld <Jason@zx2c4.com>
  Jiri Kosina <jkosina@suse.com>
  Jisheng Zhang <jszhang@marvell.com>
  Joe Thornber <ejt@redhat.com>
  Johannes Berg <johannes.berg@intel.com>
  John Soni Jose <sony.john@avagotech.com>
  Julien Grall <julien.grall@citrix.com>
  Jurgen Kramer <gtmkramer@xs4all.nl>
  Kalle Valo <kvalo@codeaurora.org>
  Kishon Vijay Abraham I <kishon@ti.com>
  Konrad Rzeszutek Wilk <konrad.wilk@oracle.com>
  Krzysztof Kozlowski <k.kozlowski@samsung.com>
  Larry Finger <Larry.Finger@lwfinger.net>
  Lee Jones <lee.jones@linaro.org>
  Li Zefan <lizefan@huawei.com>
  Linus Torvalds <torvalds@linux-foundation.org>
  Lucas Stach <l.stach@pengutronix.de>
  Luis Felipe Dominguez Vega <lfdominguez@nauta.cu>
  Manfred Spraul <manfred@colorfullife.com>
  Marc Kleine-Budde <mkl@pengutronix.de>
  Marc Zyngier <marc.zyngier@arm.com>
  Mark Brown <broonie@kernel.org>
  Markos Chandras <markos.chandras@imgtec.com>
  Markus Osterhoff <linux-kernel@k-raum.org>
  Martin K. Petersen <martin.petersen@oracle.com>
  Michael Walle <michael@walle.cc>
  Michal Simek <michal.simek@xilinx.com>
  Mike Looijmans <mike.looijmans@topic.nl>
  Mike Snitzer <snitzer@redhat.com>
  Naoya Horiguchi <n-horiguchi@ah.jp.nec.com>
  Nathan Lynch <nathan_lynch@mentor.com>
  Nicholas Bellinger <nab@linux-iscsi.org>
  Oliver Hartkopp <socketcan@hartkopp.net>
  Peter Zijlstra (Intel) <peterz@infradead.org>
  Peter Zijlstra <peterz@infradead.org>
  Ralf Baechle <ralf@linux-mips.org>
  Raphaël Poggi <poggi.raph@gmail.com>
  Richard Weinberger <richard@nod.at>
  Robert Jarzmik <robert.jarzmik@free.fr>
  Roger Pau Monné <roger.pau@citrix.com>
  Russell King <rmk+kernel@arm.linux.org.uk>
  Sebastian Hesselbarth <sebastian.hesselbarth@gmail.com>
  Sesidhar Baddela <sebaddel@cisco.com>
  Shannon Zhao <shannon.zhao@linaro.org>
  Shawn Guo <shawn.guo@linaro.org>
  Shawn Guo <shawnguo@kernel.org>
  Sivakumar Thulasimani <sivakumar.thulasimani@intel.com>
  Spencer Baugh <sbaugh@catern.com>
  Stephen Boyd <sboyd@codeaurora.org>
  Steven Rostedt <rostedt@goodmis.org>
  Takashi Iwai <tiwai@suse.de>
  Tejun Heo <tj@kernel.org>
  Thierry Reding <treding@nvidia.com>
  Thomas Gleixner <tglx@linutronix.de>
  Thomas Hellstrom <thellstrom@vmware.com>
  Thulasimani,Sivakumar <sivakumar.thulasimani@intel.com>
  Tony Lindgren <tony@atomide.com>
  Vasu Dev <vasu.dev@intel.com>
  Vincent Bernat <vincent@bernat.im>
  Vincent Pelletier <plr.vincent@gmail.com>
  Wanpeng Li <wanpeng.li@hotmail.com>
  Wei Xu <xuwei5@hisilicon.com>
  Will Deacon <will.deacon@arm.com>
  Woodrow Shen <woodrow.shen@canonical.com>
  Yinghai Lu <yinghai@kernel.org>

jobs:
 build-amd64-xsm                                              pass
 build-armhf-xsm                                              pass
 build-i386-xsm                                               pass
 build-amd64                                                  pass
 build-armhf                                                  pass
 build-i386                                                   pass
 build-amd64-libvirt                                          pass
 build-armhf-libvirt                                          pass
 build-i386-libvirt                                           pass
 build-amd64-pvops                                            pass
 build-armhf-pvops                                            pass
 build-i386-pvops                                             pass
 build-amd64-rumpuserxen                                      pass
 build-i386-rumpuserxen                                       pass
 test-amd64-amd64-xl                                          pass
 test-armhf-armhf-xl                                          pass
 test-amd64-i386-xl                                           pass
 test-amd64-amd64-xl-qemut-debianhvm-amd64-xsm                pass
 test-amd64-i386-xl-qemut-debianhvm-amd64-xsm                 pass
 test-amd64-amd64-libvirt-qemuu-debianhvm-amd64-xsm           pass
 test-amd64-i386-libvirt-qemuu-debianhvm-amd64-xsm            pass
 test-amd64-amd64-xl-qemuu-debianhvm-amd64-xsm                pass
 test-amd64-i386-xl-qemuu-debianhvm-amd64-xsm                 pass
 test-amd64-amd64-xl-qemut-stubdom-debianhvm-amd64-xsm        fail
 test-amd64-i386-xl-qemut-stubdom-debianhvm-amd64-xsm         fail
 test-amd64-amd64-libvirt-xsm                                 pass
 test-armhf-armhf-libvirt-xsm                                 fail
 test-amd64-i386-libvirt-xsm                                  pass
 test-amd64-amd64-xl-xsm                                      pass
 test-armhf-armhf-xl-xsm                                      pass
 test-amd64-i386-xl-xsm                                       pass
 test-amd64-amd64-xl-pvh-amd                                  fail
 test-amd64-i386-qemut-rhel6hvm-amd                           pass
 test-amd64-i386-qemuu-rhel6hvm-amd                           pass
 test-amd64-amd64-xl-qemut-debianhvm-amd64                    pass
 test-amd64-i386-xl-qemut-debianhvm-amd64                     pass
 test-amd64-amd64-xl-qemuu-debianhvm-amd64                    pass
 test-amd64-i386-xl-qemuu-debianhvm-amd64                     pass
 test-amd64-i386-freebsd10-amd64                              pass
 test-amd64-amd64-xl-qemuu-ovmf-amd64                         pass
 test-amd64-i386-xl-qemuu-ovmf-amd64                          pass
 test-amd64-amd64-rumpuserxen-amd64                           pass
 test-amd64-amd64-xl-qemut-win7-amd64                         fail
 test-amd64-i386-xl-qemut-win7-amd64                          fail
 test-amd64-amd64-xl-qemuu-win7-amd64                         fail
 test-amd64-i386-xl-qemuu-win7-amd64                          fail
 test-armhf-armhf-xl-arndale                                  pass
 test-amd64-amd64-xl-credit2                                  pass
 test-armhf-armhf-xl-credit2                                  fail
 test-armhf-armhf-xl-cubietruck                               pass
 test-amd64-i386-freebsd10-i386                               pass
 test-amd64-i386-rumpuserxen-i386                             pass
 test-amd64-amd64-xl-pvh-intel                                fail
 test-amd64-i386-qemut-rhel6hvm-intel                         pass
 test-amd64-i386-qemuu-rhel6hvm-intel                         pass
 test-amd64-amd64-libvirt                                     pass
 test-armhf-armhf-libvirt                                     fail
 test-amd64-i386-libvirt                                      pass
 test-amd64-amd64-xl-multivcpu                                pass
 test-armhf-armhf-xl-multivcpu                                pass
 test-amd64-amd64-pair                                        pass
 test-amd64-i386-pair                                         pass
 test-amd64-amd64-libvirt-pair                                fail
 test-amd64-i386-libvirt-pair                                 fail
 test-amd64-amd64-amd64-pvgrub                                pass
 test-amd64-amd64-i386-pvgrub                                 pass
 test-amd64-amd64-pygrub                                      pass
 test-amd64-amd64-libvirt-qcow2                               pass
 test-armhf-armhf-libvirt-qcow2                               fail
 test-amd64-i386-libvirt-qcow2                                pass
 test-amd64-amd64-xl-qcow2                                    pass
 test-armhf-armhf-xl-qcow2                                    fail
 test-amd64-i386-xl-qcow2                                     pass
 test-amd64-amd64-libvirt-raw                                 pass
 test-armhf-armhf-libvirt-raw                                 fail
 test-amd64-i386-libvirt-raw                                  pass
 test-amd64-amd64-xl-raw                                      pass
 test-armhf-armhf-xl-raw                                      fail
 test-amd64-i386-xl-raw                                       pass
 test-amd64-amd64-xl-rtds                                     pass
 test-armhf-armhf-xl-rtds                                     fail
 test-amd64-i386-xl-qemut-winxpsp3-vcpus1                     pass
 test-amd64-i386-xl-qemuu-winxpsp3-vcpus1                     pass
 test-amd64-amd64-libvirt-vhd                                 pass
 test-armhf-armhf-libvirt-vhd                                 fail
 test-amd64-i386-libvirt-vhd                                  pass
 test-amd64-amd64-xl-vhd                                      pass
 test-armhf-armhf-xl-vhd                                      fail
 test-amd64-i386-xl-vhd                                       pass
 test-amd64-amd64-xl-qemut-winxpsp3                           pass
 test-amd64-i386-xl-qemut-winxpsp3                            pass
 test-amd64-amd64-xl-qemuu-winxpsp3                           pass
 test-amd64-i386-xl-qemuu-winxpsp3                            pass


------------------------------------------------------------
sg-report-flight on osstest.test-lab.xenproject.org
logs: /home/logs/logs
images: /home/logs/images

Logs, config files, etc. are available at
    http://logs.test-lab.xenproject.org/osstest/logs

Explanation of these reports, and of osstest in general, is at
    http://xenbits.xen.org/gitweb/?p=osstest.git;a=blob;f=README.email;hb=master
    http://xenbits.xen.org/gitweb/?p=osstest.git;a=blob;f=README;hb=master

Test harness code can be found at
    http://xenbits.xen.org/gitweb?p=osstest.git;a=summary


Not pushing.

(No revision log; it would be 2264 lines long.)


[-- Attachment #2: Type: text/plain, Size: 126 bytes --]

_______________________________________________
Xen-devel mailing list
Xen-devel@lists.xen.org
http://lists.xen.org/xen-devel

^ permalink raw reply	[flat|nested] only message in thread

only message in thread, other threads:[~2015-09-15 23:24 UTC | newest]

Thread overview: (only message) (download: mbox.gz follow: Atom feed
-- links below jump to the message on this page --
2015-09-15 23:24 [linux-4.1 test] 61947: regressions - FAIL osstest service owner

This is a public inbox, see mirroring instructions
for how to clone and mirror all data and code used for this inbox;
as well as URLs for NNTP newsgroup(s).