From mboxrd@z Thu Jan 1 00:00:00 1970 From: osstest service owner Subject: [linux-4.1 test] 61947: regressions - FAIL Date: Tue, 15 Sep 2015 23:24:19 +0000 Message-ID: Mime-Version: 1.0 Content-Type: multipart/mixed; boundary="===============2921674572718089082==" Return-path: List-Unsubscribe: , List-Post: List-Help: List-Subscribe: , Sender: xen-devel-bounces@lists.xen.org Errors-To: xen-devel-bounces@lists.xen.org To: xen-devel@lists.xensource.com, osstest-admin@xenproject.org List-Id: xen-devel@lists.xenproject.org --===============2921674572718089082== Content-Length: 16527 Content-Transfer-Encoding: quoted-printable flight 61947 linux-4.1 real [real] http://logs.test-lab.xenproject.org/osstest/logs/61947/ Regressions :-( Tests which did not succeed and are blocking, including tests which could not be run: test-armhf-armhf-xl-credit2 16 guest-start/debian.repeat fail REGR. vs. 60785 Regressions which are regarded as allowable (not blocking): test-amd64-amd64-xl-qemut-stubdom-debianhvm-amd64-xsm 13 guest-localmigrate fail like 60785 test-armhf-armhf-xl-rtds 11 guest-start fail like 60785 test-amd64-i386-xl-qemut-stubdom-debianhvm-amd64-xsm 15 guest-localmigrate.2 fail like 60785 test-amd64-amd64-xl-qemut-win7-amd64 17 guest-stop fail like 60785 test-amd64-amd64-xl-qemuu-win7-amd64 17 guest-stop fail like 60785 Tests which did not succeed, but are not blocking: test-amd64-amd64-xl-pvh-intel 14 guest-saverestore fail never pass test-armhf-armhf-xl-qcow2 9 debian-di-install fail never pass test-armhf-armhf-libvirt-qcow2 9 debian-di-install fail never pass test-armhf-armhf-libvirt-vhd 9 debian-di-install fail never pass test-armhf-armhf-xl-vhd 9 debian-di-install fail never pass test-armhf-armhf-xl-raw 9 debian-di-install fail never pass test-amd64-amd64-xl-pvh-amd 11 guest-start fail never pass test-armhf-armhf-libvirt-raw 9 debian-di-install fail never pass test-armhf-armhf-libvirt-xsm 12 migrate-support-check fail never pass test-armhf-armhf-libvirt-xsm 14 guest-saverestore fail never pass test-armhf-armhf-libvirt 14 guest-saverestore fail never pass test-armhf-armhf-libvirt 12 migrate-support-check fail never pass test-amd64-amd64-libvirt-xsm 12 migrate-support-check fail never pass test-amd64-amd64-libvirt-pair 21 guest-migrate/src_host/dst_host fail never pass test-amd64-amd64-libvirt 12 migrate-support-check fail never pass test-amd64-i386-libvirt-xsm 12 migrate-support-check fail never pass test-amd64-i386-libvirt 12 migrate-support-check fail never pass test-armhf-armhf-xl-xsm 13 saverestore-support-check fail never pass test-armhf-armhf-xl-xsm 12 migrate-support-check fail never pass test-amd64-i386-libvirt-pair 21 guest-migrate/src_host/dst_host fail never pass test-armhf-armhf-xl 12 migrate-support-check fail never pass test-armhf-armhf-xl 13 saverestore-support-check fail never pass test-armhf-armhf-xl-arndale 12 migrate-support-check fail never pass test-armhf-armhf-xl-arndale 13 saverestore-support-check fail never pass test-armhf-armhf-xl-multivcpu 13 saverestore-support-check fail never pass test-armhf-armhf-xl-multivcpu 12 migrate-support-check fail never pass test-amd64-i386-libvirt-qemuu-debianhvm-amd64-xsm 10 migrate-support-check fail never pass test-amd64-i386-libvirt-qcow2 11 migrate-support-check fail never pass test-amd64-amd64-libvirt-qemuu-debianhvm-amd64-xsm 10 migrate-support-check fail never pass test-amd64-amd64-libvirt-qcow2 11 migrate-support-check fail never pass test-amd64-amd64-libvirt-vhd 11 migrate-support-check fail never pass test-amd64-amd64-libvirt-raw 11 migrate-support-check fail never pass test-amd64-i386-libvirt-vhd 11 migrate-support-check fail never pass test-armhf-armhf-xl-credit2 13 saverestore-support-check fail never pass test-armhf-armhf-xl-credit2 12 migrate-support-check fail never pass test-amd64-i386-libvirt-raw 11 migrate-support-check fail never pass test-armhf-armhf-xl-cubietruck 12 migrate-support-check fail never pass test-armhf-armhf-xl-cubietruck 13 saverestore-support-check fail never pass test-amd64-i386-xl-qemuu-win7-amd64 17 guest-stop fail never pass test-amd64-i386-xl-qemut-win7-amd64 17 guest-stop fail never pass version targeted for testing: linux 0c5c1f1a4f991ee015da85cce6d2d9f9c9380b4f baseline version: linux 4ff62ca06c0c0b084f585f7a2cfcf832b21d94fc Last test of basis 60785 2015-08-19 15:45:37 Z 27 days Testing same since 61947 2015-09-13 16:40:56 Z 2 days 1 attempts ------------------------------------------------------------ People who touched revisions under test: Adrien Schildknecht Al Viro Alan Stern Alban Crequy Alban Crequy Alex Deucher Alexei Potashnik Andrew Morton Andy Lutomirski Anil Chintalapati Bart Van Assche Baruch Siach Ben Hutchings Bjorn Helgaas Bob Liu Boris Brezillon Borislav Petkov Brian King Charles Keepax Chris Wilson Dan Carpenter Dave Airlie David Henningsson David Vrabel Dinh Nguyen Dmitry Torokhov Emmanuel Grumbach Florian Fainelli Geert Uytterhoeven Greg Kroah-Hartman Grygorii Strashko Guenter Roeck Guillermo A. Amaral Heiko Stuebner Helge Deller Herbert Xu Herton R. Krzesinski Hiral Shah Horia Geant=3F Iago L=C3=B3pez Galeiras Ilan Cohen Ingo Molnar James Bottomley Jan Stancek Jani Nikula Jason A. Donenfeld Jiri Kosina Jisheng Zhang Joe Thornber Johannes Berg John Soni Jose Julien Grall Jurgen Kramer Kalle Valo Kishon Vijay Abraham I Konrad Rzeszutek Wilk Krzysztof Kozlowski Larry Finger Lee Jones Li Zefan Linus Torvalds Lucas Stach Luis Felipe Dominguez Vega Manfred Spraul Marc Kleine-Budde Marc Zyngier Mark Brown Markos Chandras Markus Osterhoff Martin K. Petersen Michael Walle Michal Simek Mike Looijmans Mike Snitzer Naoya Horiguchi Nathan Lynch Nicholas Bellinger Oliver Hartkopp Peter Zijlstra (Intel) Peter Zijlstra Ralf Baechle Rapha=C3=ABl Poggi Richard Weinberger Robert Jarzmik Roger Pau Monn=C3=A9 Russell King Sebastian Hesselbarth Sesidhar Baddela Shannon Zhao Shawn Guo Shawn Guo Sivakumar Thulasimani Spencer Baugh Stephen Boyd Steven Rostedt Takashi Iwai Tejun Heo Thierry Reding Thomas Gleixner Thomas Hellstrom Thulasimani,Sivakumar Tony Lindgren Vasu Dev Vincent Bernat Vincent Pelletier Wanpeng Li Wei Xu Will Deacon Woodrow Shen Yinghai Lu jobs: build-amd64-xsm pass build-armhf-xsm pass build-i386-xsm pass build-amd64 pass build-armhf pass build-i386 pass build-amd64-libvirt pass build-armhf-libvirt pass build-i386-libvirt pass build-amd64-pvops pass build-armhf-pvops pass build-i386-pvops pass build-amd64-rumpuserxen pass build-i386-rumpuserxen pass test-amd64-amd64-xl pass test-armhf-armhf-xl pass test-amd64-i386-xl pass test-amd64-amd64-xl-qemut-debianhvm-amd64-xsm pass test-amd64-i386-xl-qemut-debianhvm-amd64-xsm pass test-amd64-amd64-libvirt-qemuu-debianhvm-amd64-xsm pass test-amd64-i386-libvirt-qemuu-debianhvm-amd64-xsm pass test-amd64-amd64-xl-qemuu-debianhvm-amd64-xsm pass test-amd64-i386-xl-qemuu-debianhvm-amd64-xsm pass test-amd64-amd64-xl-qemut-stubdom-debianhvm-amd64-xsm fail test-amd64-i386-xl-qemut-stubdom-debianhvm-amd64-xsm fail test-amd64-amd64-libvirt-xsm pass test-armhf-armhf-libvirt-xsm fail test-amd64-i386-libvirt-xsm pass test-amd64-amd64-xl-xsm pass test-armhf-armhf-xl-xsm pass test-amd64-i386-xl-xsm pass test-amd64-amd64-xl-pvh-amd fail test-amd64-i386-qemut-rhel6hvm-amd pass test-amd64-i386-qemuu-rhel6hvm-amd pass test-amd64-amd64-xl-qemut-debianhvm-amd64 pass test-amd64-i386-xl-qemut-debianhvm-amd64 pass test-amd64-amd64-xl-qemuu-debianhvm-amd64 pass test-amd64-i386-xl-qemuu-debianhvm-amd64 pass test-amd64-i386-freebsd10-amd64 pass test-amd64-amd64-xl-qemuu-ovmf-amd64 pass test-amd64-i386-xl-qemuu-ovmf-amd64 pass test-amd64-amd64-rumpuserxen-amd64 pass test-amd64-amd64-xl-qemut-win7-amd64 fail test-amd64-i386-xl-qemut-win7-amd64 fail test-amd64-amd64-xl-qemuu-win7-amd64 fail test-amd64-i386-xl-qemuu-win7-amd64 fail test-armhf-armhf-xl-arndale pass test-amd64-amd64-xl-credit2 pass test-armhf-armhf-xl-credit2 fail test-armhf-armhf-xl-cubietruck pass test-amd64-i386-freebsd10-i386 pass test-amd64-i386-rumpuserxen-i386 pass test-amd64-amd64-xl-pvh-intel fail test-amd64-i386-qemut-rhel6hvm-intel pass test-amd64-i386-qemuu-rhel6hvm-intel pass test-amd64-amd64-libvirt pass test-armhf-armhf-libvirt fail test-amd64-i386-libvirt pass test-amd64-amd64-xl-multivcpu pass test-armhf-armhf-xl-multivcpu pass test-amd64-amd64-pair pass test-amd64-i386-pair pass test-amd64-amd64-libvirt-pair fail test-amd64-i386-libvirt-pair fail test-amd64-amd64-amd64-pvgrub pass test-amd64-amd64-i386-pvgrub pass test-amd64-amd64-pygrub pass test-amd64-amd64-libvirt-qcow2 pass test-armhf-armhf-libvirt-qcow2 fail test-amd64-i386-libvirt-qcow2 pass test-amd64-amd64-xl-qcow2 pass test-armhf-armhf-xl-qcow2 fail test-amd64-i386-xl-qcow2 pass test-amd64-amd64-libvirt-raw pass test-armhf-armhf-libvirt-raw fail test-amd64-i386-libvirt-raw pass test-amd64-amd64-xl-raw pass test-armhf-armhf-xl-raw fail test-amd64-i386-xl-raw pass test-amd64-amd64-xl-rtds pass test-armhf-armhf-xl-rtds fail test-amd64-i386-xl-qemut-winxpsp3-vcpus1 pass test-amd64-i386-xl-qemuu-winxpsp3-vcpus1 pass test-amd64-amd64-libvirt-vhd pass test-armhf-armhf-libvirt-vhd fail test-amd64-i386-libvirt-vhd pass test-amd64-amd64-xl-vhd pass test-armhf-armhf-xl-vhd fail test-amd64-i386-xl-vhd pass test-amd64-amd64-xl-qemut-winxpsp3 pass test-amd64-i386-xl-qemut-winxpsp3 pass test-amd64-amd64-xl-qemuu-winxpsp3 pass test-amd64-i386-xl-qemuu-winxpsp3 pass ------------------------------------------------------------ sg-report-flight on osstest.test-lab.xenproject.org logs: /home/logs/logs images: /home/logs/images Logs, config files, etc. are available at http://logs.test-lab.xenproject.org/osstest/logs Explanation of these reports, and of osstest in general, is at http://xenbits.xen.org/gitweb/=3Fp=3Dosstest.git;a=3Dblob;f=3DREADME.email;hb=3Dmaster http://xenbits.xen.org/gitweb/=3Fp=3Dosstest.git;a=3Dblob;f=3DREADME;hb=3Dmaster Test harness code can be found at http://xenbits.xen.org/gitweb=3Fp=3Dosstest.git;a=3Dsummary Not pushing. (No revision log; it would be 2264 lines long.) --===============2921674572718089082== Content-Type: text/plain; charset="us-ascii" MIME-Version: 1.0 Content-Transfer-Encoding: 7bit Content-Disposition: inline _______________________________________________ Xen-devel mailing list Xen-devel@lists.xen.org http://lists.xen.org/xen-devel --===============2921674572718089082==--