* [linux-3.10 test] 61983: regressions - FAIL
@ 2015-09-16 9:33 osstest service owner
0 siblings, 0 replies; only message in thread
From: osstest service owner @ 2015-09-16 9:33 UTC (permalink / raw)
To: xen-devel, osstest-admin
[-- Warning: decoded text below may be mangled, UTF-8 assumed --]
[-- Attachment #1: Type: text/plain, Size: 16169 bytes --]
flight 61983 linux-3.10 real [real]
http://logs.test-lab.xenproject.org/osstest/logs/61983/
Regressions :-(
Tests which did not succeed and are blocking,
including tests which could not be run:
test-amd64-amd64-xl-qcow2 9 debian-di-install fail REGR. vs. 60670
test-amd64-i386-xl-vhd 10 guest-start fail REGR. vs. 60670
test-amd64-amd64-xl-vhd 9 debian-di-install fail REGR. vs. 60670
test-amd64-amd64-xl-qemut-debianhvm-amd64 9 debian-hvm-install fail REGR. vs. 60670
test-amd64-i386-freebsd10-amd64 13 guest-saverestore fail REGR. vs. 60670
test-amd64-i386-freebsd10-i386 13 guest-saverestore fail REGR. vs. 60670
test-amd64-i386-xl-qemuu-ovmf-amd64 12 guest-saverestore fail REGR. vs. 60670
test-amd64-amd64-xl-qemut-stubdom-debianhvm-amd64-xsm 9 debian-hvm-install fail REGR. vs. 60670
test-amd64-amd64-xl-qemut-debianhvm-amd64-xsm 9 debian-hvm-install fail REGR. vs. 60670
test-amd64-amd64-xl-qemuu-debianhvm-amd64 9 debian-hvm-install fail REGR. vs. 60670
test-amd64-i386-qemut-rhel6hvm-amd 9 redhat-install fail REGR. vs. 60670
test-amd64-i386-qemuu-rhel6hvm-intel 10 guest-stop fail REGR. vs. 60670
test-amd64-amd64-xl-qemuu-debianhvm-amd64-xsm 9 debian-hvm-install fail REGR. vs. 60670
test-amd64-i386-qemuu-rhel6hvm-amd 11 guest-start.2 fail REGR. vs. 60670
test-amd64-i386-xl-qemuu-debianhvm-amd64-xsm 12 guest-saverestore fail REGR. vs. 60670
test-amd64-i386-qemut-rhel6hvm-intel 10 guest-stop fail REGR. vs. 60670
test-amd64-i386-xl-qemut-debianhvm-amd64 9 debian-hvm-install fail REGR. vs. 60670
test-amd64-i386-xl-qemuu-debianhvm-amd64 14 guest-saverestore.2 fail REGR. vs. 60670
test-amd64-i386-xl-qemut-debianhvm-amd64-xsm 9 debian-hvm-install fail REGR. vs. 60670
test-amd64-i386-xl-qcow2 9 debian-di-install fail REGR. vs. 60670
test-amd64-i386-xl-qemut-stubdom-debianhvm-amd64-xsm 9 debian-hvm-install fail REGR. vs. 60670
test-amd64-amd64-xl-qemuu-ovmf-amd64 9 debian-hvm-install fail REGR. vs. 60670
test-amd64-amd64-xl-qemut-winxpsp3 9 windows-install fail REGR. vs. 60670
test-amd64-i386-xl-qemuu-winxpsp3 9 windows-install fail REGR. vs. 60670
test-amd64-amd64-xl-qemuu-winxpsp3 9 windows-install fail REGR. vs. 60670
test-amd64-i386-xl-qemut-winxpsp3 9 windows-install fail REGR. vs. 60670
test-amd64-i386-xl-qemuu-winxpsp3-vcpus1 9 windows-install fail REGR. vs. 60670
test-amd64-amd64-xl-qemuu-win7-amd64 9 windows-install fail REGR. vs. 60670
test-amd64-i386-xl-qemuu-win7-amd64 9 windows-install fail REGR. vs. 60670
test-amd64-i386-xl-qemut-winxpsp3-vcpus1 9 windows-install fail REGR. vs. 60670
test-amd64-amd64-xl-qemut-win7-amd64 9 windows-install fail REGR. vs. 60670
test-amd64-i386-xl-qemut-win7-amd64 9 windows-install fail REGR. vs. 60670
Regressions which are regarded as allowable (not blocking):
test-amd64-amd64-libvirt-qcow2 9 debian-di-install fail REGR. vs. 60670
test-amd64-amd64-libvirt-raw 9 debian-di-install fail REGR. vs. 60670
test-amd64-amd64-libvirt-vhd 9 debian-di-install fail REGR. vs. 60670
test-amd64-amd64-libvirt-xsm 14 guest-saverestore fail REGR. vs. 60670
test-amd64-i386-libvirt 15 guest-saverestore.2 fail REGR. vs. 60670
test-amd64-amd64-libvirt 15 guest-saverestore.2 fail REGR. vs. 60670
test-amd64-i386-libvirt-qcow2 10 guest-start fail REGR. vs. 60670
test-amd64-i386-libvirt-xsm 15 guest-saverestore.2 fail REGR. vs. 60670
test-amd64-i386-libvirt-qemuu-debianhvm-amd64-xsm 13 guest-saverestore.2 fail REGR. vs. 60670
test-amd64-amd64-libvirt-qemuu-debianhvm-amd64-xsm 9 debian-hvm-install fail REGR. vs. 60670
test-amd64-i386-libvirt-vhd 10 guest-start fail REGR. vs. 60670
test-amd64-i386-libvirt-raw 9 debian-di-install fail REGR. vs. 60670
Tests which did not succeed, but are not blocking:
test-amd64-amd64-xl-pvh-intel 11 guest-start fail never pass
test-amd64-amd64-xl-pvh-amd 11 guest-start fail never pass
test-armhf-armhf-libvirt-qcow2 6 xen-boot fail never pass
test-armhf-armhf-libvirt-vhd 6 xen-boot fail never pass
test-armhf-armhf-libvirt-xsm 6 xen-boot fail never pass
test-armhf-armhf-xl-rtds 6 xen-boot fail never pass
test-armhf-armhf-xl-raw 6 xen-boot fail never pass
test-armhf-armhf-xl-xsm 6 xen-boot fail never pass
test-amd64-amd64-libvirt-pair 21 guest-migrate/src_host/dst_host fail never pass
test-armhf-armhf-xl-cubietruck 6 xen-boot fail never pass
test-armhf-armhf-xl-credit2 6 xen-boot fail never pass
test-armhf-armhf-xl-multivcpu 6 xen-boot fail never pass
test-armhf-armhf-xl-vhd 6 xen-boot fail never pass
test-armhf-armhf-xl-qcow2 6 xen-boot fail never pass
test-amd64-i386-libvirt-pair 21 guest-migrate/src_host/dst_host fail never pass
test-amd64-amd64-libvirt-xsm 12 migrate-support-check fail never pass
test-amd64-i386-libvirt 12 migrate-support-check fail never pass
test-amd64-amd64-libvirt 12 migrate-support-check fail never pass
test-amd64-i386-libvirt-xsm 12 migrate-support-check fail never pass
test-amd64-i386-libvirt-qemuu-debianhvm-amd64-xsm 10 migrate-support-check fail never pass
test-armhf-armhf-libvirt-raw 6 xen-boot fail never pass
test-armhf-armhf-libvirt 6 xen-boot fail never pass
test-armhf-armhf-xl-arndale 6 xen-boot fail never pass
test-armhf-armhf-xl 6 xen-boot fail never pass
version targeted for testing:
linux 2ec142700ec00142cdcd8c6529ad77cb9ec7a026
baseline version:
linux 78fb9f4236d9077fb343fb5a4e55fe27075e9a1d
Last test of basis 60670 2015-08-12 10:38:43 Z 34 days
Failing since 60748 2015-08-17 05:56:28 Z 30 days 13 attempts
Testing same since 61983 2015-09-14 05:53:52 Z 2 days 1 attempts
------------------------------------------------------------
People who touched revisions under test:
Aaro Koskinen <aaro.koskinen@iki.fi>
Al Viro <viro@zeniv.linux.org.uk>
Alex Deucher <alexander.deucher@amd.com>
Amanieu d'Antras <amanieu@gmail.com>
Andrew Morton <akpm@linux-foundation.org>
Andy Lutomirski <luto@kernel.org>
Arkadiusz Miśkiewicz <arekm@maven.pl>
Arnd Bergmann <arnd@arndb.de>
Bart Van Assche <bart.vanassche@sandisk.com>
Benjamin Randazzo <benjamin@randazzo.fr>
Borislav Petkov <bp@suse.de>
Brian King <brking@linux.vnet.ibm.com>
Corey Minyard <cminyard@mvista.com>
Dan Carpenter <dan.carpenter@oracle.com>
Dan McGee <dpmcgee@gmail.com>
David Daney <david.daney@cavium.com>
David S. Miller <davem@davemloft.net>
David Vrabel <david.vrabel@citrix.com>
Davidlohr Bueso <dbueso@suse.de>
Dirk Behme <dirk.behme@de.bosch.com>
Doug Ledford <dledford@redhat.com>
Fabio Estevam <fabio.estevam@freescale.com>
Fabio Estevam <festevam@gmail.com>
Felix Fietkau <nbd@openwrt.org>
Greg Kroah-Hartman <gregkh@linuxfoundation.org>
Guenter Roeck <linux@roeck-us.net>
Herbert Xu <herbert@gondor.apana.org.au>
Herton R. Krzesinski <herton@redhat.com>
Horia Geant? <horia.geanta@freescale.com>
Hugh Dickins <hughd@google.com>
Ilya Dryomov <idryomov@gmail.com>
Ingo Molnar <mingo@kernel.org>
Jacob Shin <jacob.shin@amd.com>
James Bottomley <JBottomley@Odin.com>
Jan Kara <jack@suse.com>
Joe Thornber <ejt@redhat.com>
Johan Hovold <johan@kernel.org>
Joseph Qi <joseph.qi@huawei.com>
Lee Jones <lee.jones@linaro.org>
Linus Torvalds <torvalds@linux-foundation.org>
Manfred Spraul <manfred@colorfullife.com>
Marcus Gelderie <redmnic@gmail.com>
Marek Marczykowski-Górecki <marmarek@invisiblethingslab.com>
Mathias Nyman <mathias.nyman@linux.intel.com>
Michael Kerrisk <mtk.manpages@gmail.com>
Michael Walle <michael@walle.cc>
Michal Hocko <mhocko@suse.cz>
Mike Snitzer <snitzer@redhat.com>
Naoya Horiguchi <n-horiguchi@ah.jp.nec.com>
NeilBrown <neilb@suse.com>
Nicholas Bellinger <nab@daterainc.com>
Nicholas Bellinger <nab@linux-iscsi.org>
Paolo Bonzini <pbonzini@redhat.com>
Peter Zijlstra (Intel) <peterz@infradead.org>
Peter Zijlstra <peterz@infradead.org>
Ralf Baechle <ralf@linux-mips.org>
Richard Weinberger <richard@nod.at>
Robert Richter <rric@kernel.org>
Russell King <rmk+kernel@arm.linux.org.uk>
Steven Rostedt <rostedt@goodmis.org>
Takashi Iwai <tiwai@suse.de>
Vasu Dev <vasu.dev@intel.com>
Wang Kai <morgan.wang@huawei.com>
Wanpeng Li <wanpeng.li@hotmail.com>
Wen Xiong <wenxiong@linux.vnet.ibm.com>
Will Deacon <will.deacon@arm.com>
Xie XiuQi <xiexiuqi@huawei.com>
Yann Droneaud <ydroneaud@opteya.com>
jobs:
build-amd64-xsm pass
build-armhf-xsm pass
build-i386-xsm pass
build-amd64 pass
build-armhf pass
build-i386 pass
build-amd64-libvirt pass
build-armhf-libvirt pass
build-i386-libvirt pass
build-amd64-pvops pass
build-armhf-pvops pass
build-i386-pvops pass
build-amd64-rumpuserxen pass
build-i386-rumpuserxen pass
test-amd64-amd64-xl pass
test-armhf-armhf-xl fail
test-amd64-i386-xl pass
test-amd64-amd64-xl-qemut-debianhvm-amd64-xsm fail
test-amd64-i386-xl-qemut-debianhvm-amd64-xsm fail
test-amd64-amd64-libvirt-qemuu-debianhvm-amd64-xsm fail
test-amd64-i386-libvirt-qemuu-debianhvm-amd64-xsm fail
test-amd64-amd64-xl-qemuu-debianhvm-amd64-xsm fail
test-amd64-i386-xl-qemuu-debianhvm-amd64-xsm fail
test-amd64-amd64-xl-qemut-stubdom-debianhvm-amd64-xsm fail
test-amd64-i386-xl-qemut-stubdom-debianhvm-amd64-xsm fail
test-amd64-amd64-libvirt-xsm fail
test-armhf-armhf-libvirt-xsm fail
test-amd64-i386-libvirt-xsm fail
test-amd64-amd64-xl-xsm pass
test-armhf-armhf-xl-xsm fail
test-amd64-i386-xl-xsm pass
test-amd64-amd64-xl-pvh-amd fail
test-amd64-i386-qemut-rhel6hvm-amd fail
test-amd64-i386-qemuu-rhel6hvm-amd fail
test-amd64-amd64-xl-qemut-debianhvm-amd64 fail
test-amd64-i386-xl-qemut-debianhvm-amd64 fail
test-amd64-amd64-xl-qemuu-debianhvm-amd64 fail
test-amd64-i386-xl-qemuu-debianhvm-amd64 fail
test-amd64-i386-freebsd10-amd64 fail
test-amd64-amd64-xl-qemuu-ovmf-amd64 fail
test-amd64-i386-xl-qemuu-ovmf-amd64 fail
test-amd64-amd64-rumpuserxen-amd64 pass
test-amd64-amd64-xl-qemut-win7-amd64 fail
test-amd64-i386-xl-qemut-win7-amd64 fail
test-amd64-amd64-xl-qemuu-win7-amd64 fail
test-amd64-i386-xl-qemuu-win7-amd64 fail
test-armhf-armhf-xl-arndale fail
test-amd64-amd64-xl-credit2 pass
test-armhf-armhf-xl-credit2 fail
test-armhf-armhf-xl-cubietruck fail
test-amd64-i386-freebsd10-i386 fail
test-amd64-i386-rumpuserxen-i386 pass
test-amd64-amd64-xl-pvh-intel fail
test-amd64-i386-qemut-rhel6hvm-intel fail
test-amd64-i386-qemuu-rhel6hvm-intel fail
test-amd64-amd64-libvirt fail
test-armhf-armhf-libvirt fail
test-amd64-i386-libvirt fail
test-amd64-amd64-xl-multivcpu pass
test-armhf-armhf-xl-multivcpu fail
test-amd64-amd64-pair pass
test-amd64-i386-pair pass
test-amd64-amd64-libvirt-pair fail
test-amd64-i386-libvirt-pair fail
test-amd64-amd64-amd64-pvgrub pass
test-amd64-amd64-i386-pvgrub pass
test-amd64-amd64-pygrub pass
test-amd64-amd64-libvirt-qcow2 fail
test-armhf-armhf-libvirt-qcow2 fail
test-amd64-i386-libvirt-qcow2 fail
test-amd64-amd64-xl-qcow2 fail
test-armhf-armhf-xl-qcow2 fail
test-amd64-i386-xl-qcow2 fail
test-amd64-amd64-libvirt-raw fail
test-armhf-armhf-libvirt-raw fail
test-amd64-i386-libvirt-raw fail
test-amd64-amd64-xl-raw pass
test-armhf-armhf-xl-raw fail
test-amd64-i386-xl-raw pass
test-amd64-amd64-xl-rtds pass
test-armhf-armhf-xl-rtds fail
test-amd64-i386-xl-qemut-winxpsp3-vcpus1 fail
test-amd64-i386-xl-qemuu-winxpsp3-vcpus1 fail
test-amd64-amd64-libvirt-vhd fail
test-armhf-armhf-libvirt-vhd fail
test-amd64-i386-libvirt-vhd fail
test-amd64-amd64-xl-vhd fail
test-armhf-armhf-xl-vhd fail
test-amd64-i386-xl-vhd fail
test-amd64-amd64-xl-qemut-winxpsp3 fail
test-amd64-i386-xl-qemut-winxpsp3 fail
test-amd64-amd64-xl-qemuu-winxpsp3 fail
test-amd64-i386-xl-qemuu-winxpsp3 fail
------------------------------------------------------------
sg-report-flight on osstest.test-lab.xenproject.org
logs: /home/logs/logs
images: /home/logs/images
Logs, config files, etc. are available at
http://logs.test-lab.xenproject.org/osstest/logs
Explanation of these reports, and of osstest in general, is at
http://xenbits.xen.org/gitweb/?p=osstest.git;a=blob;f=README.email;hb=master
http://xenbits.xen.org/gitweb/?p=osstest.git;a=blob;f=README;hb=master
Test harness code can be found at
http://xenbits.xen.org/gitweb?p=osstest.git;a=summary
Not pushing.
(No revision log; it would be 1860 lines long.)
[-- Attachment #2: Type: text/plain, Size: 126 bytes --]
_______________________________________________
Xen-devel mailing list
Xen-devel@lists.xen.org
http://lists.xen.org/xen-devel
^ permalink raw reply [flat|nested] only message in thread
only message in thread, other threads:[~2015-09-16 9:33 UTC | newest]
Thread overview: (only message) (download: mbox.gz follow: Atom feed
-- links below jump to the message on this page --
2015-09-16 9:33 [linux-3.10 test] 61983: regressions - FAIL osstest service owner
This is a public inbox, see mirroring instructions
for how to clone and mirror all data and code used for this inbox;
as well as URLs for NNTP newsgroup(s).