From mboxrd@z Thu Jan 1 00:00:00 1970 From: osstest service owner Subject: [ovmf test] 61996: regressions - FAIL Date: Wed, 16 Sep 2015 18:12:22 +0000 Message-ID: Mime-Version: 1.0 Content-Type: text/plain; charset="us-ascii" Content-Transfer-Encoding: 7bit Return-path: List-Unsubscribe: , List-Post: List-Help: List-Subscribe: , Sender: xen-devel-bounces@lists.xen.org Errors-To: xen-devel-bounces@lists.xen.org To: xen-devel@lists.xensource.com, osstest-admin@xenproject.org List-Id: xen-devel@lists.xenproject.org flight 61996 ovmf real [real] http://logs.test-lab.xenproject.org/osstest/logs/61996/ Regressions :-( Tests which did not succeed and are blocking, including tests which could not be run: test-amd64-amd64-xl-qemuu-ovmf-amd64 9 debian-hvm-install fail REGR. vs. 60869 test-amd64-i386-xl-qemuu-ovmf-amd64 9 debian-hvm-install fail REGR. vs. 60869 version targeted for testing: ovmf 2e7b7ce31300bf8bda89ed14c07a5f68e5cc1e9c baseline version: ovmf ba1806251ff8ff695175b92ab5732eadbcd2f72e Last test of basis 60869 2015-08-25 03:03:43 Z 22 days Failing since 60904 2015-08-27 01:40:43 Z 20 days 12 attempts Testing same since 61996 2015-09-14 11:51:28 Z 2 days 1 attempts ------------------------------------------------------------ People who touched revisions under test: "Yao, Jiewen" Ard Biesheuvel Cecil Sheng Cecil Sheng Dandan Bi eric Dong Feng Tian Fu Siyuan Gary Ching-Pang Lin Hao Wu Heyi Guo Jeff Fan Jiaxin Wu Jonathan Panozzo Laszlo Ersek Leif Lindholm Liming Gao Masamitsu MURASE Qin Long Qiu Shumin Ruiyu Ni Samer El-Haj-Mahmoud Shifei Lu Star Zeng Sunny Wang Yao, Jiewen Yingke Liu Zhang Lubo jobs: build-amd64-xsm pass build-i386-xsm pass build-amd64 pass build-i386 pass build-amd64-libvirt pass build-i386-libvirt pass build-amd64-pvops pass build-i386-pvops pass test-amd64-amd64-xl-qemuu-ovmf-amd64 fail test-amd64-i386-xl-qemuu-ovmf-amd64 fail ------------------------------------------------------------ sg-report-flight on osstest.test-lab.xenproject.org logs: /home/logs/logs images: /home/logs/images Logs, config files, etc. are available at http://logs.test-lab.xenproject.org/osstest/logs Explanation of these reports, and of osstest in general, is at http://xenbits.xen.org/gitweb/?p=osstest.git;a=blob;f=README.email;hb=master http://xenbits.xen.org/gitweb/?p=osstest.git;a=blob;f=README;hb=master Test harness code can be found at http://xenbits.xen.org/gitweb?p=osstest.git;a=summary Not pushing. (No revision log; it would be 2248 lines long.)