From mboxrd@z Thu Jan 1 00:00:00 1970 From: osstest service owner Subject: [xen-unstable test] 62004: regressions - FAIL Date: Thu, 17 Sep 2015 01:22:28 +0000 Message-ID: Mime-Version: 1.0 Content-Type: text/plain; charset="us-ascii" Content-Transfer-Encoding: 7bit Return-path: List-Unsubscribe: , List-Post: List-Help: List-Subscribe: , Sender: xen-devel-bounces@lists.xen.org Errors-To: xen-devel-bounces@lists.xen.org To: xen-devel@lists.xensource.com, osstest-admin@xenproject.org List-Id: xen-devel@lists.xenproject.org flight 62004 xen-unstable real [real] http://logs.test-lab.xenproject.org/osstest/logs/62004/ Regressions :-( Tests which did not succeed and are blocking, including tests which could not be run: test-amd64-amd64-xl-qemut-stubdom-debianhvm-amd64-xsm 13 guest-localmigrate fail REGR. vs. 61627 test-amd64-i386-xl-qemuu-debianhvm-amd64-xsm 19 guest-start/debianhvm.repeat fail REGR. vs. 61627 test-amd64-i386-xl-qemuu-debianhvm-amd64 19 guest-start/debianhvm.repeat fail REGR. vs. 61627 Regressions which are regarded as allowable (not blocking): test-amd64-i386-rumpuserxen-i386 15 rumpuserxen-demo-xenstorels/xenstorels.repeat fail REGR. vs. 61627 test-amd64-amd64-libvirt-qemuu-debianhvm-amd64-xsm 16 guest-start/debianhvm.repeat fail REGR. vs. 61627 test-amd64-i386-xl-qemut-stubdom-debianhvm-amd64-xsm 9 debian-hvm-install fail like 61627 test-armhf-armhf-xl-rtds 11 guest-start fail like 61627 test-amd64-i386-xl-qemuu-win7-amd64 17 guest-stop fail like 61627 test-amd64-amd64-xl-qemut-win7-amd64 17 guest-stop fail like 61627 Tests which did not succeed, but are not blocking: test-amd64-amd64-xl-pvh-amd 11 guest-start fail never pass test-amd64-amd64-xl-pvh-intel 11 guest-start fail never pass test-armhf-armhf-libvirt-qcow2 9 debian-di-install fail never pass test-armhf-armhf-xl-vhd 9 debian-di-install fail never pass test-armhf-armhf-xl-raw 9 debian-di-install fail never pass test-armhf-armhf-xl-qcow2 9 debian-di-install fail never pass test-armhf-armhf-libvirt 14 guest-saverestore fail never pass test-armhf-armhf-libvirt 12 migrate-support-check fail never pass test-armhf-armhf-libvirt-xsm 12 migrate-support-check fail never pass test-armhf-armhf-libvirt-xsm 14 guest-saverestore fail never pass test-amd64-i386-libvirt 12 migrate-support-check fail never pass test-amd64-amd64-libvirt 12 migrate-support-check fail never pass test-amd64-i386-libvirt-raw 11 migrate-support-check fail never pass test-armhf-armhf-xl 12 migrate-support-check fail never pass test-armhf-armhf-xl 13 saverestore-support-check fail never pass test-amd64-amd64-libvirt-vhd 11 migrate-support-check fail never pass test-amd64-amd64-libvirt-qemuu-debianhvm-amd64-xsm 10 migrate-support-check fail never pass test-armhf-armhf-xl-xsm 13 saverestore-support-check fail never pass test-armhf-armhf-xl-xsm 12 migrate-support-check fail never pass test-amd64-i386-libvirt-xsm 12 migrate-support-check fail never pass test-armhf-armhf-xl-arndale 12 migrate-support-check fail never pass test-armhf-armhf-xl-arndale 13 saverestore-support-check fail never pass test-amd64-amd64-libvirt-xsm 12 migrate-support-check fail never pass test-armhf-armhf-xl-multivcpu 13 saverestore-support-check fail never pass test-armhf-armhf-xl-multivcpu 12 migrate-support-check fail never pass test-armhf-armhf-xl-cubietruck 12 migrate-support-check fail never pass test-armhf-armhf-xl-cubietruck 13 saverestore-support-check fail never pass test-amd64-i386-libvirt-qemuu-debianhvm-amd64-xsm 10 migrate-support-check fail never pass test-amd64-i386-libvirt-vhd 11 migrate-support-check fail never pass test-amd64-i386-xl-qemut-win7-amd64 17 guest-stop fail never pass test-amd64-amd64-xl-qemuu-win7-amd64 17 guest-stop fail never pass test-armhf-armhf-libvirt-vhd 9 debian-di-install fail never pass test-amd64-i386-libvirt-qcow2 11 migrate-support-check fail never pass test-amd64-amd64-libvirt-raw 11 migrate-support-check fail never pass test-amd64-amd64-libvirt-qcow2 11 migrate-support-check fail never pass test-armhf-armhf-libvirt-raw 9 debian-di-install fail never pass test-armhf-armhf-xl-credit2 13 saverestore-support-check fail never pass test-armhf-armhf-xl-credit2 12 migrate-support-check fail never pass version targeted for testing: xen 486252f8a86bca36c7c737a25d95327def7a1af3 baseline version: xen a7b39c8bd6cba3fe1c8012987b9e28bdbac7e92d Last test of basis 61627 2015-09-08 14:33:27 Z 8 days Failing since 61739 2015-09-10 06:45:52 Z 6 days 3 attempts Testing same since 62004 2015-09-14 15:44:43 Z 2 days 1 attempts ------------------------------------------------------------ People who touched revisions under test: Boris Ostrovsky Chris Brand Daniel De Graaf David Vrabel George Dunlap Hanjun Guo Ian Campbell Ian Jackson Jan Beulich Jonathan Creekmore Kevin Tian Kouya Shimura Len Brown Rafael J. Wysocki Razvan Cojocaru Shannon Zhao Stefano Stabellini Tamas K Lengyel Tiejun Chen Tomasz Nowicki Vitaly Kuznetsov Wei Liu jobs: build-amd64-xsm pass build-armhf-xsm pass build-i386-xsm pass build-amd64 pass build-armhf pass build-i386 pass build-amd64-libvirt pass build-armhf-libvirt pass build-i386-libvirt pass build-amd64-oldkern pass build-i386-oldkern pass build-amd64-prev pass build-i386-prev pass build-amd64-pvops pass build-armhf-pvops pass build-i386-pvops pass build-amd64-rumpuserxen pass build-i386-rumpuserxen pass test-amd64-amd64-xl pass test-armhf-armhf-xl pass test-amd64-i386-xl pass test-amd64-amd64-xl-qemut-debianhvm-amd64-xsm pass test-amd64-i386-xl-qemut-debianhvm-amd64-xsm pass test-amd64-amd64-libvirt-qemuu-debianhvm-amd64-xsm fail test-amd64-i386-libvirt-qemuu-debianhvm-amd64-xsm pass test-amd64-amd64-xl-qemuu-debianhvm-amd64-xsm pass test-amd64-i386-xl-qemuu-debianhvm-amd64-xsm fail test-amd64-amd64-xl-qemut-stubdom-debianhvm-amd64-xsm fail test-amd64-i386-xl-qemut-stubdom-debianhvm-amd64-xsm fail test-amd64-amd64-libvirt-xsm pass test-armhf-armhf-libvirt-xsm fail test-amd64-i386-libvirt-xsm pass test-amd64-amd64-xl-xsm pass test-armhf-armhf-xl-xsm pass test-amd64-i386-xl-xsm pass test-amd64-amd64-xl-pvh-amd fail test-amd64-i386-qemut-rhel6hvm-amd pass test-amd64-i386-qemuu-rhel6hvm-amd pass test-amd64-amd64-xl-qemut-debianhvm-amd64 pass test-amd64-i386-xl-qemut-debianhvm-amd64 pass test-amd64-amd64-xl-qemuu-debianhvm-amd64 pass test-amd64-i386-xl-qemuu-debianhvm-amd64 fail test-amd64-i386-freebsd10-amd64 pass test-amd64-amd64-xl-qemuu-ovmf-amd64 pass test-amd64-i386-xl-qemuu-ovmf-amd64 pass test-amd64-amd64-rumpuserxen-amd64 pass test-amd64-amd64-xl-qemut-win7-amd64 fail test-amd64-i386-xl-qemut-win7-amd64 fail test-amd64-amd64-xl-qemuu-win7-amd64 fail test-amd64-i386-xl-qemuu-win7-amd64 fail test-armhf-armhf-xl-arndale pass test-amd64-amd64-xl-credit2 pass test-armhf-armhf-xl-credit2 pass test-armhf-armhf-xl-cubietruck pass test-amd64-i386-freebsd10-i386 pass test-amd64-i386-rumpuserxen-i386 fail test-amd64-amd64-xl-pvh-intel fail test-amd64-i386-qemut-rhel6hvm-intel pass test-amd64-i386-qemuu-rhel6hvm-intel pass test-amd64-amd64-libvirt pass test-armhf-armhf-libvirt fail test-amd64-i386-libvirt pass test-amd64-amd64-migrupgrade pass test-amd64-i386-migrupgrade pass test-amd64-amd64-xl-multivcpu pass test-armhf-armhf-xl-multivcpu pass test-amd64-amd64-pair pass test-amd64-i386-pair pass test-amd64-amd64-libvirt-pair pass test-amd64-i386-libvirt-pair pass test-amd64-amd64-amd64-pvgrub pass test-amd64-amd64-i386-pvgrub pass test-amd64-amd64-pygrub pass test-amd64-amd64-libvirt-qcow2 pass test-armhf-armhf-libvirt-qcow2 fail test-amd64-i386-libvirt-qcow2 pass test-amd64-amd64-xl-qcow2 pass test-armhf-armhf-xl-qcow2 fail test-amd64-i386-xl-qcow2 pass test-amd64-amd64-libvirt-raw pass test-armhf-armhf-libvirt-raw fail test-amd64-i386-libvirt-raw pass test-amd64-amd64-xl-raw pass test-armhf-armhf-xl-raw fail test-amd64-i386-xl-raw pass test-amd64-amd64-xl-rtds pass test-armhf-armhf-xl-rtds fail test-amd64-i386-xl-qemut-winxpsp3-vcpus1 pass test-amd64-i386-xl-qemuu-winxpsp3-vcpus1 pass test-amd64-amd64-libvirt-vhd pass test-armhf-armhf-libvirt-vhd fail test-amd64-i386-libvirt-vhd pass test-amd64-amd64-xl-vhd pass test-armhf-armhf-xl-vhd fail test-amd64-i386-xl-vhd pass test-amd64-amd64-xl-qemut-winxpsp3 pass test-amd64-i386-xl-qemut-winxpsp3 pass test-amd64-amd64-xl-qemuu-winxpsp3 pass test-amd64-i386-xl-qemuu-winxpsp3 pass ------------------------------------------------------------ sg-report-flight on osstest.test-lab.xenproject.org logs: /home/logs/logs images: /home/logs/images Logs, config files, etc. are available at http://logs.test-lab.xenproject.org/osstest/logs Explanation of these reports, and of osstest in general, is at http://xenbits.xen.org/gitweb/?p=osstest.git;a=blob;f=README.email;hb=master http://xenbits.xen.org/gitweb/?p=osstest.git;a=blob;f=README;hb=master Test harness code can be found at http://xenbits.xen.org/gitweb?p=osstest.git;a=summary Not pushing. (No revision log; it would be 620 lines long.)