xen-devel.lists.xenproject.org archive mirror
 help / color / mirror / Atom feed
From: osstest service owner <osstest-admin@xenproject.org>
To: xen-devel@lists.xensource.com, osstest-admin@xenproject.org
Subject: [qemu-mainline test] 62028: regressions - FAIL
Date: Thu, 17 Sep 2015 13:44:51 +0000	[thread overview]
Message-ID: <osstest-62028-mainreport@xen.org> (raw)

[-- Warning: decoded text below may be mangled, UTF-8 assumed --]
[-- Attachment #1: Type: text/plain, Size: 14411 bytes --]

flight 62028 qemu-mainline real [real]
http://logs.test-lab.xenproject.org/osstest/logs/62028/

Regressions :-(

Tests which did not succeed and are blocking,
including tests which could not be run:
 test-amd64-amd64-xl-pvh-amd   6 xen-boot                  fail REGR. vs. 61666
 test-amd64-amd64-xl-pvh-intel  6 xen-boot                 fail REGR. vs. 61666
 test-armhf-armhf-xl-vhd       6 xen-boot                  fail REGR. vs. 61666
 test-armhf-armhf-xl-raw       6 xen-boot                  fail REGR. vs. 61666
 test-amd64-amd64-xl           6 xen-boot                  fail REGR. vs. 61666
 test-amd64-amd64-xl-xsm       6 xen-boot                  fail REGR. vs. 61666
 test-armhf-armhf-xl-arndale   6 xen-boot                  fail REGR. vs. 61666
 test-amd64-i386-xl            6 xen-boot                  fail REGR. vs. 61666
 test-amd64-i386-xl-xsm        6 xen-boot                  fail REGR. vs. 61666
 test-amd64-amd64-pair        10 xen-boot/dst_host         fail REGR. vs. 61666
 test-amd64-amd64-pair         9 xen-boot/src_host         fail REGR. vs. 61666
 test-amd64-amd64-i386-pvgrub  6 xen-boot                  fail REGR. vs. 61666
 test-amd64-amd64-xl-multivcpu  6 xen-boot                 fail REGR. vs. 61666
 test-amd64-i386-pair         10 xen-boot/dst_host         fail REGR. vs. 61666
 test-amd64-i386-pair          9 xen-boot/src_host         fail REGR. vs. 61666
 test-armhf-armhf-xl-multivcpu  6 xen-boot                 fail REGR. vs. 61666
 test-amd64-amd64-pygrub       6 xen-boot                  fail REGR. vs. 61666
 test-amd64-amd64-xl-credit2   6 xen-boot                  fail REGR. vs. 61666
 test-amd64-i386-qemuu-rhel6hvm-intel  6 xen-boot          fail REGR. vs. 61666
 test-amd64-amd64-amd64-pvgrub  6 xen-boot                 fail REGR. vs. 61666
 test-amd64-amd64-xl-qcow2     6 xen-boot                  fail REGR. vs. 61666
 test-amd64-amd64-xl-qemuu-ovmf-amd64  6 xen-boot          fail REGR. vs. 61666
 test-amd64-amd64-xl-qemuu-debianhvm-amd64-xsm  6 xen-boot fail REGR. vs. 61666
 test-amd64-i386-xl-qcow2      6 xen-boot                  fail REGR. vs. 61666
 test-armhf-armhf-xl-credit2   6 xen-boot                  fail REGR. vs. 61666
 test-armhf-armhf-xl-cubietruck  6 xen-boot                fail REGR. vs. 61666
 test-armhf-armhf-xl           6 xen-boot                  fail REGR. vs. 61666
 test-amd64-i386-qemuu-rhel6hvm-amd  6 xen-boot            fail REGR. vs. 61666
 test-amd64-i386-xl-raw        6 xen-boot                  fail REGR. vs. 61666
 test-amd64-i386-freebsd10-amd64  6 xen-boot               fail REGR. vs. 61666
 test-amd64-amd64-xl-raw       6 xen-boot                  fail REGR. vs. 61666
 test-amd64-i386-xl-qemuu-debianhvm-amd64-xsm  6 xen-boot  fail REGR. vs. 61666
 test-armhf-armhf-xl-xsm       6 xen-boot                  fail REGR. vs. 61666
 test-amd64-amd64-xl-qemuu-debianhvm-amd64  6 xen-boot     fail REGR. vs. 61666
 test-armhf-armhf-xl-qcow2     6 xen-boot                  fail REGR. vs. 61666
 test-amd64-i386-xl-qemuu-win7-amd64  6 xen-boot           fail REGR. vs. 61666
 test-amd64-i386-freebsd10-i386  6 xen-boot                fail REGR. vs. 61666
 test-amd64-amd64-xl-qemuu-win7-amd64  6 xen-boot          fail REGR. vs. 61666
 test-amd64-amd64-xl-vhd       6 xen-boot                  fail REGR. vs. 61666
 test-amd64-i386-xl-vhd        6 xen-boot                  fail REGR. vs. 61666
 test-amd64-i386-xl-qemuu-debianhvm-amd64  6 xen-boot      fail REGR. vs. 61666
 test-amd64-i386-xl-qemuu-winxpsp3-vcpus1  6 xen-boot      fail REGR. vs. 61666
 test-amd64-i386-xl-qemuu-ovmf-amd64  6 xen-boot           fail REGR. vs. 61666
 test-amd64-i386-xl-qemuu-winxpsp3  6 xen-boot             fail REGR. vs. 61666
 test-amd64-amd64-xl-qemuu-winxpsp3  6 xen-boot            fail REGR. vs. 61666

Regressions which are regarded as allowable (not blocking):
 test-armhf-armhf-libvirt-raw  6 xen-boot                  fail REGR. vs. 61666
 test-armhf-armhf-libvirt      6 xen-boot                  fail REGR. vs. 61666
 test-armhf-armhf-libvirt-xsm  6 xen-boot                  fail REGR. vs. 61666
 test-amd64-i386-libvirt-pair 10 xen-boot/dst_host         fail REGR. vs. 61666
 test-amd64-i386-libvirt-pair  9 xen-boot/src_host         fail REGR. vs. 61666
 test-amd64-amd64-libvirt-pair 10 xen-boot/dst_host        fail REGR. vs. 61666
 test-amd64-amd64-libvirt-pair  9 xen-boot/src_host        fail REGR. vs. 61666
 test-amd64-i386-libvirt       6 xen-boot                  fail REGR. vs. 61666
 test-amd64-amd64-libvirt-xsm  6 xen-boot                  fail REGR. vs. 61666
 test-amd64-i386-libvirt-xsm   6 xen-boot                  fail REGR. vs. 61666
 test-armhf-armhf-xl-rtds      6 xen-boot                  fail REGR. vs. 61666
 test-amd64-i386-libvirt-qcow2  6 xen-boot                 fail REGR. vs. 61666
 test-amd64-amd64-libvirt-qemuu-debianhvm-amd64-xsm 6 xen-boot fail REGR. vs. 61666
 test-amd64-amd64-libvirt-raw  6 xen-boot                  fail REGR. vs. 61666
 test-amd64-i386-libvirt-qemuu-debianhvm-amd64-xsm 6 xen-boot fail REGR. vs. 61666
 test-amd64-amd64-libvirt      6 xen-boot                  fail REGR. vs. 61666
 test-amd64-i386-libvirt-raw   6 xen-boot                  fail REGR. vs. 61666
 test-amd64-amd64-libvirt-qcow2  6 xen-boot                fail REGR. vs. 61666
 test-amd64-amd64-xl-rtds      6 xen-boot                  fail REGR. vs. 61666
 test-amd64-i386-libvirt-vhd   6 xen-boot                  fail REGR. vs. 61666
 test-amd64-amd64-libvirt-vhd  6 xen-boot                  fail REGR. vs. 61666
 test-armhf-armhf-libvirt-qcow2  6 xen-boot               fail blocked in 61666
 test-armhf-armhf-libvirt-vhd  6 xen-boot                     fail   like 61666

version targeted for testing:
 qemuu                2752e5bedb26fa0c7291f810f9f534b688b2f1d2
baseline version:
 qemuu                fc04a730b7e60f4a62d6260d4eb9c537d1d3643f

Last test of basis    61666  2015-09-09 03:07:40 Z    8 days
Failing since         61767  2015-09-10 17:49:38 Z    6 days    3 attempts
Testing same since    62028  2015-09-15 08:02:37 Z    2 days    1 attempts

------------------------------------------------------------
People who touched revisions under test:
  Alexandre Derumier <aderumier@odiso.com>
  Alistair Francis <alistair.francis@xilinx.com>
  Andrey Korolyov <andrey@xdel.ru>
  Andrey Smetanin <asmetanin@virtuozzo.com>
  Aníbal Limón <anibal.limon@linux.intel.com>
  Aurelien Jarno <aurelien@aurel32.net>
  Benjamin Herrenschmidt <benh@kernel.crashing.org>
  Carlos L. Torres <carlos.torres@rackspace.com>
  Cornelia Huck <cornelia.huck@de.ibm.com>
  Daniel P. Berrange <berrange@redhat.com>
  Denis V. Lunev <den@openvz.org>
  Don Slutz <dslutz@verizon.com>
  Dr. David Alan Gilbert <dgilbert@redhat.com>
  Edgar E. Iglesias <edgar.iglesias@xilinx.com>
  Eduardo Habkost <ehabkost@redhat.com>
  Emilio G. Cota <cota@braap.org>
  Fam Zheng <famz@redhat.com>
  Gerd Hoffmann <kraxel@redhat.com>
  Gonglei <arei.gonglei@huawei.com>
  Guenter Roeck <linux@roeck-us.net>
  Igor Mammedov <imammedo@redhat.com>
  Jan Beulich <jbeulich@suse.com>
  Jean-Christophe Dubois <jcd@tribudubois.net>
  John Snow <jsnow@redhat.com>
  KONRAD Frederic <fred.konrad@greensocs.com>
  Konrad Rzeszutek Wilk <konrad.wilk@oracle.com>
  Kővágó, Zoltán <DirtY.iCE.hu@gmail.com>
  Laszlo Ersek <lersek@redhat.com>
  Laurent Desnogues <laurent.desnogues@gmail.com>
  Laurent Vivier <lvivier@redhat.com>
  Marc-André Lureau <marcandre.lureau@redhat.com>
  Markus Armbruster <armbru@redhat.com>
  Michael Marineau <michael.marineau@coreos.com>
  Michael S. Tsirkin <mst@redhat.com>
  Michael Tokarev <mjt@tls.msk.ru>
  Nathan Rossi <nathan@nathanrossi.com>
  Paolo Bonzini <pbonzini@redhat.com>
  Pavel Dovgalyuk <pavel.dovgaluk@ispras.ru>
  Peter Crosthwaite <crosthwaite.peter@gmail.com>
  Peter Crosthwaite <crosthwaitepeter@gmail.com>
  Peter Lieven <pl@kamp.de>
  Peter Maydell <peter.maydell@linaro.org>
  Richard Henderson <rth@twiddle.net>
  Richard W.M. Jones <rjones@redhat.com>
  Samuel Thibault <samuel.thibault@ens-lyon.org>
  Samuel Thibault <samuel.thibault@gnu.org>
  Shannon Zhao <shannon.zhao@linaro.org>
  Shannon Zhao <zhaoshenglong@huawei.com>
  Shraddha Barke <shraddha.6596@gmail.com>
  Stefan Weil <sw@weilnetz.de>
  Stefano Stabellini <stefano.stabellini@eu.citrix.com>
  Tiejun Chen <tiejun.chen@intel.com>
  Veres Lajos <vlajos@gmail.com>
  Yang Zhang <yang.z.zhang@Intel.com>

jobs:
 build-amd64-xsm                                              pass
 build-armhf-xsm                                              pass
 build-i386-xsm                                               pass
 build-amd64                                                  pass
 build-armhf                                                  pass
 build-i386                                                   pass
 build-amd64-libvirt                                          pass
 build-armhf-libvirt                                          pass
 build-i386-libvirt                                           pass
 build-amd64-pvops                                            pass
 build-armhf-pvops                                            pass
 build-i386-pvops                                             pass
 test-amd64-amd64-xl                                          fail
 test-armhf-armhf-xl                                          fail
 test-amd64-i386-xl                                           fail
 test-amd64-amd64-libvirt-qemuu-debianhvm-amd64-xsm           fail
 test-amd64-i386-libvirt-qemuu-debianhvm-amd64-xsm            fail
 test-amd64-amd64-xl-qemuu-debianhvm-amd64-xsm                fail
 test-amd64-i386-xl-qemuu-debianhvm-amd64-xsm                 fail
 test-amd64-amd64-libvirt-xsm                                 fail
 test-armhf-armhf-libvirt-xsm                                 fail
 test-amd64-i386-libvirt-xsm                                  fail
 test-amd64-amd64-xl-xsm                                      fail
 test-armhf-armhf-xl-xsm                                      fail
 test-amd64-i386-xl-xsm                                       fail
 test-amd64-amd64-xl-pvh-amd                                  fail
 test-amd64-i386-qemuu-rhel6hvm-amd                           fail
 test-amd64-amd64-xl-qemuu-debianhvm-amd64                    fail
 test-amd64-i386-xl-qemuu-debianhvm-amd64                     fail
 test-amd64-i386-freebsd10-amd64                              fail
 test-amd64-amd64-xl-qemuu-ovmf-amd64                         fail
 test-amd64-i386-xl-qemuu-ovmf-amd64                          fail
 test-amd64-amd64-xl-qemuu-win7-amd64                         fail
 test-amd64-i386-xl-qemuu-win7-amd64                          fail
 test-armhf-armhf-xl-arndale                                  fail
 test-amd64-amd64-xl-credit2                                  fail
 test-armhf-armhf-xl-credit2                                  fail
 test-armhf-armhf-xl-cubietruck                               fail
 test-amd64-i386-freebsd10-i386                               fail
 test-amd64-amd64-xl-pvh-intel                                fail
 test-amd64-i386-qemuu-rhel6hvm-intel                         fail
 test-amd64-amd64-libvirt                                     fail
 test-armhf-armhf-libvirt                                     fail
 test-amd64-i386-libvirt                                      fail
 test-amd64-amd64-xl-multivcpu                                fail
 test-armhf-armhf-xl-multivcpu                                fail
 test-amd64-amd64-pair                                        fail
 test-amd64-i386-pair                                         fail
 test-amd64-amd64-libvirt-pair                                fail
 test-amd64-i386-libvirt-pair                                 fail
 test-amd64-amd64-amd64-pvgrub                                fail
 test-amd64-amd64-i386-pvgrub                                 fail
 test-amd64-amd64-pygrub                                      fail
 test-amd64-amd64-libvirt-qcow2                               fail
 test-armhf-armhf-libvirt-qcow2                               fail
 test-amd64-i386-libvirt-qcow2                                fail
 test-amd64-amd64-xl-qcow2                                    fail
 test-armhf-armhf-xl-qcow2                                    fail
 test-amd64-i386-xl-qcow2                                     fail
 test-amd64-amd64-libvirt-raw                                 fail
 test-armhf-armhf-libvirt-raw                                 fail
 test-amd64-i386-libvirt-raw                                  fail
 test-amd64-amd64-xl-raw                                      fail
 test-armhf-armhf-xl-raw                                      fail
 test-amd64-i386-xl-raw                                       fail
 test-amd64-amd64-xl-rtds                                     fail
 test-armhf-armhf-xl-rtds                                     fail
 test-amd64-i386-xl-qemuu-winxpsp3-vcpus1                     fail
 test-amd64-amd64-libvirt-vhd                                 fail
 test-armhf-armhf-libvirt-vhd                                 fail
 test-amd64-i386-libvirt-vhd                                  fail
 test-amd64-amd64-xl-vhd                                      fail
 test-armhf-armhf-xl-vhd                                      fail
 test-amd64-i386-xl-vhd                                       fail
 test-amd64-amd64-xl-qemuu-winxpsp3                           fail
 test-amd64-i386-xl-qemuu-winxpsp3                            fail


------------------------------------------------------------
sg-report-flight on osstest.test-lab.xenproject.org
logs: /home/logs/logs
images: /home/logs/images

Logs, config files, etc. are available at
    http://logs.test-lab.xenproject.org/osstest/logs

Explanation of these reports, and of osstest in general, is at
    http://xenbits.xen.org/gitweb/?p=osstest.git;a=blob;f=README.email;hb=master
    http://xenbits.xen.org/gitweb/?p=osstest.git;a=blob;f=README;hb=master

Test harness code can be found at
    http://xenbits.xen.org/gitweb?p=osstest.git;a=summary


Not pushing.

(No revision log; it would be 2714 lines long.)


[-- Attachment #2: Type: text/plain, Size: 126 bytes --]

_______________________________________________
Xen-devel mailing list
Xen-devel@lists.xen.org
http://lists.xen.org/xen-devel

             reply	other threads:[~2015-09-17 13:44 UTC|newest]

Thread overview: 5+ messages / expand[flat|nested]  mbox.gz  Atom feed  top
2015-09-17 13:44 osstest service owner [this message]
2015-09-17 15:15 ` [qemu-mainline test] 62028: regressions - FAIL Ian Campbell
2015-09-17 18:04   ` Anthony PERARD
2015-09-17 18:36     ` Anthony PERARD
2015-09-18  8:39       ` Ian Campbell

Reply instructions:

You may reply publicly to this message via plain-text email
using any one of the following methods:

* Save the following mbox file, import it into your mail client,
  and reply-to-all from there: mbox

  Avoid top-posting and favor interleaved quoting:
  https://en.wikipedia.org/wiki/Posting_style#Interleaved_style

* Reply using the --to, --cc, and --in-reply-to
  switches of git-send-email(1):

  git send-email \
    --in-reply-to=osstest-62028-mainreport@xen.org \
    --to=osstest-admin@xenproject.org \
    --cc=xen-devel@lists.xensource.com \
    /path/to/YOUR_REPLY

  https://kernel.org/pub/software/scm/git/docs/git-send-email.html

* If your mail client supports setting the In-Reply-To header
  via mailto: links, try the mailto: link
Be sure your reply has a Subject: header at the top and a blank line before the message body.
This is a public inbox, see mirroring instructions
for how to clone and mirror all data and code used for this inbox;
as well as URLs for NNTP newsgroup(s).