From mboxrd@z Thu Jan 1 00:00:00 1970 From: osstest service owner Subject: [qemu-mainline test] 62028: regressions - FAIL Date: Thu, 17 Sep 2015 13:44:51 +0000 Message-ID: Mime-Version: 1.0 Content-Type: multipart/mixed; boundary="===============0971581058671662208==" Return-path: List-Unsubscribe: , List-Post: List-Help: List-Subscribe: , Sender: xen-devel-bounces@lists.xen.org Errors-To: xen-devel-bounces@lists.xen.org To: xen-devel@lists.xensource.com, osstest-admin@xenproject.org List-Id: xen-devel@lists.xenproject.org --===============0971581058671662208== Content-Length: 14770 Content-Transfer-Encoding: quoted-printable flight 62028 qemu-mainline real [real] http://logs.test-lab.xenproject.org/osstest/logs/62028/ Regressions :-( Tests which did not succeed and are blocking, including tests which could not be run: test-amd64-amd64-xl-pvh-amd 6 xen-boot fail REGR. vs. 61666 test-amd64-amd64-xl-pvh-intel 6 xen-boot fail REGR. vs. 61666 test-armhf-armhf-xl-vhd 6 xen-boot fail REGR. vs. 61666 test-armhf-armhf-xl-raw 6 xen-boot fail REGR. vs. 61666 test-amd64-amd64-xl 6 xen-boot fail REGR. vs. 61666 test-amd64-amd64-xl-xsm 6 xen-boot fail REGR. vs. 61666 test-armhf-armhf-xl-arndale 6 xen-boot fail REGR. vs. 61666 test-amd64-i386-xl 6 xen-boot fail REGR. vs. 61666 test-amd64-i386-xl-xsm 6 xen-boot fail REGR. vs. 61666 test-amd64-amd64-pair 10 xen-boot/dst_host fail REGR. vs. 61666 test-amd64-amd64-pair 9 xen-boot/src_host fail REGR. vs. 61666 test-amd64-amd64-i386-pvgrub 6 xen-boot fail REGR. vs. 61666 test-amd64-amd64-xl-multivcpu 6 xen-boot fail REGR. vs. 61666 test-amd64-i386-pair 10 xen-boot/dst_host fail REGR. vs. 61666 test-amd64-i386-pair 9 xen-boot/src_host fail REGR. vs. 61666 test-armhf-armhf-xl-multivcpu 6 xen-boot fail REGR. vs. 61666 test-amd64-amd64-pygrub 6 xen-boot fail REGR. vs. 61666 test-amd64-amd64-xl-credit2 6 xen-boot fail REGR. vs. 61666 test-amd64-i386-qemuu-rhel6hvm-intel 6 xen-boot fail REGR. vs. 61666 test-amd64-amd64-amd64-pvgrub 6 xen-boot fail REGR. vs. 61666 test-amd64-amd64-xl-qcow2 6 xen-boot fail REGR. vs. 61666 test-amd64-amd64-xl-qemuu-ovmf-amd64 6 xen-boot fail REGR. vs. 61666 test-amd64-amd64-xl-qemuu-debianhvm-amd64-xsm 6 xen-boot fail REGR. vs. 61666 test-amd64-i386-xl-qcow2 6 xen-boot fail REGR. vs. 61666 test-armhf-armhf-xl-credit2 6 xen-boot fail REGR. vs. 61666 test-armhf-armhf-xl-cubietruck 6 xen-boot fail REGR. vs. 61666 test-armhf-armhf-xl 6 xen-boot fail REGR. vs. 61666 test-amd64-i386-qemuu-rhel6hvm-amd 6 xen-boot fail REGR. vs. 61666 test-amd64-i386-xl-raw 6 xen-boot fail REGR. vs. 61666 test-amd64-i386-freebsd10-amd64 6 xen-boot fail REGR. vs. 61666 test-amd64-amd64-xl-raw 6 xen-boot fail REGR. vs. 61666 test-amd64-i386-xl-qemuu-debianhvm-amd64-xsm 6 xen-boot fail REGR. vs. 61666 test-armhf-armhf-xl-xsm 6 xen-boot fail REGR. vs. 61666 test-amd64-amd64-xl-qemuu-debianhvm-amd64 6 xen-boot fail REGR. vs. 61666 test-armhf-armhf-xl-qcow2 6 xen-boot fail REGR. vs. 61666 test-amd64-i386-xl-qemuu-win7-amd64 6 xen-boot fail REGR. vs. 61666 test-amd64-i386-freebsd10-i386 6 xen-boot fail REGR. vs. 61666 test-amd64-amd64-xl-qemuu-win7-amd64 6 xen-boot fail REGR. vs. 61666 test-amd64-amd64-xl-vhd 6 xen-boot fail REGR. vs. 61666 test-amd64-i386-xl-vhd 6 xen-boot fail REGR. vs. 61666 test-amd64-i386-xl-qemuu-debianhvm-amd64 6 xen-boot fail REGR. vs. 61666 test-amd64-i386-xl-qemuu-winxpsp3-vcpus1 6 xen-boot fail REGR. vs. 61666 test-amd64-i386-xl-qemuu-ovmf-amd64 6 xen-boot fail REGR. vs. 61666 test-amd64-i386-xl-qemuu-winxpsp3 6 xen-boot fail REGR. vs. 61666 test-amd64-amd64-xl-qemuu-winxpsp3 6 xen-boot fail REGR. vs. 61666 Regressions which are regarded as allowable (not blocking): test-armhf-armhf-libvirt-raw 6 xen-boot fail REGR. vs. 61666 test-armhf-armhf-libvirt 6 xen-boot fail REGR. vs. 61666 test-armhf-armhf-libvirt-xsm 6 xen-boot fail REGR. vs. 61666 test-amd64-i386-libvirt-pair 10 xen-boot/dst_host fail REGR. vs. 61666 test-amd64-i386-libvirt-pair 9 xen-boot/src_host fail REGR. vs. 61666 test-amd64-amd64-libvirt-pair 10 xen-boot/dst_host fail REGR. vs. 61666 test-amd64-amd64-libvirt-pair 9 xen-boot/src_host fail REGR. vs. 61666 test-amd64-i386-libvirt 6 xen-boot fail REGR. vs. 61666 test-amd64-amd64-libvirt-xsm 6 xen-boot fail REGR. vs. 61666 test-amd64-i386-libvirt-xsm 6 xen-boot fail REGR. vs. 61666 test-armhf-armhf-xl-rtds 6 xen-boot fail REGR. vs. 61666 test-amd64-i386-libvirt-qcow2 6 xen-boot fail REGR. vs. 61666 test-amd64-amd64-libvirt-qemuu-debianhvm-amd64-xsm 6 xen-boot fail REGR. vs. 61666 test-amd64-amd64-libvirt-raw 6 xen-boot fail REGR. vs. 61666 test-amd64-i386-libvirt-qemuu-debianhvm-amd64-xsm 6 xen-boot fail REGR. vs. 61666 test-amd64-amd64-libvirt 6 xen-boot fail REGR. vs. 61666 test-amd64-i386-libvirt-raw 6 xen-boot fail REGR. vs. 61666 test-amd64-amd64-libvirt-qcow2 6 xen-boot fail REGR. vs. 61666 test-amd64-amd64-xl-rtds 6 xen-boot fail REGR. vs. 61666 test-amd64-i386-libvirt-vhd 6 xen-boot fail REGR. vs. 61666 test-amd64-amd64-libvirt-vhd 6 xen-boot fail REGR. vs. 61666 test-armhf-armhf-libvirt-qcow2 6 xen-boot fail blocked in 61666 test-armhf-armhf-libvirt-vhd 6 xen-boot fail like 61666 version targeted for testing: qemuu 2752e5bedb26fa0c7291f810f9f534b688b2f1d2 baseline version: qemuu fc04a730b7e60f4a62d6260d4eb9c537d1d3643f Last test of basis 61666 2015-09-09 03:07:40 Z 8 days Failing since 61767 2015-09-10 17:49:38 Z 6 days 3 attempts Testing same since 62028 2015-09-15 08:02:37 Z 2 days 1 attempts ------------------------------------------------------------ People who touched revisions under test: Alexandre Derumier Alistair Francis Andrey Korolyov Andrey Smetanin An=C3=ADbal Lim=C3=B3n Aurelien Jarno Benjamin Herrenschmidt Carlos L. Torres Cornelia Huck Daniel P. Berrange Denis V. Lunev Don Slutz Dr. David Alan Gilbert Edgar E. Iglesias Eduardo Habkost Emilio G. Cota Fam Zheng Gerd Hoffmann Gonglei Guenter Roeck Igor Mammedov Jan Beulich Jean-Christophe Dubois John Snow KONRAD Frederic Konrad Rzeszutek Wilk K=C5=91v=C3=A1g=C3=B3, Zolt=C3=A1n Laszlo Ersek Laurent Desnogues Laurent Vivier Marc-Andr=C3=A9 Lureau Markus Armbruster Michael Marineau Michael S. Tsirkin Michael Tokarev Nathan Rossi Paolo Bonzini Pavel Dovgalyuk Peter Crosthwaite Peter Crosthwaite Peter Lieven Peter Maydell Richard Henderson Richard W.M. Jones Samuel Thibault Samuel Thibault Shannon Zhao Shannon Zhao Shraddha Barke Stefan Weil Stefano Stabellini Tiejun Chen Veres Lajos Yang Zhang jobs: build-amd64-xsm pass build-armhf-xsm pass build-i386-xsm pass build-amd64 pass build-armhf pass build-i386 pass build-amd64-libvirt pass build-armhf-libvirt pass build-i386-libvirt pass build-amd64-pvops pass build-armhf-pvops pass build-i386-pvops pass test-amd64-amd64-xl fail test-armhf-armhf-xl fail test-amd64-i386-xl fail test-amd64-amd64-libvirt-qemuu-debianhvm-amd64-xsm fail test-amd64-i386-libvirt-qemuu-debianhvm-amd64-xsm fail test-amd64-amd64-xl-qemuu-debianhvm-amd64-xsm fail test-amd64-i386-xl-qemuu-debianhvm-amd64-xsm fail test-amd64-amd64-libvirt-xsm fail test-armhf-armhf-libvirt-xsm fail test-amd64-i386-libvirt-xsm fail test-amd64-amd64-xl-xsm fail test-armhf-armhf-xl-xsm fail test-amd64-i386-xl-xsm fail test-amd64-amd64-xl-pvh-amd fail test-amd64-i386-qemuu-rhel6hvm-amd fail test-amd64-amd64-xl-qemuu-debianhvm-amd64 fail test-amd64-i386-xl-qemuu-debianhvm-amd64 fail test-amd64-i386-freebsd10-amd64 fail test-amd64-amd64-xl-qemuu-ovmf-amd64 fail test-amd64-i386-xl-qemuu-ovmf-amd64 fail test-amd64-amd64-xl-qemuu-win7-amd64 fail test-amd64-i386-xl-qemuu-win7-amd64 fail test-armhf-armhf-xl-arndale fail test-amd64-amd64-xl-credit2 fail test-armhf-armhf-xl-credit2 fail test-armhf-armhf-xl-cubietruck fail test-amd64-i386-freebsd10-i386 fail test-amd64-amd64-xl-pvh-intel fail test-amd64-i386-qemuu-rhel6hvm-intel fail test-amd64-amd64-libvirt fail test-armhf-armhf-libvirt fail test-amd64-i386-libvirt fail test-amd64-amd64-xl-multivcpu fail test-armhf-armhf-xl-multivcpu fail test-amd64-amd64-pair fail test-amd64-i386-pair fail test-amd64-amd64-libvirt-pair fail test-amd64-i386-libvirt-pair fail test-amd64-amd64-amd64-pvgrub fail test-amd64-amd64-i386-pvgrub fail test-amd64-amd64-pygrub fail test-amd64-amd64-libvirt-qcow2 fail test-armhf-armhf-libvirt-qcow2 fail test-amd64-i386-libvirt-qcow2 fail test-amd64-amd64-xl-qcow2 fail test-armhf-armhf-xl-qcow2 fail test-amd64-i386-xl-qcow2 fail test-amd64-amd64-libvirt-raw fail test-armhf-armhf-libvirt-raw fail test-amd64-i386-libvirt-raw fail test-amd64-amd64-xl-raw fail test-armhf-armhf-xl-raw fail test-amd64-i386-xl-raw fail test-amd64-amd64-xl-rtds fail test-armhf-armhf-xl-rtds fail test-amd64-i386-xl-qemuu-winxpsp3-vcpus1 fail test-amd64-amd64-libvirt-vhd fail test-armhf-armhf-libvirt-vhd fail test-amd64-i386-libvirt-vhd fail test-amd64-amd64-xl-vhd fail test-armhf-armhf-xl-vhd fail test-amd64-i386-xl-vhd fail test-amd64-amd64-xl-qemuu-winxpsp3 fail test-amd64-i386-xl-qemuu-winxpsp3 fail ------------------------------------------------------------ sg-report-flight on osstest.test-lab.xenproject.org logs: /home/logs/logs images: /home/logs/images Logs, config files, etc. are available at http://logs.test-lab.xenproject.org/osstest/logs Explanation of these reports, and of osstest in general, is at http://xenbits.xen.org/gitweb/=3Fp=3Dosstest.git;a=3Dblob;f=3DREADME.email;hb=3Dmaster http://xenbits.xen.org/gitweb/=3Fp=3Dosstest.git;a=3Dblob;f=3DREADME;hb=3Dmaster Test harness code can be found at http://xenbits.xen.org/gitweb=3Fp=3Dosstest.git;a=3Dsummary Not pushing. (No revision log; it would be 2714 lines long.) --===============0971581058671662208== Content-Type: text/plain; charset="us-ascii" MIME-Version: 1.0 Content-Transfer-Encoding: 7bit Content-Disposition: inline _______________________________________________ Xen-devel mailing list Xen-devel@lists.xen.org http://lists.xen.org/xen-devel --===============0971581058671662208==--