* [linux-next test] 62146: regressions - FAIL
@ 2015-09-21 13:11 osstest service owner
0 siblings, 0 replies; only message in thread
From: osstest service owner @ 2015-09-21 13:11 UTC (permalink / raw)
To: xen-devel, osstest-admin
flight 62146 linux-next real [real]
http://logs.test-lab.xenproject.org/osstest/logs/62146/
Regressions :-(
Tests which did not succeed and are blocking,
including tests which could not be run:
test-amd64-amd64-xl-pvh-intel 11 guest-start fail REGR. vs. 62042
test-armhf-armhf-xl-vhd 7 host-ping-check-xen fail REGR. vs. 62042
test-armhf-armhf-xl 6 xen-boot fail REGR. vs. 62042
test-armhf-armhf-xl-xsm 6 xen-boot fail REGR. vs. 62042
test-amd64-i386-rumpuserxen-i386 6 xen-boot fail REGR. vs. 62042
test-amd64-amd64-xl-multivcpu 21 guest-start/debian.repeat fail REGR. vs. 62042
test-amd64-amd64-xl 11 guest-start fail REGR. vs. 62042
test-amd64-i386-qemut-rhel6hvm-intel 7 host-ping-check-xen fail REGR. vs. 62042
test-amd64-i386-xl 6 xen-boot fail REGR. vs. 62042
test-armhf-armhf-xl-arndale 6 xen-boot fail REGR. vs. 62042
test-amd64-i386-xl-qemut-stubdom-debianhvm-amd64-xsm 6 xen-boot fail REGR. vs. 62042
test-amd64-amd64-xl-qemut-debianhvm-amd64-xsm 19 guest-start/debianhvm.repeat fail REGR. vs. 62042
test-amd64-i386-xl-xsm 6 xen-boot fail REGR. vs. 62042
test-amd64-i386-pair 10 xen-boot/dst_host fail REGR. vs. 62042
test-amd64-i386-pair 9 xen-boot/src_host fail REGR. vs. 62042
test-amd64-amd64-pygrub 20 guest-start/debian.repeat fail REGR. vs. 62042
test-amd64-i386-qemuu-rhel6hvm-intel 6 xen-boot fail REGR. vs. 62042
test-amd64-amd64-xl-qcow2 10 guest-start fail REGR. vs. 62042
test-amd64-i386-xl-vhd 7 host-ping-check-xen fail REGR. vs. 62042
test-amd64-amd64-xl-credit2 21 guest-start/debian.repeat fail REGR. vs. 62042
test-amd64-amd64-xl-qemuu-debianhvm-amd64-xsm 9 debian-hvm-install fail REGR. vs. 62042
test-amd64-i386-xl-qemut-debianhvm-amd64-xsm 7 host-ping-check-xen fail REGR. vs. 62042
test-amd64-i386-xl-qemut-debianhvm-amd64 6 xen-boot fail REGR. vs. 62042
test-amd64-amd64-xl-xsm 21 guest-start/debian.repeat fail REGR. vs. 62042
test-amd64-i386-xl-qemuu-debianhvm-amd64-xsm 6 xen-boot fail REGR. vs. 62042
test-amd64-i386-xl-qemuu-debianhvm-amd64 6 xen-boot fail REGR. vs. 62042
test-amd64-i386-xl-qemuu-ovmf-amd64 6 xen-boot fail REGR. vs. 62042
test-amd64-i386-freebsd10-amd64 6 xen-boot fail REGR. vs. 62042
test-amd64-i386-xl-raw 7 host-ping-check-xen fail REGR. vs. 62042
test-amd64-i386-qemut-rhel6hvm-amd 6 xen-boot fail REGR. vs. 62042
test-amd64-i386-qemuu-rhel6hvm-amd 6 xen-boot fail REGR. vs. 62042
test-amd64-amd64-xl-raw 20 guest-start/debian.repeat fail REGR. vs. 62042
test-amd64-i386-xl-qemuu-win7-amd64 7 host-ping-check-xen fail REGR. vs. 62042
test-amd64-i386-xl-qemut-win7-amd64 7 host-ping-check-xen fail REGR. vs. 62042
test-amd64-i386-freebsd10-i386 6 xen-boot fail REGR. vs. 62042
test-armhf-armhf-xl-qcow2 7 host-ping-check-xen fail REGR. vs. 62042
test-amd64-i386-xl-qcow2 6 xen-boot fail REGR. vs. 62042
test-amd64-amd64-xl-qemut-debianhvm-amd64 19 guest-start/debianhvm.repeat fail REGR. vs. 62042
test-amd64-i386-xl-qemut-winxpsp3-vcpus1 6 xen-boot fail REGR. vs. 62042
test-amd64-i386-xl-qemuu-winxpsp3 6 xen-boot fail REGR. vs. 62042
test-amd64-i386-xl-qemuu-winxpsp3-vcpus1 6 xen-boot fail REGR. vs. 62042
test-amd64-amd64-xl-qemut-win7-amd64 9 windows-install fail REGR. vs. 62042
test-amd64-i386-xl-qemut-winxpsp3 7 host-ping-check-xen fail REGR. vs. 62042
Regressions which are regarded as allowable (not blocking):
test-armhf-armhf-libvirt-xsm 6 xen-boot fail REGR. vs. 62042
test-amd64-amd64-libvirt-xsm 18 guest-start/debian.repeat fail REGR. vs. 62042
test-amd64-amd64-libvirt 17 guest-start.2 fail REGR. vs. 62042
test-armhf-armhf-libvirt-raw 6 xen-boot fail REGR. vs. 62042
test-amd64-i386-libvirt 7 host-ping-check-xen fail REGR. vs. 62042
test-amd64-i386-libvirt-xsm 7 host-ping-check-xen fail REGR. vs. 62042
test-armhf-armhf-xl-rtds 6 xen-boot fail REGR. vs. 62042
test-amd64-i386-libvirt-pair 10 xen-boot/dst_host fail REGR. vs. 62042
test-amd64-i386-libvirt-pair 9 xen-boot/src_host fail REGR. vs. 62042
test-amd64-i386-libvirt-vhd 6 xen-boot fail REGR. vs. 62042
test-amd64-i386-libvirt-qemuu-debianhvm-amd64-xsm 7 host-ping-check-xen fail REGR. vs. 62042
test-armhf-armhf-libvirt 9 debian-install fail REGR. vs. 62042
test-armhf-armhf-libvirt-vhd 7 host-ping-check-xen fail REGR. vs. 62042
test-amd64-i386-libvirt-raw 7 host-ping-check-xen fail REGR. vs. 62042
test-amd64-i386-libvirt-qcow2 7 host-ping-check-xen fail REGR. vs. 62042
test-armhf-armhf-libvirt-qcow2 7 host-ping-check-xen fail blocked in 62042
test-amd64-amd64-xl-qemut-stubdom-debianhvm-amd64-xsm 19 guest-start/debianhvm.repeat fail blocked in 62042
test-armhf-armhf-xl-multivcpu 6 xen-boot fail like 62042
test-armhf-armhf-xl-credit2 6 xen-boot fail like 62042
test-armhf-armhf-xl-cubietruck 6 xen-boot fail like 62042
test-amd64-amd64-xl-qemuu-win7-amd64 17 guest-stop fail like 62042
Tests which did not succeed, but are not blocking:
test-amd64-amd64-xl-pvh-amd 11 guest-start fail never pass
test-armhf-armhf-xl-raw 9 debian-di-install fail never pass
test-amd64-amd64-libvirt-xsm 12 migrate-support-check fail never pass
test-amd64-amd64-libvirt 12 migrate-support-check fail never pass
test-amd64-amd64-libvirt-qemuu-debianhvm-amd64-xsm 10 migrate-support-check fail never pass
test-amd64-amd64-libvirt-raw 11 migrate-support-check fail never pass
test-amd64-amd64-libvirt-vhd 11 migrate-support-check fail never pass
test-amd64-amd64-libvirt-pair 21 guest-migrate/src_host/dst_host fail never pass
test-amd64-amd64-libvirt-qcow2 11 migrate-support-check fail never pass
version targeted for testing:
linux 887e5d0518d7e93a288be2e446f7abfa70d41fa1
baseline version:
linux d25ed277fbd4c20247286fda2014ae6a2b88316b
Last test of basis (not found)
Failing since 0 1970-01-01 00:00:00 Z 16699 days
Testing same since 62146 2015-09-18 23:30:58 Z 2 days 1 attempts
jobs:
build-amd64-xsm pass
build-armhf-xsm pass
build-i386-xsm pass
build-amd64 pass
build-armhf pass
build-i386 pass
build-amd64-libvirt pass
build-armhf-libvirt pass
build-i386-libvirt pass
build-amd64-pvops pass
build-armhf-pvops pass
build-i386-pvops pass
build-amd64-rumpuserxen pass
build-i386-rumpuserxen pass
test-amd64-amd64-xl fail
test-armhf-armhf-xl fail
test-amd64-i386-xl fail
test-amd64-amd64-xl-qemut-debianhvm-amd64-xsm fail
test-amd64-i386-xl-qemut-debianhvm-amd64-xsm fail
test-amd64-amd64-libvirt-qemuu-debianhvm-amd64-xsm pass
test-amd64-i386-libvirt-qemuu-debianhvm-amd64-xsm fail
test-amd64-amd64-xl-qemuu-debianhvm-amd64-xsm fail
test-amd64-i386-xl-qemuu-debianhvm-amd64-xsm fail
test-amd64-amd64-xl-qemut-stubdom-debianhvm-amd64-xsm fail
test-amd64-i386-xl-qemut-stubdom-debianhvm-amd64-xsm fail
test-amd64-amd64-libvirt-xsm fail
test-armhf-armhf-libvirt-xsm fail
test-amd64-i386-libvirt-xsm fail
test-amd64-amd64-xl-xsm fail
test-armhf-armhf-xl-xsm fail
test-amd64-i386-xl-xsm fail
test-amd64-amd64-xl-pvh-amd fail
test-amd64-i386-qemut-rhel6hvm-amd fail
test-amd64-i386-qemuu-rhel6hvm-amd fail
test-amd64-amd64-xl-qemut-debianhvm-amd64 fail
test-amd64-i386-xl-qemut-debianhvm-amd64 fail
test-amd64-amd64-xl-qemuu-debianhvm-amd64 pass
test-amd64-i386-xl-qemuu-debianhvm-amd64 fail
test-amd64-i386-freebsd10-amd64 fail
test-amd64-amd64-xl-qemuu-ovmf-amd64 pass
test-amd64-i386-xl-qemuu-ovmf-amd64 fail
test-amd64-amd64-rumpuserxen-amd64 pass
test-amd64-amd64-xl-qemut-win7-amd64 fail
test-amd64-i386-xl-qemut-win7-amd64 fail
test-amd64-amd64-xl-qemuu-win7-amd64 fail
test-amd64-i386-xl-qemuu-win7-amd64 fail
test-armhf-armhf-xl-arndale fail
test-amd64-amd64-xl-credit2 fail
test-armhf-armhf-xl-credit2 fail
test-armhf-armhf-xl-cubietruck fail
test-amd64-i386-freebsd10-i386 fail
test-amd64-i386-rumpuserxen-i386 fail
test-amd64-amd64-xl-pvh-intel fail
test-amd64-i386-qemut-rhel6hvm-intel fail
test-amd64-i386-qemuu-rhel6hvm-intel fail
test-amd64-amd64-libvirt fail
test-armhf-armhf-libvirt fail
test-amd64-i386-libvirt fail
test-amd64-amd64-xl-multivcpu fail
test-armhf-armhf-xl-multivcpu fail
test-amd64-amd64-pair pass
test-amd64-i386-pair fail
test-amd64-amd64-libvirt-pair fail
test-amd64-i386-libvirt-pair fail
test-amd64-amd64-amd64-pvgrub pass
test-amd64-amd64-i386-pvgrub pass
test-amd64-amd64-pygrub fail
test-amd64-amd64-libvirt-qcow2 pass
test-armhf-armhf-libvirt-qcow2 fail
test-amd64-i386-libvirt-qcow2 fail
test-amd64-amd64-xl-qcow2 fail
test-armhf-armhf-xl-qcow2 fail
test-amd64-i386-xl-qcow2 fail
test-amd64-amd64-libvirt-raw pass
test-armhf-armhf-libvirt-raw fail
test-amd64-i386-libvirt-raw fail
test-amd64-amd64-xl-raw fail
test-armhf-armhf-xl-raw fail
test-amd64-i386-xl-raw fail
test-amd64-amd64-xl-rtds pass
test-armhf-armhf-xl-rtds fail
test-amd64-i386-xl-qemut-winxpsp3-vcpus1 fail
test-amd64-i386-xl-qemuu-winxpsp3-vcpus1 fail
test-amd64-amd64-libvirt-vhd pass
test-armhf-armhf-libvirt-vhd fail
test-amd64-i386-libvirt-vhd fail
test-amd64-amd64-xl-vhd pass
test-armhf-armhf-xl-vhd fail
test-amd64-i386-xl-vhd fail
test-amd64-amd64-xl-qemut-winxpsp3 pass
test-amd64-i386-xl-qemut-winxpsp3 fail
test-amd64-amd64-xl-qemuu-winxpsp3 pass
test-amd64-i386-xl-qemuu-winxpsp3 fail
------------------------------------------------------------
sg-report-flight on osstest.test-lab.xenproject.org
logs: /home/logs/logs
images: /home/logs/images
Logs, config files, etc. are available at
http://logs.test-lab.xenproject.org/osstest/logs
Explanation of these reports, and of osstest in general, is at
http://xenbits.xen.org/gitweb/?p=osstest.git;a=blob;f=README.email;hb=master
http://xenbits.xen.org/gitweb/?p=osstest.git;a=blob;f=README;hb=master
Test harness code can be found at
http://xenbits.xen.org/gitweb?p=osstest.git;a=summary
Push not applicable.
^ permalink raw reply [flat|nested] only message in thread
only message in thread, other threads:[~2015-09-21 13:11 UTC | newest]
Thread overview: (only message) (download: mbox.gz follow: Atom feed
-- links below jump to the message on this page --
2015-09-21 13:11 [linux-next test] 62146: regressions - FAIL osstest service owner
This is a public inbox, see mirroring instructions
for how to clone and mirror all data and code used for this inbox;
as well as URLs for NNTP newsgroup(s).