* [qemu-upstream-4.5-testing test] 62151: regressions - FAIL
@ 2015-09-21 21:40 osstest service owner
0 siblings, 0 replies; only message in thread
From: osstest service owner @ 2015-09-21 21:40 UTC (permalink / raw)
To: xen-devel, osstest-admin
flight 62151 qemu-upstream-4.5-testing real [real]
http://logs.test-lab.xenproject.org/osstest/logs/62151/
Regressions :-(
Tests which did not succeed and are blocking,
including tests which could not be run:
test-amd64-i386-xl-vhd 9 debian-di-install fail REGR. vs. 60577
test-amd64-i386-xl-raw 9 debian-di-install fail REGR. vs. 60577
test-amd64-amd64-xl-raw 9 debian-di-install fail REGR. vs. 60577
test-amd64-amd64-xl-qemuu-winxpsp3 16 guest-localmigrate/x10 fail in 62075 REGR. vs. 60577
Tests which are failing intermittently (not blocking):
test-amd64-amd64-xl-qemuu-win7-amd64 16 guest-localmigrate/x10 fail in 62075 pass in 62151
test-armhf-armhf-xl-raw 6 xen-boot fail pass in 62075
test-amd64-amd64-xl-qemuu-winxpsp3 13 guest-localmigrate fail pass in 62075
Regressions which are regarded as allowable (not blocking):
test-amd64-amd64-libvirt-raw 9 debian-di-install fail REGR. vs. 60577
test-armhf-armhf-xl-rtds 15 guest-start.2 fail REGR. vs. 60577
test-amd64-amd64-xl-rtds 6 xen-boot fail REGR. vs. 60577
test-amd64-i386-xl-qemuu-win7-amd64 16 guest-localmigrate/x10 fail in 62075 blocked in 60577
test-amd64-i386-libvirt 11 guest-start fail like 60577
test-amd64-amd64-xl-qemuu-win7-amd64 17 guest-stop fail like 60577
test-amd64-i386-xl-qemuu-win7-amd64 13 guest-localmigrate fail like 60577
Tests which did not succeed, but are not blocking:
test-armhf-armhf-xl-raw 9 debian-di-install fail in 62075 never pass
test-amd64-amd64-xl-pvh-intel 11 guest-start fail never pass
test-amd64-amd64-xl-pvh-amd 11 guest-start fail never pass
test-amd64-i386-xl-qcow2 9 debian-di-install fail never pass
test-armhf-armhf-xl-qcow2 9 debian-di-install fail never pass
test-armhf-armhf-libvirt-qcow2 9 debian-di-install fail never pass
test-armhf-armhf-libvirt-vhd 9 debian-di-install fail never pass
test-armhf-armhf-libvirt-raw 9 debian-di-install fail never pass
test-armhf-armhf-libvirt 14 guest-saverestore fail never pass
test-armhf-armhf-libvirt 12 migrate-support-check fail never pass
test-amd64-amd64-libvirt 12 migrate-support-check fail never pass
test-armhf-armhf-xl-rtds 13 saverestore-support-check fail never pass
test-armhf-armhf-xl-rtds 12 migrate-support-check fail never pass
test-amd64-i386-libvirt-qcow2 11 migrate-support-check fail never pass
test-armhf-armhf-xl-cubietruck 12 migrate-support-check fail never pass
test-armhf-armhf-xl-cubietruck 13 saverestore-support-check fail never pass
test-amd64-i386-libvirt-vhd 11 migrate-support-check fail never pass
test-armhf-armhf-xl-multivcpu 13 saverestore-support-check fail never pass
test-armhf-armhf-xl-multivcpu 12 migrate-support-check fail never pass
test-amd64-amd64-libvirt-qcow2 11 migrate-support-check fail never pass
test-amd64-amd64-libvirt-vhd 11 migrate-support-check fail never pass
test-amd64-i386-libvirt-raw 11 migrate-support-check fail never pass
test-armhf-armhf-xl-credit2 13 saverestore-support-check fail never pass
test-armhf-armhf-xl-credit2 12 migrate-support-check fail never pass
test-armhf-armhf-xl 12 migrate-support-check fail never pass
test-armhf-armhf-xl 13 saverestore-support-check fail never pass
test-armhf-armhf-xl-arndale 12 migrate-support-check fail never pass
test-armhf-armhf-xl-arndale 13 saverestore-support-check fail never pass
test-armhf-armhf-xl-vhd 9 debian-di-install fail never pass
version targeted for testing:
qemuu e5a1bb22cfb307db909dbd3404c48e5bbeb9e66d
baseline version:
qemuu f74d682ee4878af6a8e943f5f0b595af92b20084
Last test of basis 60577 2015-08-04 12:45:54 Z 48 days
Failing since 60964 2015-08-28 09:10:02 Z 24 days 7 attempts
Testing same since 62075 2015-09-16 20:58:46 Z 5 days 2 attempts
------------------------------------------------------------
People who touched revisions under test:
Gerd Hoffmann <kraxel@redhat.com>
P J P <pjp@fedoraproject.org>
Peter Lieven <pl@kamp.de>
Stefan Hajnoczi <stefanha@redhat.com>
Stefano Stabellini <stefano.stabellini@eu.citrix.com>
jobs:
build-amd64 pass
build-armhf pass
build-i386 pass
build-amd64-libvirt pass
build-armhf-libvirt pass
build-i386-libvirt pass
build-amd64-pvops pass
build-armhf-pvops pass
build-i386-pvops pass
test-amd64-amd64-xl pass
test-armhf-armhf-xl pass
test-amd64-i386-xl pass
test-amd64-amd64-xl-pvh-amd fail
test-amd64-i386-qemuu-rhel6hvm-amd pass
test-amd64-amd64-xl-qemuu-debianhvm-amd64 pass
test-amd64-i386-xl-qemuu-debianhvm-amd64 pass
test-amd64-i386-freebsd10-amd64 pass
test-amd64-amd64-xl-qemuu-ovmf-amd64 pass
test-amd64-i386-xl-qemuu-ovmf-amd64 pass
test-amd64-amd64-xl-qemuu-win7-amd64 fail
test-amd64-i386-xl-qemuu-win7-amd64 fail
test-armhf-armhf-xl-arndale pass
test-amd64-amd64-xl-credit2 pass
test-armhf-armhf-xl-credit2 pass
test-armhf-armhf-xl-cubietruck pass
test-amd64-i386-freebsd10-i386 pass
test-amd64-amd64-xl-pvh-intel fail
test-amd64-i386-qemuu-rhel6hvm-intel pass
test-amd64-amd64-libvirt pass
test-armhf-armhf-libvirt fail
test-amd64-i386-libvirt fail
test-amd64-amd64-xl-multivcpu pass
test-armhf-armhf-xl-multivcpu pass
test-amd64-amd64-pair pass
test-amd64-i386-pair pass
test-amd64-amd64-libvirt-pair pass
test-amd64-i386-libvirt-pair pass
test-amd64-amd64-amd64-pvgrub pass
test-amd64-amd64-i386-pvgrub pass
test-amd64-amd64-pygrub pass
test-amd64-amd64-libvirt-qcow2 pass
test-armhf-armhf-libvirt-qcow2 fail
test-amd64-i386-libvirt-qcow2 pass
test-amd64-amd64-xl-qcow2 pass
test-armhf-armhf-xl-qcow2 fail
test-amd64-i386-xl-qcow2 fail
test-amd64-amd64-libvirt-raw fail
test-armhf-armhf-libvirt-raw fail
test-amd64-i386-libvirt-raw pass
test-amd64-amd64-xl-raw fail
test-armhf-armhf-xl-raw fail
test-amd64-i386-xl-raw fail
test-amd64-amd64-xl-rtds fail
test-armhf-armhf-xl-rtds fail
test-amd64-i386-xl-qemuu-winxpsp3-vcpus1 pass
test-amd64-amd64-libvirt-vhd pass
test-armhf-armhf-libvirt-vhd fail
test-amd64-i386-libvirt-vhd pass
test-amd64-amd64-xl-vhd pass
test-armhf-armhf-xl-vhd fail
test-amd64-i386-xl-vhd fail
test-amd64-amd64-xl-qemuu-winxpsp3 fail
test-amd64-i386-xl-qemuu-winxpsp3 pass
------------------------------------------------------------
sg-report-flight on osstest.test-lab.xenproject.org
logs: /home/logs/logs
images: /home/logs/images
Logs, config files, etc. are available at
http://logs.test-lab.xenproject.org/osstest/logs
Explanation of these reports, and of osstest in general, is at
http://xenbits.xen.org/gitweb/?p=osstest.git;a=blob;f=README.email;hb=master
http://xenbits.xen.org/gitweb/?p=osstest.git;a=blob;f=README;hb=master
Test harness code can be found at
http://xenbits.xen.org/gitweb?p=osstest.git;a=summary
Not pushing.
------------------------------------------------------------
commit e5a1bb22cfb307db909dbd3404c48e5bbeb9e66d
Author: P J P <pjp@fedoraproject.org>
Date: Tue Sep 15 16:46:59 2015 +0530
net: avoid infinite loop when receiving packets(CVE-2015-5278)
Ne2000 NIC uses ring buffer of NE2000_MEM_SIZE(49152)
bytes to process network packets. While receiving packets
via ne2000_receive() routine, a local 'index' variable
could exceed the ring buffer size, leading to an infinite
loop situation.
upstream-commit-id: 737d2b3c41d59eb8f94ab7eb419b957938f24943
Reported-by: Qinghao Tang <luodalongde@gmail.com>
Signed-off-by: P J P <pjp@fedoraproject.org>
Signed-off-by: Stefan Hajnoczi <stefanha@redhat.com>
Signed-off-by: Stefano Stabellini <stefano.stabellini@eu.citrix.com>
commit 49404164189c6b91dfe3f96f70ae007a5a560e94
Author: P J P <pjp@fedoraproject.org>
Date: Tue Sep 15 16:40:49 2015 +0530
net: add checks to validate ring buffer pointers(CVE-2015-5279)
Ne2000 NIC uses ring buffer of NE2000_MEM_SIZE(49152)
bytes to process network packets. While receiving packets
via ne2000_receive() routine, a local 'index' variable
could exceed the ring buffer size, which could lead to a
memory buffer overflow. Added other checks at initialisation.
upstream-commit-id: 9bbdbc66e5765068dce76e9269dce4547afd8ad4
Reported-by: Qinghao Tang <luodalongde@gmail.com>
Signed-off-by: P J P <pjp@fedoraproject.org>
Signed-off-by: Stefan Hajnoczi <stefanha@redhat.com>
Signed-off-by: Stefano Stabellini <stefano.stabellini@eu.citrix.com>
commit abb0a6d538474facd8fe4ccefb9a731325cd8fd5
Author: P J P <pjp@fedoraproject.org>
Date: Fri Sep 4 17:21:06 2015 +0100
e1000: Avoid infinite loop in processing transmit descriptor (CVE-2015-6815)
While processing transmit descriptors, it could lead to an infinite
loop if 'bytes' was to become zero; Add a check to avoid it.
[The guest can force 'bytes' to 0 by setting the hdr_len and mss
descriptor fields to 0.
--Stefan]
upstream-commit-id: b947ac2bf26479e710489739c465c8af336599e7
Signed-off-by: P J P <pjp@fedoraproject.org>
Signed-off-by: Stefan Hajnoczi <stefanha@redhat.com>
Reviewed-by: Thomas Huth <thuth@redhat.com>
Message-id: 1441383666-6590-1-git-send-email-stefanha@redhat.com
Signed-off-by: Stefano Stabellini <stefano.stabellini@eu.citrix.com>
commit c6dc376c4b5292769582137867d1be6c3960b5c7
Author: Peter Lieven <pl@kamp.de>
Date: Mon Jun 30 10:07:54 2014 +0200
ui/vnc: limit client_cut_text msg payload size
currently a malicious client could define a payload
size of 2^32 - 1 bytes and send up to that size of
data to the vnc server. The server would allocated
that amount of memory which could easily create an
out of memory condition.
This patch limits the payload size to 1MB max.
Please note that client_cut_text messages are currently
silently ignored.
Signed-off-by: Peter Lieven <pl@kamp.de>
Signed-off-by: Gerd Hoffmann <kraxel@redhat.com>
^ permalink raw reply [flat|nested] only message in thread
only message in thread, other threads:[~2015-09-21 21:40 UTC | newest]
Thread overview: (only message) (download: mbox.gz follow: Atom feed
-- links below jump to the message on this page --
2015-09-21 21:40 [qemu-upstream-4.5-testing test] 62151: regressions - FAIL osstest service owner
This is a public inbox, see mirroring instructions
for how to clone and mirror all data and code used for this inbox;
as well as URLs for NNTP newsgroup(s).