xen-devel.lists.xenproject.org archive mirror
 help / color / mirror / Atom feed
* [xen-unstable test] 62156: regressions - FAIL
@ 2015-09-22  0:23 osstest service owner
  2015-09-22  9:05 ` Ian Campbell
  0 siblings, 1 reply; 4+ messages in thread
From: osstest service owner @ 2015-09-22  0:23 UTC (permalink / raw)
  To: xen-devel, osstest-admin

flight 62156 xen-unstable real [real]
http://logs.test-lab.xenproject.org/osstest/logs/62156/

Regressions :-(

Tests which did not succeed and are blocking,
including tests which could not be run:
 test-amd64-amd64-xl-qemut-stubdom-debianhvm-amd64-xsm 13 guest-localmigrate fail REGR. vs. 61627

Regressions which are regarded as allowable (not blocking):
 test-armhf-armhf-libvirt-qcow2  5 xen-install             fail REGR. vs. 61627
 test-amd64-i386-xl-qemut-stubdom-debianhvm-amd64-xsm 9 debian-hvm-install fail like 61627
 test-amd64-i386-xl-qemuu-win7-amd64 17 guest-stop              fail like 61627
 test-amd64-amd64-xl-qemut-win7-amd64 17 guest-stop             fail like 61627

Tests which did not succeed, but are not blocking:
 test-amd64-amd64-xl-pvh-amd  11 guest-start                  fail   never pass
 test-amd64-amd64-xl-pvh-intel 11 guest-start                  fail  never pass
 test-armhf-armhf-xl-raw       9 debian-di-install            fail   never pass
 test-armhf-armhf-xl-vhd       9 debian-di-install            fail   never pass
 test-armhf-armhf-xl-qcow2     9 debian-di-install            fail   never pass
 test-armhf-armhf-libvirt     14 guest-saverestore            fail   never pass
 test-armhf-armhf-libvirt     12 migrate-support-check        fail   never pass
 test-armhf-armhf-libvirt-xsm 12 migrate-support-check        fail   never pass
 test-armhf-armhf-libvirt-xsm 14 guest-saverestore            fail   never pass
 test-amd64-i386-libvirt      12 migrate-support-check        fail   never pass
 test-amd64-amd64-libvirt     12 migrate-support-check        fail   never pass
 test-armhf-armhf-xl-rtds     13 saverestore-support-check    fail   never pass
 test-armhf-armhf-xl-rtds     12 migrate-support-check        fail   never pass
 test-armhf-armhf-xl-rtds     16 guest-start/debian.repeat    fail   never pass
 test-amd64-i386-libvirt-raw  11 migrate-support-check        fail   never pass
 test-armhf-armhf-xl          12 migrate-support-check        fail   never pass
 test-armhf-armhf-xl          13 saverestore-support-check    fail   never pass
 test-amd64-amd64-libvirt-vhd 11 migrate-support-check        fail   never pass
 test-amd64-amd64-libvirt-qemuu-debianhvm-amd64-xsm 10 migrate-support-check fail never pass
 test-armhf-armhf-xl-xsm      13 saverestore-support-check    fail   never pass
 test-armhf-armhf-xl-xsm      12 migrate-support-check        fail   never pass
 test-amd64-i386-libvirt-xsm  12 migrate-support-check        fail   never pass
 test-armhf-armhf-xl-arndale  12 migrate-support-check        fail   never pass
 test-armhf-armhf-xl-arndale  13 saverestore-support-check    fail   never pass
 test-amd64-amd64-libvirt-xsm 12 migrate-support-check        fail   never pass
 test-armhf-armhf-xl-multivcpu 13 saverestore-support-check    fail  never pass
 test-armhf-armhf-xl-multivcpu 12 migrate-support-check        fail  never pass
 test-amd64-i386-xl-qemut-win7-amd64 17 guest-stop              fail never pass
 test-armhf-armhf-xl-credit2  13 saverestore-support-check    fail   never pass
 test-armhf-armhf-xl-credit2  12 migrate-support-check        fail   never pass
 test-armhf-armhf-xl-cubietruck 12 migrate-support-check        fail never pass
 test-armhf-armhf-xl-cubietruck 13 saverestore-support-check    fail never pass
 test-amd64-i386-libvirt-vhd  11 migrate-support-check        fail   never pass
 test-amd64-amd64-xl-qemuu-win7-amd64 17 guest-stop             fail never pass
 test-amd64-i386-libvirt-qemuu-debianhvm-amd64-xsm 10 migrate-support-check fail never pass
 test-armhf-armhf-libvirt-vhd  9 debian-di-install            fail   never pass
 test-amd64-i386-libvirt-qcow2 11 migrate-support-check        fail  never pass
 test-amd64-amd64-libvirt-raw 11 migrate-support-check        fail   never pass
 test-amd64-amd64-libvirt-qcow2 11 migrate-support-check        fail never pass
 test-armhf-armhf-libvirt-raw  9 debian-di-install            fail   never pass

version targeted for testing:
 xen                  4600d7560425f89b32cd90ecf6084bae9293dfab
baseline version:
 xen                  a7b39c8bd6cba3fe1c8012987b9e28bdbac7e92d

Last test of basis    61627  2015-09-08 14:33:27 Z   13 days
Failing since         61739  2015-09-10 06:45:52 Z   11 days    5 attempts
Testing same since    62156  2015-09-19 05:43:02 Z    2 days    1 attempts

------------------------------------------------------------
People who touched revisions under test:
  Andrew Cooper <andrew.cooper3@citrix.com>
  Boris Ostrovsky <boris.ostrovsky@oracle.com>
  Chris Brand <chris.brand@broadcom.com>
  Christoph Egger <chegger@amazon.de>
  Chunyan Liu <cyliu@suse.com>
  Daniel De Graaf <dgdegra@tycho.nsa.gov>
  Daniel Kiper <daniel.kiper@oracle.com>
  David Vrabel <david.vrabel@citrix.com>
  George Dunlap <george.dunlap@citrix.com>
  Hanjun Guo <hanjun.guo@linaro.org>
  Haozhong Zhang <haozhong.zhang@intel.com>
  Ian Campbell <ian.campbell@citrix.com>
  Ian Jackson <ian.jackson@eu.citrix.com>
  Jan Beulich <jbeulich@suse.com>
  Jonathan Creekmore <jonathan.creekmore@gmail.com>
  Julien Grall <julien.grall@citrix.com>
  Kevin Tian <kevin.tian@intel.com>
  Kouya Shimura <kouya@jp.fujitsu.com>
  Len Brown <len.brown@intel.com>
  Rafael J. Wysocki <rafael.j.wysocki@intel.com>
  Razvan Cojocaru <rcojocaru@bitdefender.com>
  Shannon Zhao <shannon.zhao@linaro.org>
  Stefano Stabellini <stefano.stabellini@eu.citrix.com>
  Tamas K Lengyel <tamas@tklengyel.com>
  Tiejun Chen <tiejun.chen@intel.com>
  Tomasz Nowicki <tomasz.nowicki@linaro.org>
  Vitaly Kuznetsov <vkuznets@redhat.com>
  Wei Liu <wei.liu2@citrix.com>

jobs:
 build-amd64-xsm                                              pass    
 build-armhf-xsm                                              pass    
 build-i386-xsm                                               pass    
 build-amd64                                                  pass    
 build-armhf                                                  pass    
 build-i386                                                   pass    
 build-amd64-libvirt                                          pass    
 build-armhf-libvirt                                          pass    
 build-i386-libvirt                                           pass    
 build-amd64-oldkern                                          pass    
 build-i386-oldkern                                           pass    
 build-amd64-prev                                             pass    
 build-i386-prev                                              pass    
 build-amd64-pvops                                            pass    
 build-armhf-pvops                                            pass    
 build-i386-pvops                                             pass    
 build-amd64-rumpuserxen                                      pass    
 build-i386-rumpuserxen                                       pass    
 test-amd64-amd64-xl                                          pass    
 test-armhf-armhf-xl                                          pass    
 test-amd64-i386-xl                                           pass    
 test-amd64-amd64-xl-qemut-debianhvm-amd64-xsm                pass    
 test-amd64-i386-xl-qemut-debianhvm-amd64-xsm                 pass    
 test-amd64-amd64-libvirt-qemuu-debianhvm-amd64-xsm           pass    
 test-amd64-i386-libvirt-qemuu-debianhvm-amd64-xsm            pass    
 test-amd64-amd64-xl-qemuu-debianhvm-amd64-xsm                pass    
 test-amd64-i386-xl-qemuu-debianhvm-amd64-xsm                 pass    
 test-amd64-amd64-xl-qemut-stubdom-debianhvm-amd64-xsm        fail    
 test-amd64-i386-xl-qemut-stubdom-debianhvm-amd64-xsm         fail    
 test-amd64-amd64-libvirt-xsm                                 pass    
 test-armhf-armhf-libvirt-xsm                                 fail    
 test-amd64-i386-libvirt-xsm                                  pass    
 test-amd64-amd64-xl-xsm                                      pass    
 test-armhf-armhf-xl-xsm                                      pass    
 test-amd64-i386-xl-xsm                                       pass    
 test-amd64-amd64-xl-pvh-amd                                  fail    
 test-amd64-i386-qemut-rhel6hvm-amd                           pass    
 test-amd64-i386-qemuu-rhel6hvm-amd                           pass    
 test-amd64-amd64-xl-qemut-debianhvm-amd64                    pass    
 test-amd64-i386-xl-qemut-debianhvm-amd64                     pass    
 test-amd64-amd64-xl-qemuu-debianhvm-amd64                    pass    
 test-amd64-i386-xl-qemuu-debianhvm-amd64                     pass    
 test-amd64-i386-freebsd10-amd64                              pass    
 test-amd64-amd64-xl-qemuu-ovmf-amd64                         pass    
 test-amd64-i386-xl-qemuu-ovmf-amd64                          pass    
 test-amd64-amd64-rumpuserxen-amd64                           pass    
 test-amd64-amd64-xl-qemut-win7-amd64                         fail    
 test-amd64-i386-xl-qemut-win7-amd64                          fail    
 test-amd64-amd64-xl-qemuu-win7-amd64                         fail    
 test-amd64-i386-xl-qemuu-win7-amd64                          fail    
 test-armhf-armhf-xl-arndale                                  pass    
 test-amd64-amd64-xl-credit2                                  pass    
 test-armhf-armhf-xl-credit2                                  pass    
 test-armhf-armhf-xl-cubietruck                               pass    
 test-amd64-i386-freebsd10-i386                               pass    
 test-amd64-i386-rumpuserxen-i386                             pass    
 test-amd64-amd64-xl-pvh-intel                                fail    
 test-amd64-i386-qemut-rhel6hvm-intel                         pass    
 test-amd64-i386-qemuu-rhel6hvm-intel                         pass    
 test-amd64-amd64-libvirt                                     pass    
 test-armhf-armhf-libvirt                                     fail    
 test-amd64-i386-libvirt                                      pass    
 test-amd64-amd64-migrupgrade                                 pass    
 test-amd64-i386-migrupgrade                                  pass    
 test-amd64-amd64-xl-multivcpu                                pass    
 test-armhf-armhf-xl-multivcpu                                pass    
 test-amd64-amd64-pair                                        pass    
 test-amd64-i386-pair                                         pass    
 test-amd64-amd64-libvirt-pair                                pass    
 test-amd64-i386-libvirt-pair                                 pass    
 test-amd64-amd64-amd64-pvgrub                                pass    
 test-amd64-amd64-i386-pvgrub                                 pass    
 test-amd64-amd64-pygrub                                      pass    
 test-amd64-amd64-libvirt-qcow2                               pass    
 test-armhf-armhf-libvirt-qcow2                               fail    
 test-amd64-i386-libvirt-qcow2                                pass    
 test-amd64-amd64-xl-qcow2                                    pass    
 test-armhf-armhf-xl-qcow2                                    fail    
 test-amd64-i386-xl-qcow2                                     pass    
 test-amd64-amd64-libvirt-raw                                 pass    
 test-armhf-armhf-libvirt-raw                                 fail    
 test-amd64-i386-libvirt-raw                                  pass    
 test-amd64-amd64-xl-raw                                      pass    
 test-armhf-armhf-xl-raw                                      fail    
 test-amd64-i386-xl-raw                                       pass    
 test-amd64-amd64-xl-rtds                                     pass    
 test-armhf-armhf-xl-rtds                                     fail    
 test-amd64-i386-xl-qemut-winxpsp3-vcpus1                     pass    
 test-amd64-i386-xl-qemuu-winxpsp3-vcpus1                     pass    
 test-amd64-amd64-libvirt-vhd                                 pass    
 test-armhf-armhf-libvirt-vhd                                 fail    
 test-amd64-i386-libvirt-vhd                                  pass    
 test-amd64-amd64-xl-vhd                                      pass    
 test-armhf-armhf-xl-vhd                                      fail    
 test-amd64-i386-xl-vhd                                       pass    
 test-amd64-amd64-xl-qemut-winxpsp3                           pass    
 test-amd64-i386-xl-qemut-winxpsp3                            pass    
 test-amd64-amd64-xl-qemuu-winxpsp3                           pass    
 test-amd64-i386-xl-qemuu-winxpsp3                            pass    


------------------------------------------------------------
sg-report-flight on osstest.test-lab.xenproject.org
logs: /home/logs/logs
images: /home/logs/images

Logs, config files, etc. are available at
    http://logs.test-lab.xenproject.org/osstest/logs

Explanation of these reports, and of osstest in general, is at
    http://xenbits.xen.org/gitweb/?p=osstest.git;a=blob;f=README.email;hb=master
    http://xenbits.xen.org/gitweb/?p=osstest.git;a=blob;f=README;hb=master

Test harness code can be found at
    http://xenbits.xen.org/gitweb?p=osstest.git;a=summary


Not pushing.

(No revision log; it would be 815 lines long.)

^ permalink raw reply	[flat|nested] 4+ messages in thread

* Re: [xen-unstable test] 62156: regressions - FAIL
  2015-09-22  0:23 [xen-unstable test] 62156: regressions - FAIL osstest service owner
@ 2015-09-22  9:05 ` Ian Campbell
  2015-09-22  9:43   ` Jan Beulich
  2015-09-22 10:33   ` Ian Campbell
  0 siblings, 2 replies; 4+ messages in thread
From: Ian Campbell @ 2015-09-22  9:05 UTC (permalink / raw)
  To: osstest service owner, xen-devel

On Tue, 2015-09-22 at 00:23 +0000, osstest service owner wrote:
> flight 62156 xen-unstable real [real]
> http://logs.test-lab.xenproject.org/osstest/logs/62156/
> 
> Regressions :-(
> 
> Tests which did not succeed and are blocking,
> including tests which could not be run:
>  test-amd64-amd64-xl-qemut-stubdom-debianhvm-amd64-xsm 13 guest-localmigrate fail REGR. vs. 61627

http://logs.test-lab.xenproject.org/osstest/results/history/test-amd64-amd64-xl-qemut-stubdom-debianhvm-amd64-xsm/xen-unstable.html

shows that this is intermittently failing either guest-localmigrate or
guest-localmigrate.2 (and also that it appears host specific to merlot*)

I think we should force push.

> version targeted for testing:
>  xen                  4600d7560425f89b32cd90ecf6084bae9293dfab
> baseline version:
>  xen                  a7b39c8bd6cba3fe1c8012987b9e28bdbac7e92d
> 
> Last test of basis    61627  2015-09-08 14:33:27 Z   13 days
> Failing since         61739  2015-09-10 06:45:52 Z   11 days    5 attempts
> Testing same since    62156  2015-09-19 05:43:02 Z    2 days    1 attempts

Ian.

^ permalink raw reply	[flat|nested] 4+ messages in thread

* Re: [xen-unstable test] 62156: regressions - FAIL
  2015-09-22  9:05 ` Ian Campbell
@ 2015-09-22  9:43   ` Jan Beulich
  2015-09-22 10:33   ` Ian Campbell
  1 sibling, 0 replies; 4+ messages in thread
From: Jan Beulich @ 2015-09-22  9:43 UTC (permalink / raw)
  To: Ian Campbell; +Cc: xen-devel

>>> On 22.09.15 at 11:05, <ian.campbell@citrix.com> wrote:
> On Tue, 2015-09-22 at 00:23 +0000, osstest service owner wrote:
>> flight 62156 xen-unstable real [real]
>> http://logs.test-lab.xenproject.org/osstest/logs/62156/ 
>> 
>> Regressions :-(
>> 
>> Tests which did not succeed and are blocking,
>> including tests which could not be run:
>>  test-amd64-amd64-xl-qemut-stubdom-debianhvm-amd64-xsm 13 guest-localmigrate fail 
> REGR. vs. 61627
> 
> http://logs.test-lab.xenproject.org/osstest/results/history/test-amd64-amd64-xl-q 
> emut-stubdom-debianhvm-amd64-xsm/xen-unstable.html
> 
> shows that this is intermittently failing either guest-localmigrate or
> guest-localmigrate.2 (and also that it appears host specific to merlot*)
> 
> I think we should force push.

+1

Jan

^ permalink raw reply	[flat|nested] 4+ messages in thread

* Re: [xen-unstable test] 62156: regressions - FAIL
  2015-09-22  9:05 ` Ian Campbell
  2015-09-22  9:43   ` Jan Beulich
@ 2015-09-22 10:33   ` Ian Campbell
  1 sibling, 0 replies; 4+ messages in thread
From: Ian Campbell @ 2015-09-22 10:33 UTC (permalink / raw)
  To: osstest service owner, xen-devel

On Tue, 2015-09-22 at 10:05 +0100, Ian Campbell wrote:
> On Tue, 2015-09-22 at 00:23 +0000, osstest service owner wrote:
> > flight 62156 xen-unstable real [real]
> > http://logs.test-lab.xenproject.org/osstest/logs/62156/
> > 
> > Regressions :-(
> > 
> > Tests which did not succeed and are blocking,
> > including tests which could not be run:
> >  test-amd64-amd64-xl-qemut-stubdom-debianhvm-amd64-xsm 13 guest
> > -localmigrate fail REGR. vs. 61627
> 
> http://logs.test-lab.xenproject.org/osstest/results/history/test-amd64-am
> d64-xl-qemut-stubdom-debianhvm-amd64-xsm/xen-unstable.html
> 
> shows that this is intermittently failing either guest-localmigrate or
> guest-localmigrate.2 (and also that it appears host specific to merlot*)
> 
> I think we should force push.

Jan (in this thread) and Ian (on IRC) agreed so I've gone ahead.

> 
> > version targeted for testing:
> >  xen                  4600d7560425f89b32cd90ecf6084bae9293dfab
> > baseline version:
> >  xen                  a7b39c8bd6cba3fe1c8012987b9e28bdbac7e92d
> > 
> > Last test of basis    61627  2015-09-08 14:33:27 Z   13 days
> > Failing since         61739  2015-09-10 06:45:52 Z   11 days    5 attempts
> > Testing same since    62156  2015-09-19 05:43:02 Z    2 days    1 attempts


(test-lab)osstest@osstest:~/branches/for-xen-unstable.git$ OSSTEST_CONFIG=production-config ./ap-push xen-unstable 4600d7560425f89b32cd90ecf6084bae9293dfab
+ branch=xen-unstable
+ revision=4600d7560425f89b32cd90ecf6084bae9293dfab
+ . cri-lock-repos
++ . cri-common
+++ . cri-getconfig
+++ umask 002
+++ getrepos
++++ getconfig Repos
++++ perl -e '
                use Osstest;
                readglobalconfig();
                print $c{"Repos"} or die $!;
        '
+++ local repos=/home/osstest/repos
+++ '[' -z /home/osstest/repos ']'
+++ '[' '!' -d /home/osstest/repos ']'
+++ echo /home/osstest/repos
++ repos=/home/osstest/repos
++ repos_lock=/home/osstest/repos/lock
++ '[' x '!=' x/home/osstest/repos/lock ']'
++ OSSTEST_REPOS_LOCK_LOCKED=/home/osstest/repos/lock
++ exec with-lock-ex -w /home/osstest/repos/lock ./ap-push xen-unstable 4600d7560425f89b32cd90ecf6084bae9293dfab
+ branch=xen-unstable
+ revision=4600d7560425f89b32cd90ecf6084bae9293dfab
+ . cri-lock-repos
++ . cri-common
+++ . cri-getconfig
+++ umask 002
+++ getrepos
++++ getconfig Repos
++++ perl -e '
                use Osstest;
                readglobalconfig();
                print $c{"Repos"} or die $!;
        '
+++ local repos=/home/osstest/repos
+++ '[' -z /home/osstest/repos ']'
+++ '[' '!' -d /home/osstest/repos ']'
+++ echo /home/osstest/repos
++ repos=/home/osstest/repos
++ repos_lock=/home/osstest/repos/lock
++ '[' x/home/osstest/repos/lock '!=' x/home/osstest/repos/lock ']'
+ . cri-common
++ . cri-getconfig
++ umask 002
+ select_xenbranch
+ case "$branch" in
+ tree=xen
+ xenbranch=xen-unstable
+ '[' xxen = xlinux ']'
+ linuxbranch=
+ '[' x = x ']'
+ qemuubranch=qemu-upstream-unstable
+ select_prevxenbranch
++ ./cri-getprevxenbranch xen-unstable
+ prevxenbranch=xen-4.6-testing
+ : tested/2.6.39.x
+ . ap-common
++ : osstest@xenbits.xen.org
+++ getconfig OsstestUpstream
+++ perl -e '
                use Osstest;
                readglobalconfig();
                print $c{"OsstestUpstream"} or die $!;
        '
++ :
++ : git://xenbits.xen.org/xen.git
++ : osstest@xenbits.xen.org:/home/xen/git/xen.git
++ : git://xenbits.xen.org/staging/qemu-xen-unstable.git
++ : git://git.kernel.org
++ : git://git.kernel.org/pub/scm/linux/kernel/git
++ : git
++ : git://libvirt.org/libvirt.git
++ : osstest@xenbits.xen.org:/home/xen/git/libvirt.git
++ : git://xenbits.xen.org/libvirt.git
++ : https://github.com/rumpkernel/rumprun-xen
++ : git
++ : git://xenbits.xen.org/rumpuser-xen.git
++ : osstest@xenbits.xen.org:/home/xen/git/rumpuser-xen.git
+++ besteffort_repo https://github.com/rumpkernel/rumpkernel-netbsd-src
+++ local repo=https://github.com/rumpkernel/rumpkernel-netbsd-src
+++ cached_repo https://github.com/rumpkernel/rumpkernel-netbsd-src '[fetch=try]'
+++ local repo=https://github.com/rumpkernel/rumpkernel-netbsd-src
+++ local 'options=[fetch=try]'
++++ getconfig GitCacheProxy
++++ perl -e '
                use Osstest;
                readglobalconfig();
                print $c{"GitCacheProxy"} or die $!;
        '
+++ local cache=git://cache:9419/
+++ '[' xgit://cache:9419/ '!=' x ']'
+++ echo 'git://cache:9419/https://github.com/rumpkernel/rumpkernel-netbsd-src%20[fetch=try]'
++ : 'git://cache:9419/https://github.com/rumpkernel/rumpkernel-netbsd-src%20[fetch=try]'
++ : git
++ : git://git.seabios.org/seabios.git
++ : osstest@xenbits.xen.org:/home/xen/git/osstest/seabios.git
++ : git://xenbits.xen.org/osstest/seabios.git
++ : https://github.com/tianocore/edk2.git
++ : osstest@xenbits.xen.org:/home/xen/git/osstest/ovmf.git
++ : git://xenbits.xen.org/osstest/ovmf.git
++ : git://xenbits.xen.org/osstest/linux-firmware.git
++ : osstest@xenbits.xen.org:/home/osstest/ext/linux-firmware.git
++ : git://git.kernel.org/pub/scm/linux/kernel/git/firmware/linux-firmware.git
++ : osstest@xenbits.xen.org:/home/xen/git/linux-pvops.git
++ : git://xenbits.xen.org/linux-pvops.git
++ : tested/linux-3.14
++ : tested/linux-arm-xen
++ '[' x = x ']'
++ : git://xenbits.xen.org/linux-pvops.git
++ : tested/linux-3.14
++ '[' x = x ']'
++ : git://xenbits.xen.org/linux-pvops.git
++ : tested/linux-arm-xen
++ : git://git.kernel.org/pub/scm/linux/kernel/git/konrad/xen.git
++ : tested/2.6.39.x
++ : daily-cron.xen-unstable
++ : daily-cron.xen-unstable
++ : daily-cron.xen-unstable
++ : daily-cron.xen-unstable
++ : daily-cron.xen-unstable
++ : daily-cron.xen-unstable
++ : http://hg.uk.xensource.com/carbon/trunk/linux-2.6.27
++ : git://xenbits.xen.org/staging/qemu-upstream-unstable.git
++ : daily-cron.xen-unstable
++ : git://git.qemu.org/qemu.git
++ : git://xenbits.xen.org/osstest/qemu.git
++ : osstest@xenbits.xen.org:/home/xen/git/osstest/qemu.git
++ : daily-cron.xen-unstable
+ TREE_LINUX=osstest@xenbits.xen.org:/home/xen/git/linux-pvops.git
+ TREE_QEMU_MAINLINE=osstest@xenbits.xen.org:/home/xen/git/osstest/qemu.git
+ TREE_QEMU_UPSTREAM=osstest@xenbits.xen.org:/home/xen/git/qemu-upstream-unstable.git
+ TREE_XEN=osstest@xenbits.xen.org:/home/xen/git/xen.git
+ TREE_LIBVIRT=osstest@xenbits.xen.org:/home/xen/git/libvirt.git
+ TREE_RUMPUSERXEN=osstest@xenbits.xen.org:/home/xen/git/rumpuser-xen.git
+ TREE_SEABIOS=osstest@xenbits.xen.org:/home/xen/git/osstest/seabios.git
+ TREE_OVMF=osstest@xenbits.xen.org:/home/xen/git/osstest/ovmf.git
+ info_linux_tree xen-unstable
+ case $1 in
+ return 1
+ case "$branch" in
+ cd /home/osstest/repos/xen
+ git push osstest@xenbits.xen.org:/home/xen/git/xen.git 4600d7560425f89b32cd90ecf6084bae9293dfab:refs/heads/master
Total 0 (delta 0), reused 0 (delta 0)
To osstest@xenbits.xen.org:/home/xen/git/xen.git
   a7b39c8..4600d75  4600d7560425f89b32cd90ecf6084bae9293dfab -> master

^ permalink raw reply	[flat|nested] 4+ messages in thread

end of thread, other threads:[~2015-09-22 10:33 UTC | newest]

Thread overview: 4+ messages (download: mbox.gz follow: Atom feed
-- links below jump to the message on this page --
2015-09-22  0:23 [xen-unstable test] 62156: regressions - FAIL osstest service owner
2015-09-22  9:05 ` Ian Campbell
2015-09-22  9:43   ` Jan Beulich
2015-09-22 10:33   ` Ian Campbell

This is a public inbox, see mirroring instructions
for how to clone and mirror all data and code used for this inbox;
as well as URLs for NNTP newsgroup(s).