xen-devel.lists.xenproject.org archive mirror
 help / color / mirror / Atom feed
From: osstest service owner <osstest-admin@xenproject.org>
To: xen-devel@lists.xensource.com, osstest-admin@xenproject.org
Subject: [qemu-mainline test] 62173: tolerable FAIL - PUSHED
Date: Tue, 22 Sep 2015 15:15:11 +0000	[thread overview]
Message-ID: <osstest-62173-mainreport@xen.org> (raw)

[-- Warning: decoded text below may be mangled, UTF-8 assumed --]
[-- Attachment #1: Type: text/plain, Size: 18884 bytes --]

flight 62173 qemu-mainline real [real]
http://logs.test-lab.xenproject.org/osstest/logs/62173/

Failures :-/ but no regressions.

Regressions which are regarded as allowable (not blocking):
 test-armhf-armhf-xl-rtds     11 guest-start               fail REGR. vs. 61666

Tests which did not succeed, but are not blocking:
 test-amd64-amd64-xl-pvh-amd  11 guest-start                  fail   never pass
 test-armhf-armhf-xl-vhd       9 debian-di-install            fail   never pass
 test-amd64-amd64-xl-pvh-intel 11 guest-start                  fail  never pass
 test-armhf-armhf-libvirt-raw  9 debian-di-install            fail   never pass
 test-armhf-armhf-xl-qcow2     9 debian-di-install            fail   never pass
 test-armhf-armhf-libvirt-vhd  9 debian-di-install            fail   never pass
 test-armhf-armhf-xl-raw       9 debian-di-install            fail   never pass
 test-armhf-armhf-libvirt     14 guest-saverestore            fail   never pass
 test-armhf-armhf-libvirt     12 migrate-support-check        fail   never pass
 test-amd64-amd64-libvirt-pair 21 guest-migrate/src_host/dst_host fail never pass
 test-amd64-i386-libvirt-pair 21 guest-migrate/src_host/dst_host fail never pass
 test-amd64-i386-libvirt      12 migrate-support-check        fail   never pass
 test-amd64-amd64-libvirt-xsm 12 migrate-support-check        fail   never pass
 test-amd64-i386-libvirt-xsm  12 migrate-support-check        fail   never pass
 test-armhf-armhf-xl-arndale  12 migrate-support-check        fail   never pass
 test-armhf-armhf-xl-arndale  13 saverestore-support-check    fail   never pass
 test-amd64-i386-libvirt-qcow2 11 migrate-support-check        fail  never pass
 test-amd64-amd64-libvirt-qemuu-debianhvm-amd64-xsm 10 migrate-support-check fail never pass
 test-amd64-amd64-libvirt-raw 11 migrate-support-check        fail   never pass
 test-armhf-armhf-libvirt-xsm 12 migrate-support-check        fail   never pass
 test-armhf-armhf-libvirt-xsm 14 guest-saverestore            fail   never pass
 test-amd64-i386-libvirt-qemuu-debianhvm-amd64-xsm 10 migrate-support-check fail never pass
 test-armhf-armhf-xl-credit2  13 saverestore-support-check    fail   never pass
 test-armhf-armhf-xl-credit2  12 migrate-support-check        fail   never pass
 test-armhf-armhf-xl-cubietruck 12 migrate-support-check        fail never pass
 test-armhf-armhf-xl-cubietruck 13 saverestore-support-check    fail never pass
 test-amd64-amd64-libvirt     12 migrate-support-check        fail   never pass
 test-armhf-armhf-xl-xsm      13 saverestore-support-check    fail   never pass
 test-armhf-armhf-xl-xsm      12 migrate-support-check        fail   never pass
 test-amd64-i386-libvirt-raw  11 migrate-support-check        fail   never pass
 test-amd64-amd64-libvirt-qcow2 11 migrate-support-check        fail never pass
 test-amd64-amd64-xl-qemuu-win7-amd64 17 guest-stop             fail never pass
 test-amd64-i386-xl-qemuu-win7-amd64 17 guest-stop              fail never pass
 test-amd64-amd64-xl-vhd       9 debian-di-install            fail   never pass
 test-amd64-i386-libvirt-vhd   9 debian-di-install            fail   never pass
 test-amd64-amd64-libvirt-vhd  9 debian-di-install            fail   never pass
 test-amd64-i386-xl-vhd        9 debian-di-install            fail   never pass
 test-armhf-armhf-xl          12 migrate-support-check        fail   never pass
 test-armhf-armhf-xl          13 saverestore-support-check    fail   never pass
 test-armhf-armhf-xl-multivcpu 13 saverestore-support-check    fail  never pass
 test-armhf-armhf-xl-multivcpu 12 migrate-support-check        fail  never pass
 test-armhf-armhf-libvirt-qcow2  9 debian-di-install            fail never pass

version targeted for testing:
 qemuu                18640989a9f5e4d2e84b566c52ff1fccfa0dbf4a
baseline version:
 qemuu                fc04a730b7e60f4a62d6260d4eb9c537d1d3643f

Last test of basis    61666  2015-09-09 03:07:40 Z   13 days
Failing since         61767  2015-09-10 17:49:38 Z   11 days    5 attempts
Testing same since    62173  2015-09-19 20:57:30 Z    2 days    1 attempts

------------------------------------------------------------
People who touched revisions under test:
  Alberto Garcia <berto@igalia.com>
  Alex Smith <alex.smith@imgtec.com>
  Alexandre Derumier <aderumier@odiso.com>
  Alistair Francis <alistair.francis@xilinx.com>
  Andreas Färber <afaerber@suse.de>
  Andrey Korolyov <andrey@xdel.ru>
  Andrey Smetanin <asmetanin@virtuozzo.com>
  Aníbal Limón <anibal.limon@linux.intel.com>
  Aurelien Jarno <aurelien@aurel32.net>
  Benjamin Herrenschmidt <benh@kernel.crashing.org>
  Carlos L. Torres <carlos.torres@rackspace.com>
  Chen Gang <gang.chen.5i5j@gmail.com>
  Chen Gang <xili_gchen_5257@hotmail.com>
  Cornelia Huck <cornelia.huck@de.ibm.com>
  Daniel P. Berrange <berrange@redhat.com>
  Denis V. Lunev <den@openvz.org>
  Don Slutz <dslutz@verizon.com>
  Dr. David Alan Gilbert <dgilbert@redhat.com>
  Edgar E. Iglesias <edgar.iglesias@xilinx.com>
  Eduardo Habkost <ehabkost@redhat.com>
  Emilio G. Cota <cota@braap.org>
  Eric Blake <eblake@redhat.com>
  Fam Zheng <famz@redhat.com>
  Frank Schreuder <fschreuder@transip.nl>
  Gerd Hoffmann <kraxel@redhat.com>
  Gonglei <arei.gonglei@huawei.com>
  Guenter Roeck <linux@roeck-us.net>
  Igor Mammedov <imammedo@redhat.com>
  Jan Beulich <jbeulich@suse.com>
  Jason Wang <jasowang@redhat.com>
  Jean-Christophe Dubois <jcd@tribudubois.net>
  John Snow <jsnow@redhat.com>
  Juan Quintela <quintela@redhat.com>
  Kevin Wolf <kwolf@redhat.com>
  KONRAD Frederic <fred.konrad@greensocs.com>
  Konrad Rzeszutek Wilk <konrad.wilk@oracle.com>
  Kővágó, Zoltán <DirtY.iCE.hu@gmail.com>
  Laszlo Ersek <lersek@redhat.com>
  Laurent Desnogues <laurent.desnogues@gmail.com>
  Laurent Vivier <lvivier@redhat.com>
  Leon Alrae <leon.alrae@imgtec.com>
  Marc-André Lureau <marcandre.lureau@redhat.com>
  Markus Armbruster <armbru@redhat.com>
  Max Reitz <mreitz@redhat.com>
  Michael Marineau <michael.marineau@coreos.com>
  Michael S. Tsirkin <mst@redhat.com>
  Michael Tokarev <mjt@tls.msk.ru>
  Nathan Rossi <nathan@nathanrossi.com>
  P J P <pjp@fedoraproject.org>
  Paolo Bonzini <pbonzini@redhat.com>
  Pavel Butsykin <pbutsykin@virtuozzo.com>
  Pavel Dovgaluk <Pavel.Dovgaluk@ispras.ru>
  Pavel Dovgalyuk <pavel.dovgaluk@ispras.ru>
  Pavel Fedin <p.fedin@samsung.com>
  Petar Jovanovic <petar.jovanovic@imgtec.com>
  Peter Crosthwaite <crosthwaite.peter@gmail.com>
  Peter Crosthwaite <crosthwaitepeter@gmail.com>
  Peter Lieven <pl@kamp.de>
  Peter Maydell <peter.maydell@linaro.org>
  Radoslav Gerganov <rgerganov@vmware.com>
  Rainer Müller <raimue@codingfarm.de>
  Richard Henderson <rth@twiddle.net>
  Richard Purdie <richard.purdie@linuxfoundation.org>
  Richard W.M. Jones <rjones@redhat.com>
  Samuel Thibault <samuel.thibault@ens-lyon.org>
  Samuel Thibault <samuel.thibault@gnu.org>
  Serge Vakulenko <serge.vakulenko@gmail.com>
  Shannon Zhao <shannon.zhao@linaro.org>
  Shannon Zhao <zhaoshenglong@huawei.com>
  Shraddha Barke <shraddha.6596@gmail.com>
  Stefan Hajnoczi <stefanha@redhat.com>
  Stefan Weil <sw@weilnetz.de>
  Stefano Stabellini <stefano.stabellini@eu.citrix.com>
  Tiejun Chen <tiejun.chen@intel.com>
  Veres Lajos <vlajos@gmail.com>
  Wen Congyang <wency@cn.fujitsu.com>
  Yang Zhang <yang.z.zhang@Intel.com>

jobs:
 build-amd64-xsm                                              pass
 build-armhf-xsm                                              pass
 build-i386-xsm                                               pass
 build-amd64                                                  pass
 build-armhf                                                  pass
 build-i386                                                   pass
 build-amd64-libvirt                                          pass
 build-armhf-libvirt                                          pass
 build-i386-libvirt                                           pass
 build-amd64-pvops                                            pass
 build-armhf-pvops                                            pass
 build-i386-pvops                                             pass
 test-amd64-amd64-xl                                          pass
 test-armhf-armhf-xl                                          pass
 test-amd64-i386-xl                                           pass
 test-amd64-amd64-libvirt-qemuu-debianhvm-amd64-xsm           pass
 test-amd64-i386-libvirt-qemuu-debianhvm-amd64-xsm            pass
 test-amd64-amd64-xl-qemuu-debianhvm-amd64-xsm                pass
 test-amd64-i386-xl-qemuu-debianhvm-amd64-xsm                 pass
 test-amd64-amd64-libvirt-xsm                                 pass
 test-armhf-armhf-libvirt-xsm                                 fail
 test-amd64-i386-libvirt-xsm                                  pass
 test-amd64-amd64-xl-xsm                                      pass
 test-armhf-armhf-xl-xsm                                      pass
 test-amd64-i386-xl-xsm                                       pass
 test-amd64-amd64-xl-pvh-amd                                  fail
 test-amd64-i386-qemuu-rhel6hvm-amd                           pass
 test-amd64-amd64-xl-qemuu-debianhvm-amd64                    pass
 test-amd64-i386-xl-qemuu-debianhvm-amd64                     pass
 test-amd64-i386-freebsd10-amd64                              pass
 test-amd64-amd64-xl-qemuu-ovmf-amd64                         pass
 test-amd64-i386-xl-qemuu-ovmf-amd64                          pass
 test-amd64-amd64-xl-qemuu-win7-amd64                         fail
 test-amd64-i386-xl-qemuu-win7-amd64                          fail
 test-armhf-armhf-xl-arndale                                  pass
 test-amd64-amd64-xl-credit2                                  pass
 test-armhf-armhf-xl-credit2                                  pass
 test-armhf-armhf-xl-cubietruck                               pass
 test-amd64-i386-freebsd10-i386                               pass
 test-amd64-amd64-xl-pvh-intel                                fail
 test-amd64-i386-qemuu-rhel6hvm-intel                         pass
 test-amd64-amd64-libvirt                                     pass
 test-armhf-armhf-libvirt                                     fail
 test-amd64-i386-libvirt                                      pass
 test-amd64-amd64-xl-multivcpu                                pass
 test-armhf-armhf-xl-multivcpu                                pass
 test-amd64-amd64-pair                                        pass
 test-amd64-i386-pair                                         pass
 test-amd64-amd64-libvirt-pair                                fail
 test-amd64-i386-libvirt-pair                                 fail
 test-amd64-amd64-amd64-pvgrub                                pass
 test-amd64-amd64-i386-pvgrub                                 pass
 test-amd64-amd64-pygrub                                      pass
 test-amd64-amd64-libvirt-qcow2                               pass
 test-armhf-armhf-libvirt-qcow2                               fail
 test-amd64-i386-libvirt-qcow2                                pass
 test-amd64-amd64-xl-qcow2                                    pass
 test-armhf-armhf-xl-qcow2                                    fail
 test-amd64-i386-xl-qcow2                                     pass
 test-amd64-amd64-libvirt-raw                                 pass
 test-armhf-armhf-libvirt-raw                                 fail
 test-amd64-i386-libvirt-raw                                  pass
 test-amd64-amd64-xl-raw                                      pass
 test-armhf-armhf-xl-raw                                      fail
 test-amd64-i386-xl-raw                                       pass
 test-amd64-amd64-xl-rtds                                     pass
 test-armhf-armhf-xl-rtds                                     fail
 test-amd64-i386-xl-qemuu-winxpsp3-vcpus1                     pass
 test-amd64-amd64-libvirt-vhd                                 fail
 test-armhf-armhf-libvirt-vhd                                 fail
 test-amd64-i386-libvirt-vhd                                  fail
 test-amd64-amd64-xl-vhd                                      fail
 test-armhf-armhf-xl-vhd                                      fail
 test-amd64-i386-xl-vhd                                       fail
 test-amd64-amd64-xl-qemuu-winxpsp3                           pass
 test-amd64-i386-xl-qemuu-winxpsp3                            pass


------------------------------------------------------------
sg-report-flight on osstest.test-lab.xenproject.org
logs: /home/logs/logs
images: /home/logs/images

Logs, config files, etc. are available at
    http://logs.test-lab.xenproject.org/osstest/logs

Explanation of these reports, and of osstest in general, is at
    http://xenbits.xen.org/gitweb/?p=osstest.git;a=blob;f=README.email;hb=master
    http://xenbits.xen.org/gitweb/?p=osstest.git;a=blob;f=README;hb=master

Test harness code can be found at
    http://xenbits.xen.org/gitweb?p=osstest.git;a=summary


Pushing revision :

+ branch=qemu-mainline
+ revision=18640989a9f5e4d2e84b566c52ff1fccfa0dbf4a
+ . cri-lock-repos
++ . cri-common
+++ . cri-getconfig
+++ umask 002
+++ getrepos
++++ getconfig Repos
++++ perl -e '
                use Osstest;
                readglobalconfig();
                print $c{"Repos"} or die $!;
        '
+++ local repos=/home/osstest/repos
+++ '[' -z /home/osstest/repos ']'
+++ '[' '!' -d /home/osstest/repos ']'
+++ echo /home/osstest/repos
++ repos=/home/osstest/repos
++ repos_lock=/home/osstest/repos/lock
++ '[' x '!=' x/home/osstest/repos/lock ']'
++ OSSTEST_REPOS_LOCK_LOCKED=/home/osstest/repos/lock
++ exec with-lock-ex -w /home/osstest/repos/lock ./ap-push qemu-mainline 18640989a9f5e4d2e84b566c52ff1fccfa0dbf4a
+ branch=qemu-mainline
+ revision=18640989a9f5e4d2e84b566c52ff1fccfa0dbf4a
+ . cri-lock-repos
++ . cri-common
+++ . cri-getconfig
+++ umask 002
+++ getrepos
++++ getconfig Repos
++++ perl -e '
                use Osstest;
                readglobalconfig();
                print $c{"Repos"} or die $!;
        '
+++ local repos=/home/osstest/repos
+++ '[' -z /home/osstest/repos ']'
+++ '[' '!' -d /home/osstest/repos ']'
+++ echo /home/osstest/repos
++ repos=/home/osstest/repos
++ repos_lock=/home/osstest/repos/lock
++ '[' x/home/osstest/repos/lock '!=' x/home/osstest/repos/lock ']'
+ . cri-common
++ . cri-getconfig
++ umask 002
+ select_xenbranch
+ case "$branch" in
+ tree=qemuu
+ xenbranch=xen-unstable
+ qemuubranch=qemu-mainline
+ '[' xqemuu = xlinux ']'
+ linuxbranch=
+ '[' xqemu-mainline = x ']'
+ select_prevxenbranch
++ ./cri-getprevxenbranch xen-unstable
+ prevxenbranch=xen-4.6-testing
+ : tested/2.6.39.x
+ . ap-common
++ : osstest@xenbits.xen.org
+++ getconfig OsstestUpstream
+++ perl -e '
                use Osstest;
                readglobalconfig();
                print $c{"OsstestUpstream"} or die $!;
        '
++ :
++ : git://xenbits.xen.org/xen.git
++ : osstest@xenbits.xen.org:/home/xen/git/xen.git
++ : git://xenbits.xen.org/staging/qemu-xen-unstable.git
++ : git://git.kernel.org
++ : git://git.kernel.org/pub/scm/linux/kernel/git
++ : git
++ : git://xenbits.xen.org/libvirt.git
++ : osstest@xenbits.xen.org:/home/xen/git/libvirt.git
++ : git://xenbits.xen.org/libvirt.git
++ : git://xenbits.xen.org/rumpuser-xen.git
++ : git
++ : git://xenbits.xen.org/rumpuser-xen.git
++ : osstest@xenbits.xen.org:/home/xen/git/rumpuser-xen.git
+++ besteffort_repo https://github.com/rumpkernel/rumpkernel-netbsd-src
+++ local repo=https://github.com/rumpkernel/rumpkernel-netbsd-src
+++ cached_repo https://github.com/rumpkernel/rumpkernel-netbsd-src '[fetch=try]'
+++ local repo=https://github.com/rumpkernel/rumpkernel-netbsd-src
+++ local 'options=[fetch=try]'
++++ getconfig GitCacheProxy
++++ perl -e '
                use Osstest;
                readglobalconfig();
                print $c{"GitCacheProxy"} or die $!;
        '
+++ local cache=git://cache:9419/
+++ '[' xgit://cache:9419/ '!=' x ']'
+++ echo 'git://cache:9419/https://github.com/rumpkernel/rumpkernel-netbsd-src%20[fetch=try]'
++ : 'git://cache:9419/https://github.com/rumpkernel/rumpkernel-netbsd-src%20[fetch=try]'
++ : git
++ : git://git.seabios.org/seabios.git
++ : osstest@xenbits.xen.org:/home/xen/git/osstest/seabios.git
++ : git://xenbits.xen.org/osstest/seabios.git
++ : https://github.com/tianocore/edk2.git
++ : osstest@xenbits.xen.org:/home/xen/git/osstest/ovmf.git
++ : git://xenbits.xen.org/osstest/ovmf.git
++ : git://xenbits.xen.org/osstest/linux-firmware.git
++ : osstest@xenbits.xen.org:/home/osstest/ext/linux-firmware.git
++ : git://git.kernel.org/pub/scm/linux/kernel/git/firmware/linux-firmware.git
++ : osstest@xenbits.xen.org:/home/xen/git/linux-pvops.git
++ : git://xenbits.xen.org/linux-pvops.git
++ : tested/linux-3.14
++ : tested/linux-arm-xen
++ '[' xgit://xenbits.xen.org/linux-pvops.git = x ']'
++ '[' x = x ']'
++ : git://xenbits.xen.org/linux-pvops.git
++ : tested/linux-arm-xen
++ : git://git.kernel.org/pub/scm/linux/kernel/git/konrad/xen.git
++ : tested/2.6.39.x
++ : daily-cron.qemu-mainline
++ : daily-cron.qemu-mainline
++ : daily-cron.qemu-mainline
++ : daily-cron.qemu-mainline
++ : daily-cron.qemu-mainline
++ : daily-cron.qemu-mainline
++ : http://hg.uk.xensource.com/carbon/trunk/linux-2.6.27
++ : git://git.qemu.org/qemu.git
++ : daily-cron.qemu-mainline
++ : git://git.qemu.org/qemu.git
++ : git://xenbits.xen.org/osstest/qemu.git
++ : osstest@xenbits.xen.org:/home/xen/git/osstest/qemu.git
++ : daily-cron.qemu-mainline
+ TREE_LINUX=osstest@xenbits.xen.org:/home/xen/git/linux-pvops.git
+ TREE_QEMU_MAINLINE=osstest@xenbits.xen.org:/home/xen/git/osstest/qemu.git
+ TREE_QEMU_UPSTREAM=osstest@xenbits.xen.org:/home/xen/git/qemu-upstream-unstable.git
+ TREE_XEN=osstest@xenbits.xen.org:/home/xen/git/xen.git
+ TREE_LIBVIRT=osstest@xenbits.xen.org:/home/xen/git/libvirt.git
+ TREE_RUMPUSERXEN=osstest@xenbits.xen.org:/home/xen/git/rumpuser-xen.git
+ TREE_SEABIOS=osstest@xenbits.xen.org:/home/xen/git/osstest/seabios.git
+ TREE_OVMF=osstest@xenbits.xen.org:/home/xen/git/osstest/ovmf.git
+ info_linux_tree qemu-mainline
+ case $1 in
+ return 1
+ case "$branch" in
+ cd /home/osstest/repos/qemu-mainline
+ git push osstest@xenbits.xen.org:/home/xen/git/osstest/qemu.git 18640989a9f5e4d2e84b566c52ff1fccfa0dbf4a:refs/heads/mainline/xen-tested-master
To osstest@xenbits.xen.org:/home/xen/git/osstest/qemu.git
   fc04a73..1864098  18640989a9f5e4d2e84b566c52ff1fccfa0dbf4a -> mainline/xen-tested-master


[-- Attachment #2: Type: text/plain, Size: 126 bytes --]

_______________________________________________
Xen-devel mailing list
Xen-devel@lists.xen.org
http://lists.xen.org/xen-devel

                 reply	other threads:[~2015-09-22 15:15 UTC|newest]

Thread overview: [no followups] expand[flat|nested]  mbox.gz  Atom feed

Reply instructions:

You may reply publicly to this message via plain-text email
using any one of the following methods:

* Save the following mbox file, import it into your mail client,
  and reply-to-all from there: mbox

  Avoid top-posting and favor interleaved quoting:
  https://en.wikipedia.org/wiki/Posting_style#Interleaved_style

* Reply using the --to, --cc, and --in-reply-to
  switches of git-send-email(1):

  git send-email \
    --in-reply-to=osstest-62173-mainreport@xen.org \
    --to=osstest-admin@xenproject.org \
    --cc=xen-devel@lists.xensource.com \
    /path/to/YOUR_REPLY

  https://kernel.org/pub/software/scm/git/docs/git-send-email.html

* If your mail client supports setting the In-Reply-To header
  via mailto: links, try the mailto: link
Be sure your reply has a Subject: header at the top and a blank line before the message body.
This is a public inbox, see mirroring instructions
for how to clone and mirror all data and code used for this inbox;
as well as URLs for NNTP newsgroup(s).