xen-devel.lists.xenproject.org archive mirror
 help / color / mirror / Atom feed
From: osstest service owner <osstest-admin@xenproject.org>
To: xen-devel@lists.xensource.com, osstest-admin@xenproject.org
Subject: [linux-4.1 test] 62256: regressions - FAIL
Date: Thu, 24 Sep 2015 00:25:38 +0000	[thread overview]
Message-ID: <osstest-62256-mainreport@xen.org> (raw)

[-- Warning: decoded text below may be mangled, UTF-8 assumed --]
[-- Attachment #1: Type: text/plain, Size: 16954 bytes --]

flight 62256 linux-4.1 real [real]
http://logs.test-lab.xenproject.org/osstest/logs/62256/

Regressions :-(

Tests which did not succeed and are blocking,
including tests which could not be run:
 test-amd64-i386-xl-qemut-stubdom-debianhvm-amd64-xsm 9 debian-hvm-install fail REGR. vs. 62053
 test-amd64-i386-xl-qemuu-debianhvm-amd64-xsm 19 guest-start/debianhvm.repeat fail REGR. vs. 62053

Regressions which are regarded as allowable (not blocking):
 test-armhf-armhf-xl-rtds     11 guest-start                  fail   like 62053
 test-amd64-amd64-xl-qemut-stubdom-debianhvm-amd64-xsm 13 guest-localmigrate fail like 62053
 test-amd64-amd64-xl-qemut-win7-amd64 17 guest-stop             fail like 62053
 test-amd64-amd64-xl-qemuu-win7-amd64 17 guest-stop             fail like 62053

Tests which did not succeed, but are not blocking:
 test-amd64-amd64-xl-pvh-intel 14 guest-saverestore            fail  never pass
 test-armhf-armhf-xl-qcow2     9 debian-di-install            fail   never pass
 test-armhf-armhf-libvirt-qcow2  9 debian-di-install            fail never pass
 test-armhf-armhf-xl-vhd       9 debian-di-install            fail   never pass
 test-armhf-armhf-libvirt-vhd  9 debian-di-install            fail   never pass
 test-armhf-armhf-xl-raw       9 debian-di-install            fail   never pass
 test-amd64-amd64-xl-pvh-amd  11 guest-start                  fail   never pass
 test-armhf-armhf-libvirt-raw  9 debian-di-install            fail   never pass
 test-armhf-armhf-libvirt-xsm 12 migrate-support-check        fail   never pass
 test-armhf-armhf-libvirt-xsm 14 guest-saverestore            fail   never pass
 test-amd64-amd64-libvirt-pair 21 guest-migrate/src_host/dst_host fail never pass
 test-armhf-armhf-libvirt     14 guest-saverestore            fail   never pass
 test-armhf-armhf-libvirt     12 migrate-support-check        fail   never pass
 test-amd64-i386-libvirt-xsm  12 migrate-support-check        fail   never pass
 test-amd64-amd64-libvirt     12 migrate-support-check        fail   never pass
 test-amd64-i386-libvirt      12 migrate-support-check        fail   never pass
 test-amd64-amd64-libvirt-xsm 12 migrate-support-check        fail   never pass
 test-armhf-armhf-xl          12 migrate-support-check        fail   never pass
 test-armhf-armhf-xl          13 saverestore-support-check    fail   never pass
 test-armhf-armhf-xl-xsm      13 saverestore-support-check    fail   never pass
 test-armhf-armhf-xl-xsm      12 migrate-support-check        fail   never pass
 test-armhf-armhf-xl-arndale  12 migrate-support-check        fail   never pass
 test-armhf-armhf-xl-arndale  13 saverestore-support-check    fail   never pass
 test-amd64-amd64-libvirt-qcow2 11 migrate-support-check        fail never pass
 test-amd64-i386-libvirt-pair 21 guest-migrate/src_host/dst_host fail never pass
 test-armhf-armhf-xl-multivcpu 13 saverestore-support-check    fail  never pass
 test-armhf-armhf-xl-multivcpu 12 migrate-support-check        fail  never pass
 test-amd64-amd64-libvirt-raw 11 migrate-support-check        fail   never pass
 test-armhf-armhf-xl-credit2  13 saverestore-support-check    fail   never pass
 test-armhf-armhf-xl-credit2  12 migrate-support-check        fail   never pass
 test-amd64-amd64-libvirt-qemuu-debianhvm-amd64-xsm 10 migrate-support-check fail never pass
 test-amd64-i386-libvirt-qcow2 11 migrate-support-check        fail  never pass
 test-amd64-i386-libvirt-vhd  11 migrate-support-check        fail   never pass
 test-amd64-i386-libvirt-qemuu-debianhvm-amd64-xsm 10 migrate-support-check fail never pass
 test-amd64-i386-libvirt-raw  11 migrate-support-check        fail   never pass
 test-armhf-armhf-xl-cubietruck 12 migrate-support-check        fail never pass
 test-armhf-armhf-xl-cubietruck 13 saverestore-support-check    fail never pass
 test-amd64-amd64-libvirt-vhd 11 migrate-support-check        fail   never pass
 test-amd64-i386-xl-qemuu-win7-amd64 17 guest-stop              fail never pass
 test-amd64-i386-xl-qemut-win7-amd64 17 guest-stop              fail never pass

version targeted for testing:
 linux                36311a9ec4904c080bbdfcefc0f3d609ed508224
baseline version:
 linux                0c5c1f1a4f991ee015da85cce6d2d9f9c9380b4f

Last test of basis    62053  2015-09-15 23:28:16 Z    8 days
Testing same since    62256  2015-09-21 17:12:23 Z    2 days    1 attempts

------------------------------------------------------------
People who touched revisions under test:
  "Eric W. Biederman" <ebiederm@xmission.com>
  Adam Lee <adam.lee@canonical.com>
  Alan Stern <stern@rowland.harvard.edu>
  Alex Deucher <alexander.deucher@amd.com>
  Alexander Duyck <alexander.h.duyck@redhat.com>
  Alexander Graf <agraf@suse.de>
  Andrew Morton <akpm@linux-foundation.org>
  Andrey Ryabinin <aryabinin@odin.com>
  Andy Lutomirski <luto@kernel.org>
  Axel Lin <axel.lin@ingics.com>
  Benjamin Cama <benoar@dolka.fr>
  Bjorn Andersson <bjorn.andersson@sonymobile.com>
  Bjorn Helgaas <bhelgaas@google.com>
  Borislav Petkov <bp@suse.de>
  Bruno Bierbaumer <bruno@bierbaumer.net>
  Caesar Wang <wxt@rock-chips.com>
  Charles Keepax <ckeepax@opensource.wolfsonmicro.com>
  Chris Wilson <chris@chris-wilson.co.uk>
  Colin Ian King <colin.king@canonical.com>
  Cristina Opriceana <cristina.opriceana@gmail.com>
  Damien.Horsley <Damien.Horsley@imgtec.com>
  Dan Carpenter <dan.carpenter@oracle.com>
  Daniel Mack <zonque@gmail.com>
  Darrick J. Wong <darrick.wong@oracle.com>
  Dave Airlie <airlied@redhat.com>
  Dave Chinner <david@fromorbit.com>
  David Daney <david.daney@cavium.com>
  David Ward <david.ward@ll.mit.edu>
  Detlef Vollmann <dv@vollmann.ch>
  Don Zickus <dzickus@redhat.com>
  Edward Kigwana <ekigwana@scires.com>
  Ellen Wang <ellen@cumulusnetworks.com>
  Eric W. Biederman <ebiederm@xmission.com>
  Ezequiel Garcia <ezequiel.garcia@imgtec.com>
  Felipe Balbi <balbi@ti.com>
  Gaurav K Singh <gaurav.k.singh@intel.com>
  Gautham R. Shenoy <ego@linux.vnet.ibm.com>
  Georgi Djakov <georgi.djakov@linaro.org>
  Govindraj Raja <govindraj.raja@imgtec.com>
  Grant Likely <grant.likely@linaro.org>
  Greg Kroah-Hartman <gregkh@linuxfoundation.org>
  Gregory CLEMENT <gregory.clement@free-electrons.com>
  Haozhong Zhang <haozhong.zhang@intel.com>
  Heiko Stuebner <heiko@sntech.de>
  Herbert Xu <herbert@gondor.apana.org.au>
  Hyungwon Hwang <human.hwang@samsung.com>
  Ian Abbott <abbotti@mev.co.uk>
  Imre Deak <imre.deak@intel.com>
  Ingo Molnar <mingo@kernel.org>
  Jan H. Schönherr <jschoenh@amazon.de>
  Jan Kara <jack@suse.com>
  Jani Nikula <jani.nikula@intel.com>
  Jiang Liu <jiang.liu@linux.intel.com>
  Jiri Kosina <jkosina@suse.com>
  Jiri Kosina <jkosina@suse.cz>
  Johan Hovold <johan@kernel.org>
  Johannes Thumshirn <jthumshirn@suse.de>
  John Lin <john.lin@realtek.com>
  Jonathan Cameron <jic23@kernel.org>
  Jonathon Jongsma <jjongsma@redhat.com>
  Juergen Gross <jgross@suse.com>
  Kees Cook <keescook@chromium.org>
  Kishon Vijay Abraham I <kishon@ti.com>
  Koji Matsuoka <koji.matsuoka.xm@renesas.com>
  Krzysztof Kozlowski <k.kozlowski@samsung.com>
  Lars Persson <larper@axis.com>
  Lars Persson <lars.persson@axis.com>
  Lars-Peter Clausen <lars@metafoo.de>
  Leonidas Da Silva Barbosa <leosilva@linux.vnet.ibm.com>
  Leonidas S Barbosa <leosilva@linux.vnet.ibm.com>
  Linus Torvalds <torvalds@linux-foundation.org>
  Lukas Wunner <lukas@wunner.de>
  Maciej S. Szmigiero <mail@maciej.szmigiero.name>
  Maciej Szmigiero <mail@maciej.szmigiero.name>
  Marek Szyprowski <m.szyprowski@samsung.com>
  Mark Brown <broonie@kernel.org>
  Mark Rustad <mark.d.rustad@intel.com>
  Markus Pargmann <mpa@pengutronix.de>
  Martin Schwidefsky <schwidefsky@de.ibm.com>
  Martin Sperl <kernel@martin.sperl.org>
  Masahiro Yamada <yamada.masahiro@socionext.com>
  Matthijs Kooijman <matthijs@stdin.nl>
  Max Filippov <jcmvbkbc@gmail.com>
  Michael Turquette <mturquette@baylibre.com>
  Michael van der Westhuizen <michael@smart-africa.com>
  Michal Pecio <michal.pecio@gmail.com>
  Michał Pecio <michal.pecio@gmail.com>
  Mikko Rapeli <mikko.rapeli@iki.fi>
  Mikulas Patocka <mikulas@twibright.com>
  Mikulas Patocka <mpatocka@redhat.com>
  Nikesh Oswal <Nikesh.Oswal@wolfsonmicro.com>
  Palmer Dabbelt <palmer@dabbelt.com>
  Paolo Bonzini <pbonzini@redhat.com>
  Paul Hordiienko <pvt.gord@gmail.com>
  Paul Mackerras <paulus@samba.org>
  Paul Moore <paul@paul-moore.com>
  Paul Walmsley <paul@pwsan.com>
  Pavel Shirshov <ru.pchel@gmail.com>
  Pawel Moll <pawel.moll@arm.com>
  Peter Chen <peter.chen@freescale.com>
  Peter Zijlstra <a.p.zijlstra@chello.nl>
  Philipp Hachtmann <hachti@hachti.de>
  Rafael J. Wysocki <rafael.j.wysocki@intel.com>
  Ricardo Ribalda Delgado <ricardo.ribalda@gmail.com>
  Rob Herring <robh@kernel.org>
  Robert Baldyga <r.baldyga@samsung.com>
  Robert Jarzmik <robert.jarzmik@free.fr>
  Sebastian Ott <sebott@linux.vnet.ibm.com>
  Serge Hallyn <serge.hallyn@canonical.com>
  Sifan Naeem <sifan.naeem@imgtec.com>
  Stephen Boyd <sboyd@codeaurora.org>
  Stephen Chandler Paul <cpaul@redhat.com>
  Sudip Mukherjee <sudip@vectorindia.org>
  Sudip Mukherjee <sudipm.mukherjee@gmail.com>
  Tejun Heo <tj@kernel.org>
  Tero Kristo <t-kristo@ti.com>
  Thierry Reding <treding@nvidia.com>
  Thomas Gleixner <tglx@linutronix.de>
  Tomasz Figa <tomasz.figa@gmail.com>
  Vaishali Thakkar <vthakkar1994@gmail.com>
  Vignesh R <vigneshr@ti.com>
  Ville Syrjälä <ville.syrjala@linux.intel.com>
  William Brown <william@blackhats.net.au>
  Wolfram Sang <wsa+renesas@sang-engineering.com>
  Wolfram Sang <wsa@the-dreams.de>
  Xiao Guangrong <guangrong.xiao@linux.intel.com>
  Xie XiuQi <xiexiuqi@huawei.com>
  Yoshihiro Kaneko <ykaneko0929@gmail.com>
  Zdenko Pulitika <zdenko.pulitika@imgtec.com>
  Zhang Rui <rui.zhang@intel.com>

jobs:
 build-amd64-xsm                                              pass
 build-armhf-xsm                                              pass
 build-i386-xsm                                               pass
 build-amd64                                                  pass
 build-armhf                                                  pass
 build-i386                                                   pass
 build-amd64-libvirt                                          pass
 build-armhf-libvirt                                          pass
 build-i386-libvirt                                           pass
 build-amd64-pvops                                            pass
 build-armhf-pvops                                            pass
 build-i386-pvops                                             pass
 build-amd64-rumpuserxen                                      pass
 build-i386-rumpuserxen                                       pass
 test-amd64-amd64-xl                                          pass
 test-armhf-armhf-xl                                          pass
 test-amd64-i386-xl                                           pass
 test-amd64-amd64-xl-qemut-debianhvm-amd64-xsm                pass
 test-amd64-i386-xl-qemut-debianhvm-amd64-xsm                 pass
 test-amd64-amd64-libvirt-qemuu-debianhvm-amd64-xsm           pass
 test-amd64-i386-libvirt-qemuu-debianhvm-amd64-xsm            pass
 test-amd64-amd64-xl-qemuu-debianhvm-amd64-xsm                pass
 test-amd64-i386-xl-qemuu-debianhvm-amd64-xsm                 fail
 test-amd64-amd64-xl-qemut-stubdom-debianhvm-amd64-xsm        fail
 test-amd64-i386-xl-qemut-stubdom-debianhvm-amd64-xsm         fail
 test-amd64-amd64-libvirt-xsm                                 pass
 test-armhf-armhf-libvirt-xsm                                 fail
 test-amd64-i386-libvirt-xsm                                  pass
 test-amd64-amd64-xl-xsm                                      pass
 test-armhf-armhf-xl-xsm                                      pass
 test-amd64-i386-xl-xsm                                       pass
 test-amd64-amd64-xl-pvh-amd                                  fail
 test-amd64-i386-qemut-rhel6hvm-amd                           pass
 test-amd64-i386-qemuu-rhel6hvm-amd                           pass
 test-amd64-amd64-xl-qemut-debianhvm-amd64                    pass
 test-amd64-i386-xl-qemut-debianhvm-amd64                     pass
 test-amd64-amd64-xl-qemuu-debianhvm-amd64                    pass
 test-amd64-i386-xl-qemuu-debianhvm-amd64                     pass
 test-amd64-i386-freebsd10-amd64                              pass
 test-amd64-amd64-xl-qemuu-ovmf-amd64                         pass
 test-amd64-i386-xl-qemuu-ovmf-amd64                          pass
 test-amd64-amd64-rumpuserxen-amd64                           pass
 test-amd64-amd64-xl-qemut-win7-amd64                         fail
 test-amd64-i386-xl-qemut-win7-amd64                          fail
 test-amd64-amd64-xl-qemuu-win7-amd64                         fail
 test-amd64-i386-xl-qemuu-win7-amd64                          fail
 test-armhf-armhf-xl-arndale                                  pass
 test-amd64-amd64-xl-credit2                                  pass
 test-armhf-armhf-xl-credit2                                  pass
 test-armhf-armhf-xl-cubietruck                               pass
 test-amd64-i386-freebsd10-i386                               pass
 test-amd64-i386-rumpuserxen-i386                             pass
 test-amd64-amd64-xl-pvh-intel                                fail
 test-amd64-i386-qemut-rhel6hvm-intel                         pass
 test-amd64-i386-qemuu-rhel6hvm-intel                         pass
 test-amd64-amd64-libvirt                                     pass
 test-armhf-armhf-libvirt                                     fail
 test-amd64-i386-libvirt                                      pass
 test-amd64-amd64-xl-multivcpu                                pass
 test-armhf-armhf-xl-multivcpu                                pass
 test-amd64-amd64-pair                                        pass
 test-amd64-i386-pair                                         pass
 test-amd64-amd64-libvirt-pair                                fail
 test-amd64-i386-libvirt-pair                                 fail
 test-amd64-amd64-amd64-pvgrub                                pass
 test-amd64-amd64-i386-pvgrub                                 pass
 test-amd64-amd64-pygrub                                      pass
 test-amd64-amd64-libvirt-qcow2                               pass
 test-armhf-armhf-libvirt-qcow2                               fail
 test-amd64-i386-libvirt-qcow2                                pass
 test-amd64-amd64-xl-qcow2                                    pass
 test-armhf-armhf-xl-qcow2                                    fail
 test-amd64-i386-xl-qcow2                                     pass
 test-amd64-amd64-libvirt-raw                                 pass
 test-armhf-armhf-libvirt-raw                                 fail
 test-amd64-i386-libvirt-raw                                  pass
 test-amd64-amd64-xl-raw                                      pass
 test-armhf-armhf-xl-raw                                      fail
 test-amd64-i386-xl-raw                                       pass
 test-amd64-amd64-xl-rtds                                     pass
 test-armhf-armhf-xl-rtds                                     fail
 test-amd64-i386-xl-qemut-winxpsp3-vcpus1                     pass
 test-amd64-i386-xl-qemuu-winxpsp3-vcpus1                     pass
 test-amd64-amd64-libvirt-vhd                                 pass
 test-armhf-armhf-libvirt-vhd                                 fail
 test-amd64-i386-libvirt-vhd                                  pass
 test-amd64-amd64-xl-vhd                                      pass
 test-armhf-armhf-xl-vhd                                      fail
 test-amd64-i386-xl-vhd                                       pass
 test-amd64-amd64-xl-qemut-winxpsp3                           pass
 test-amd64-i386-xl-qemut-winxpsp3                            pass
 test-amd64-amd64-xl-qemuu-winxpsp3                           pass
 test-amd64-i386-xl-qemuu-winxpsp3                            pass


------------------------------------------------------------
sg-report-flight on osstest.test-lab.xenproject.org
logs: /home/logs/logs
images: /home/logs/images

Logs, config files, etc. are available at
    http://logs.test-lab.xenproject.org/osstest/logs

Explanation of these reports, and of osstest in general, is at
    http://xenbits.xen.org/gitweb/?p=osstest.git;a=blob;f=README.email;hb=master
    http://xenbits.xen.org/gitweb/?p=osstest.git;a=blob;f=README;hb=master

Test harness code can be found at
    http://xenbits.xen.org/gitweb?p=osstest.git;a=summary


Not pushing.

(No revision log; it would be 2699 lines long.)


[-- Attachment #2: Type: text/plain, Size: 126 bytes --]

_______________________________________________
Xen-devel mailing list
Xen-devel@lists.xen.org
http://lists.xen.org/xen-devel

                 reply	other threads:[~2015-09-24  0:25 UTC|newest]

Thread overview: [no followups] expand[flat|nested]  mbox.gz  Atom feed

Reply instructions:

You may reply publicly to this message via plain-text email
using any one of the following methods:

* Save the following mbox file, import it into your mail client,
  and reply-to-all from there: mbox

  Avoid top-posting and favor interleaved quoting:
  https://en.wikipedia.org/wiki/Posting_style#Interleaved_style

* Reply using the --to, --cc, and --in-reply-to
  switches of git-send-email(1):

  git send-email \
    --in-reply-to=osstest-62256-mainreport@xen.org \
    --to=osstest-admin@xenproject.org \
    --cc=xen-devel@lists.xensource.com \
    /path/to/YOUR_REPLY

  https://kernel.org/pub/software/scm/git/docs/git-send-email.html

* If your mail client supports setting the In-Reply-To header
  via mailto: links, try the mailto: link
Be sure your reply has a Subject: header at the top and a blank line before the message body.
This is a public inbox, see mirroring instructions
for how to clone and mirror all data and code used for this inbox;
as well as URLs for NNTP newsgroup(s).