From mboxrd@z Thu Jan 1 00:00:00 1970 From: osstest service owner Subject: [qemu-mainline test] 62424: regressions - FAIL Date: Tue, 29 Sep 2015 01:41:30 +0000 Message-ID: Mime-Version: 1.0 Content-Type: multipart/mixed; boundary="===============4104752541912051688==" Return-path: List-Unsubscribe: , List-Post: List-Help: List-Subscribe: , Sender: xen-devel-bounces@lists.xen.org Errors-To: xen-devel-bounces@lists.xen.org To: xen-devel@lists.xensource.com, osstest-admin@xenproject.org List-Id: xen-devel@lists.xenproject.org --===============4104752541912051688== Content-Length: 11844 Content-Transfer-Encoding: quoted-printable flight 62424 qemu-mainline real [real] http://logs.test-lab.xenproject.org/osstest/logs/62424/ Regressions :-( Tests which did not succeed and are blocking, including tests which could not be run: test-amd64-amd64-xl-qemuu-debianhvm-amd64 19 guest-start/debianhvm.repeat fail REGR. vs. 62339 test-armhf-armhf-xl-credit2 9 debian-install fail REGR. vs. 62339 Regressions which are regarded as allowable (not blocking): test-armhf-armhf-xl-rtds 15 guest-start.2 fail REGR. vs. 62339 Tests which did not succeed, but are not blocking: test-amd64-amd64-xl-pvh-amd 11 guest-start fail never pass test-armhf-armhf-xl-qcow2 9 debian-di-install fail never pass test-armhf-armhf-xl-vhd 9 debian-di-install fail never pass test-amd64-amd64-xl-pvh-intel 11 guest-start fail never pass test-armhf-armhf-libvirt-vhd 9 debian-di-install fail never pass test-armhf-armhf-libvirt-raw 9 debian-di-install fail never pass test-armhf-armhf-xl-raw 9 debian-di-install fail never pass test-armhf-armhf-libvirt 14 guest-saverestore fail never pass test-armhf-armhf-libvirt 12 migrate-support-check fail never pass test-amd64-i386-libvirt 12 migrate-support-check fail never pass test-amd64-amd64-libvirt-xsm 12 migrate-support-check fail never pass test-armhf-armhf-xl-arndale 12 migrate-support-check fail never pass test-armhf-armhf-xl-arndale 13 saverestore-support-check fail never pass test-amd64-amd64-libvirt 12 migrate-support-check fail never pass test-amd64-i386-libvirt-xsm 12 migrate-support-check fail never pass test-amd64-amd64-libvirt-raw 11 migrate-support-check fail never pass test-amd64-i386-libvirt-qcow2 11 migrate-support-check fail never pass test-amd64-amd64-libvirt-qcow2 11 migrate-support-check fail never pass test-armhf-armhf-xl-xsm 13 saverestore-support-check fail never pass test-armhf-armhf-xl-xsm 12 migrate-support-check fail never pass test-armhf-armhf-libvirt-xsm 12 migrate-support-check fail never pass test-armhf-armhf-libvirt-xsm 14 guest-saverestore fail never pass test-armhf-armhf-xl-cubietruck 12 migrate-support-check fail never pass test-armhf-armhf-xl-cubietruck 13 saverestore-support-check fail never pass test-amd64-i386-libvirt-qemuu-debianhvm-amd64-xsm 10 migrate-support-check fail never pass test-amd64-amd64-libvirt-qemuu-debianhvm-amd64-xsm 10 migrate-support-check fail never pass test-armhf-armhf-xl-rtds 13 saverestore-support-check fail never pass test-armhf-armhf-xl-rtds 12 migrate-support-check fail never pass test-armhf-armhf-libvirt-qcow2 9 debian-di-install fail never pass test-amd64-i386-libvirt-raw 11 migrate-support-check fail never pass test-amd64-amd64-xl-qemuu-win7-amd64 17 guest-stop fail never pass test-amd64-i386-xl-qemuu-win7-amd64 17 guest-stop fail never pass test-amd64-amd64-xl-vhd 9 debian-di-install fail never pass test-amd64-i386-libvirt-vhd 9 debian-di-install fail never pass test-amd64-amd64-libvirt-vhd 9 debian-di-install fail never pass test-armhf-armhf-xl 12 migrate-support-check fail never pass test-armhf-armhf-xl 13 saverestore-support-check fail never pass test-armhf-armhf-xl-multivcpu 13 saverestore-support-check fail never pass test-armhf-armhf-xl-multivcpu 12 migrate-support-check fail never pass test-amd64-i386-xl-vhd 9 debian-di-install fail never pass version targeted for testing: qemuu 9e071429e649346c14b2dc76902f84f8352d2333 baseline version: qemuu 8a47d575dfac0f6675e2ac56c5921cc520d021a6 Last test of basis 62339 2015-09-25 00:11:07 Z 4 days Testing same since 62424 2015-09-27 01:21:44 Z 2 days 1 attempts ------------------------------------------------------------ People who touched revisions under test: Alex Williamson Aurelien Jarno Bastian Koppelmann Changchun Ouyang Cornelia Huck Daniel P. Berrange Denis V. Lunev Eduardo Habkost Hitoshi Mitake Jason Wang Jeff Cody Laszlo Ersek Laurent Vivier Liu Yuan Marc-Andr=C3=A9 Lureau Marcel Apfelbaum Michael S. Tsirkin Michael S. Tsirkin Michael Walle Nikolay Nikolaev Paolo Bonzini Pavel Butsykin Pavel Dovgalyuk Peter Crosthwaite Peter Crosthwaite Peter Lieven Peter Maydell Pierre Morel Riku Voipio Thomas Huth Vasiliy Tolstov Wen Congyang Yuanhan Liu jobs: build-amd64-xsm pass build-armhf-xsm pass build-i386-xsm pass build-amd64 pass build-armhf pass build-i386 pass build-amd64-libvirt pass build-armhf-libvirt pass build-i386-libvirt pass build-amd64-pvops pass build-armhf-pvops pass build-i386-pvops pass test-amd64-amd64-xl pass test-armhf-armhf-xl pass test-amd64-i386-xl pass test-amd64-amd64-libvirt-qemuu-debianhvm-amd64-xsm pass test-amd64-i386-libvirt-qemuu-debianhvm-amd64-xsm pass test-amd64-amd64-xl-qemuu-debianhvm-amd64-xsm pass test-amd64-i386-xl-qemuu-debianhvm-amd64-xsm pass test-amd64-amd64-libvirt-xsm pass test-armhf-armhf-libvirt-xsm fail test-amd64-i386-libvirt-xsm pass test-amd64-amd64-xl-xsm pass test-armhf-armhf-xl-xsm pass test-amd64-i386-xl-xsm pass test-amd64-amd64-xl-pvh-amd fail test-amd64-i386-qemuu-rhel6hvm-amd pass test-amd64-amd64-xl-qemuu-debianhvm-amd64 fail test-amd64-i386-xl-qemuu-debianhvm-amd64 pass test-amd64-i386-freebsd10-amd64 pass test-amd64-amd64-xl-qemuu-ovmf-amd64 pass test-amd64-i386-xl-qemuu-ovmf-amd64 pass test-amd64-amd64-xl-qemuu-win7-amd64 fail test-amd64-i386-xl-qemuu-win7-amd64 fail test-armhf-armhf-xl-arndale pass test-amd64-amd64-xl-credit2 pass test-armhf-armhf-xl-credit2 fail test-armhf-armhf-xl-cubietruck pass test-amd64-i386-freebsd10-i386 pass test-amd64-amd64-xl-pvh-intel fail test-amd64-i386-qemuu-rhel6hvm-intel pass test-amd64-amd64-libvirt pass test-armhf-armhf-libvirt fail test-amd64-i386-libvirt pass test-amd64-amd64-xl-multivcpu pass test-armhf-armhf-xl-multivcpu pass test-amd64-amd64-pair pass test-amd64-i386-pair pass test-amd64-amd64-libvirt-pair pass test-amd64-i386-libvirt-pair pass test-amd64-amd64-amd64-pvgrub pass test-amd64-amd64-i386-pvgrub pass test-amd64-amd64-pygrub pass test-amd64-amd64-libvirt-qcow2 pass test-armhf-armhf-libvirt-qcow2 fail test-amd64-i386-libvirt-qcow2 pass test-amd64-amd64-xl-qcow2 pass test-armhf-armhf-xl-qcow2 fail test-amd64-i386-xl-qcow2 pass test-amd64-amd64-libvirt-raw pass test-armhf-armhf-libvirt-raw fail test-amd64-i386-libvirt-raw pass test-amd64-amd64-xl-raw pass test-armhf-armhf-xl-raw fail test-amd64-i386-xl-raw pass test-amd64-amd64-xl-rtds pass test-armhf-armhf-xl-rtds fail test-amd64-i386-xl-qemuu-winxpsp3-vcpus1 pass test-amd64-amd64-libvirt-vhd fail test-armhf-armhf-libvirt-vhd fail test-amd64-i386-libvirt-vhd fail test-amd64-amd64-xl-vhd fail test-armhf-armhf-xl-vhd fail test-amd64-i386-xl-vhd fail test-amd64-amd64-xl-qemuu-winxpsp3 pass test-amd64-i386-xl-qemuu-winxpsp3 pass ------------------------------------------------------------ sg-report-flight on osstest.test-lab.xenproject.org logs: /home/logs/logs images: /home/logs/images Logs, config files, etc. are available at http://logs.test-lab.xenproject.org/osstest/logs Explanation of these reports, and of osstest in general, is at http://xenbits.xen.org/gitweb/=3Fp=3Dosstest.git;a=3Dblob;f=3DREADME.email;hb=3Dmaster http://xenbits.xen.org/gitweb/=3Fp=3Dosstest.git;a=3Dblob;f=3DREADME;hb=3Dmaster Test harness code can be found at http://xenbits.xen.org/gitweb=3Fp=3Dosstest.git;a=3Dsummary Not pushing. (No revision log; it would be 1783 lines long.) --===============4104752541912051688== Content-Type: text/plain; charset="us-ascii" MIME-Version: 1.0 Content-Transfer-Encoding: 7bit Content-Disposition: inline _______________________________________________ Xen-devel mailing list Xen-devel@lists.xen.org http://lists.xen.org/xen-devel --===============4104752541912051688==--