From mboxrd@z Thu Jan 1 00:00:00 1970 From: osstest service owner Subject: [linux-3.10 test] 62486: regressions - FAIL Date: Wed, 30 Sep 2015 21:18:46 +0000 Message-ID: Mime-Version: 1.0 Content-Type: multipart/mixed; boundary="===============1075417877413802385==" Return-path: List-Unsubscribe: , List-Post: List-Help: List-Subscribe: , Sender: xen-devel-bounces@lists.xen.org Errors-To: xen-devel-bounces@lists.xen.org To: xen-devel@lists.xensource.com, osstest-admin@xenproject.org List-Id: xen-devel@lists.xenproject.org --===============1075417877413802385== Content-Length: 19096 Content-Transfer-Encoding: quoted-printable flight 62486 linux-3.10 real [real] http://logs.test-lab.xenproject.org/osstest/logs/62486/ Regressions :-( Tests which did not succeed and are blocking, including tests which could not be run: test-amd64-i386-xl-qemuu-ovmf-amd64 9 debian-hvm-install fail REGR. vs. 60670 test-amd64-amd64-xl-qcow2 9 debian-di-install fail REGR. vs. 60670 test-amd64-i386-xl-vhd 10 guest-start fail REGR. vs. 60670 test-amd64-i386-xl-qcow2 9 debian-di-install fail REGR. vs. 60670 test-amd64-amd64-xl-vhd 9 debian-di-install fail REGR. vs. 60670 test-amd64-i386-freebsd10-i386 13 guest-saverestore fail REGR. vs. 60670 test-amd64-amd64-xl-qemut-debianhvm-amd64 9 debian-hvm-install fail REGR. vs. 60670 test-amd64-i386-xl-qemuu-debianhvm-amd64-xsm 9 debian-hvm-install fail REGR. vs. 60670 test-amd64-amd64-xl-qemut-stubdom-debianhvm-amd64-xsm 9 debian-hvm-install fail REGR. vs. 60670 test-amd64-i386-xl-qemuu-debianhvm-amd64 9 debian-hvm-install fail REGR. vs. 60670 test-amd64-amd64-xl-qemuu-debianhvm-amd64 9 debian-hvm-install fail REGR. vs. 60670 test-amd64-i386-qemuu-rhel6hvm-intel 10 guest-stop fail REGR. vs. 60670 test-amd64-i386-qemut-rhel6hvm-intel 12 guest-start/redhat.repeat fail REGR. vs. 60670 test-amd64-i386-qemuu-rhel6hvm-amd 10 guest-stop fail REGR. vs. 60670 test-amd64-amd64-xl-qemut-debianhvm-amd64-xsm 9 debian-hvm-install fail REGR. vs. 60670 test-amd64-amd64-xl-qemuu-debianhvm-amd64-xsm 12 guest-saverestore fail REGR. vs. 60670 test-amd64-i386-xl-qemut-debianhvm-amd64-xsm 13 guest-localmigrate fail REGR. vs. 60670 test-amd64-amd64-xl-qemuu-ovmf-amd64 9 debian-hvm-install fail REGR. vs. 60670 test-amd64-i386-xl-qemut-stubdom-debianhvm-amd64-xsm 9 debian-hvm-install fail REGR. vs. 60670 test-amd64-i386-xl-qemuu-winxpsp3 9 windows-install fail REGR. vs. 60670 test-amd64-amd64-xl-qemuu-winxpsp3 9 windows-install fail REGR. vs. 60670 test-amd64-amd64-xl-qemut-winxpsp3 9 windows-install fail REGR. vs. 60670 test-amd64-amd64-xl-qemut-win7-amd64 9 windows-install fail REGR. vs. 60670 test-amd64-i386-xl-qemut-winxpsp3 9 windows-install fail REGR. vs. 60670 test-amd64-i386-xl-qemut-winxpsp3-vcpus1 9 windows-install fail REGR. vs. 60670 test-amd64-i386-xl-qemuu-win7-amd64 9 windows-install fail REGR. vs. 60670 test-amd64-amd64-xl-qemuu-win7-amd64 9 windows-install fail REGR. vs. 60670 test-amd64-i386-xl-qemuu-winxpsp3-vcpus1 9 windows-install fail REGR. vs. 60670 test-amd64-i386-xl-qemut-win7-amd64 9 windows-install fail REGR. vs. 60670 test-amd64-i386-xl-qemut-debianhvm-amd64 13 guest-localmigrate fail in 62313 REGR. vs. 60670 test-amd64-i386-qemut-rhel6hvm-amd 10 guest-stop fail in 62397 REGR. vs. 60670 Tests which are failing intermittently (not blocking): test-amd64-i386-libvirt 14 guest-saverestore fail in 62313 pass in 62486 test-amd64-i386-xl-vhd 9 debian-di-install fail in 62397 pass in 62486 test-amd64-i386-qemuu-rhel6hvm-intel 9 redhat-install fail in 62397 pass in 62486 test-amd64-i386-libvirt-vhd 9 debian-di-install fail in 62397 pass in 62486 test-amd64-i386-qemut-rhel6hvm-intel 9 redhat-install fail in 62397 pass in 62486 test-amd64-i386-qemuu-rhel6hvm-amd 9 redhat-install fail in 62397 pass in 62486 test-amd64-amd64-xl-qemuu-debianhvm-amd64-xsm 9 debian-hvm-install fail in 62397 pass in 62486 test-amd64-i386-xl-qemut-debianhvm-amd64-xsm 9 debian-hvm-install fail in 62397 pass in 62486 test-amd64-i386-libvirt-qemuu-debianhvm-amd64-xsm 9 debian-hvm-install fail in 62397 pass in 62486 test-amd64-i386-xl-qemut-debianhvm-amd64 9 debian-hvm-install fail pass in 62313 test-amd64-i386-freebsd10-amd64 13 guest-saverestore fail pass in 62397 test-amd64-i386-qemut-rhel6hvm-amd 9 redhat-install fail pass in 62397 Regressions which are regarded as allowable (not blocking): test-amd64-i386-libvirt-qcow2 9 debian-di-install fail REGR. vs. 60670 test-amd64-amd64-libvirt-qcow2 9 debian-di-install fail REGR. vs. 60670 test-amd64-amd64-libvirt-raw 9 debian-di-install fail REGR. vs. 60670 test-amd64-amd64-libvirt-vhd 9 debian-di-install fail REGR. vs. 60670 test-amd64-i386-libvirt 15 guest-saverestore.2 fail REGR. vs. 60670 test-amd64-amd64-libvirt-xsm 15 guest-saverestore.2 fail REGR. vs. 60670 test-amd64-amd64-libvirt 15 guest-saverestore.2 fail REGR. vs. 60670 test-amd64-i386-libvirt-vhd 13 guest-saverestore fail REGR. vs. 60670 test-amd64-amd64-libvirt-qemuu-debianhvm-amd64-xsm 9 debian-hvm-install fail REGR. vs. 60670 test-amd64-i386-libvirt-qemuu-debianhvm-amd64-xsm 13 guest-saverestore.2 fail REGR. vs. 60670 test-amd64-i386-libvirt-raw 9 debian-di-install fail REGR. vs. 60670 test-amd64-i386-libvirt-xsm 15 guest-saverestore.2 fail REGR. vs. 60670 test-amd64-i386-libvirt-pair 22 guest-migrate/dst_host/src_host fail in 62397 blocked in 60670 test-amd64-i386-freebsd10-amd64 17 guest-localmigrate/x10 fail in 62397 like 60656 Tests which did not succeed, but are not blocking: test-amd64-amd64-xl-pvh-amd 11 guest-start fail never pass test-amd64-amd64-xl-pvh-intel 11 guest-start fail never pass test-armhf-armhf-xl-xsm 6 xen-boot fail never pass test-armhf-armhf-xl-rtds 6 xen-boot fail never pass test-armhf-armhf-xl 6 xen-boot fail never pass test-armhf-armhf-libvirt-qcow2 6 xen-boot fail never pass test-armhf-armhf-xl-arndale 6 xen-boot fail never pass test-armhf-armhf-xl-raw 6 xen-boot fail never pass test-armhf-armhf-xl-qcow2 6 xen-boot fail never pass test-armhf-armhf-libvirt-xsm 6 xen-boot fail never pass test-armhf-armhf-xl-multivcpu 6 xen-boot fail never pass test-armhf-armhf-libvirt-vhd 6 xen-boot fail never pass test-armhf-armhf-libvirt-raw 6 xen-boot fail never pass test-armhf-armhf-xl-credit2 6 xen-boot fail never pass test-armhf-armhf-xl-cubietruck 6 xen-boot fail never pass test-amd64-i386-libvirt 12 migrate-support-check fail never pass test-amd64-amd64-libvirt-xsm 12 migrate-support-check fail never pass test-amd64-amd64-libvirt 12 migrate-support-check fail never pass test-amd64-i386-libvirt-vhd 11 migrate-support-check fail never pass test-amd64-i386-libvirt-qemuu-debianhvm-amd64-xsm 10 migrate-support-check fail never pass test-amd64-i386-libvirt-xsm 12 migrate-support-check fail never pass test-armhf-armhf-xl-vhd 6 xen-boot fail never pass test-armhf-armhf-libvirt 6 xen-boot fail never pass test-amd64-amd64-libvirt-pair 22 guest-migrate/dst_host/src_host fail never pass test-amd64-i386-libvirt-pair 23 guest-stop/src_host fail never pass version targeted for testing: linux bfc167418de5987d6ec7d913459a1ee3c11763fb baseline version: linux 78fb9f4236d9077fb343fb5a4e55fe27075e9a1d Last test of basis 60670 2015-08-12 10:38:43 Z 49 days Failing since 60748 2015-08-17 05:56:28 Z 44 days 19 attempts Testing same since 62313 2015-09-23 16:33:07 Z 7 days 3 attempts ------------------------------------------------------------ People who touched revisions under test: Aaro Koskinen Al Viro Alan Stern Alex Deucher Amanieu d'Antras Andrew Morton Andrey Ryabinin Andy Lutomirski Arkadiusz Mi=C5=9Bkiewicz Arnd Bergmann Bart Van Assche Benjamin Randazzo Bjorn Helgaas Borislav Petkov Brian King Chris Zankel Corey Minyard Dan Carpenter Dan McGee David Daney David S. Miller David Vrabel Davidlohr Bueso Dirk Behme Don Zickus Doug Ledford Fabio Estevam Fabio Estevam Felipe Balbi Felix Fietkau Grant Likely Greg Kroah-Hartman Guenter Roeck Herbert Xu Herton R. Krzesinski Horia Geant=3F Hugh Dickins Ilya Dryomov Ingo Molnar Jacob Shin James Bottomley Jan Kara Jiri Kosina Joe Thornber Johan Hovold Jonathan Cameron Joseph Qi Kishon Vijay Abraham I Lars-Peter Clausen Lee Jones Linus Torvalds Maciej S. Szmigiero Maciej Szmigiero Manfred Spraul Marcus Gelderie Marek Marczykowski-G=C3=B3recki Markus Pargmann Masahiro Yamada Mathias Nyman Matthijs Kooijman Max Filippov Michael Kerrisk Michael Walle Michal Hocko Mike Snitzer Mikulas Patocka Mikulas Patocka Naoya Horiguchi NeilBrown Nicholas Bellinger Nicholas Bellinger Paolo Bonzini Pawel Moll Peter Chen Peter Zijlstra (Intel) Peter Zijlstra Philipp Hachtmann Ralf Baechle Ricardo Ribalda Delgado Richard Weinberger Rob Herring Robert Richter Russell King Stephen Boyd Stephen Chandler Paul Steven Rostedt Sudip Mukherjee Sudip Mukherjee Takashi Iwai Tejun Heo Vasu Dev Wang Kai Wanpeng Li Wen Xiong Will Deacon Wolfram Sang Xie XiuQi Yann Droneaud jobs: build-amd64-xsm pass build-armhf-xsm pass build-i386-xsm pass build-amd64 pass build-armhf pass build-i386 pass build-amd64-libvirt pass build-armhf-libvirt pass build-i386-libvirt pass build-amd64-pvops pass build-armhf-pvops pass build-i386-pvops pass build-amd64-rumpuserxen pass build-i386-rumpuserxen pass test-amd64-amd64-xl pass test-armhf-armhf-xl fail test-amd64-i386-xl pass test-amd64-amd64-xl-qemut-debianhvm-amd64-xsm fail test-amd64-i386-xl-qemut-debianhvm-amd64-xsm fail test-amd64-amd64-libvirt-qemuu-debianhvm-amd64-xsm fail test-amd64-i386-libvirt-qemuu-debianhvm-amd64-xsm fail test-amd64-amd64-xl-qemuu-debianhvm-amd64-xsm fail test-amd64-i386-xl-qemuu-debianhvm-amd64-xsm fail test-amd64-amd64-xl-qemut-stubdom-debianhvm-amd64-xsm fail test-amd64-i386-xl-qemut-stubdom-debianhvm-amd64-xsm fail test-amd64-amd64-libvirt-xsm fail test-armhf-armhf-libvirt-xsm fail test-amd64-i386-libvirt-xsm fail test-amd64-amd64-xl-xsm pass test-armhf-armhf-xl-xsm fail test-amd64-i386-xl-xsm pass test-amd64-amd64-xl-pvh-amd fail test-amd64-i386-qemut-rhel6hvm-amd fail test-amd64-i386-qemuu-rhel6hvm-amd fail test-amd64-amd64-xl-qemut-debianhvm-amd64 fail test-amd64-i386-xl-qemut-debianhvm-amd64 fail test-amd64-amd64-xl-qemuu-debianhvm-amd64 fail test-amd64-i386-xl-qemuu-debianhvm-amd64 fail test-amd64-i386-freebsd10-amd64 fail test-amd64-amd64-xl-qemuu-ovmf-amd64 fail test-amd64-i386-xl-qemuu-ovmf-amd64 fail test-amd64-amd64-rumpuserxen-amd64 pass test-amd64-amd64-xl-qemut-win7-amd64 fail test-amd64-i386-xl-qemut-win7-amd64 fail test-amd64-amd64-xl-qemuu-win7-amd64 fail test-amd64-i386-xl-qemuu-win7-amd64 fail test-armhf-armhf-xl-arndale fail test-amd64-amd64-xl-credit2 pass test-armhf-armhf-xl-credit2 fail test-armhf-armhf-xl-cubietruck fail test-amd64-i386-freebsd10-i386 fail test-amd64-i386-rumpuserxen-i386 pass test-amd64-amd64-xl-pvh-intel fail test-amd64-i386-qemut-rhel6hvm-intel fail test-amd64-i386-qemuu-rhel6hvm-intel fail test-amd64-amd64-libvirt fail test-armhf-armhf-libvirt fail test-amd64-i386-libvirt fail test-amd64-amd64-xl-multivcpu pass test-armhf-armhf-xl-multivcpu fail test-amd64-amd64-pair pass test-amd64-i386-pair pass test-amd64-amd64-libvirt-pair fail test-amd64-i386-libvirt-pair fail test-amd64-amd64-amd64-pvgrub pass test-amd64-amd64-i386-pvgrub pass test-amd64-amd64-pygrub pass test-amd64-amd64-libvirt-qcow2 fail test-armhf-armhf-libvirt-qcow2 fail test-amd64-i386-libvirt-qcow2 fail test-amd64-amd64-xl-qcow2 fail test-armhf-armhf-xl-qcow2 fail test-amd64-i386-xl-qcow2 fail test-amd64-amd64-libvirt-raw fail test-armhf-armhf-libvirt-raw fail test-amd64-i386-libvirt-raw fail test-amd64-amd64-xl-raw pass test-armhf-armhf-xl-raw fail test-amd64-i386-xl-raw pass test-amd64-amd64-xl-rtds pass test-armhf-armhf-xl-rtds fail test-amd64-i386-xl-qemut-winxpsp3-vcpus1 fail test-amd64-i386-xl-qemuu-winxpsp3-vcpus1 fail test-amd64-amd64-libvirt-vhd fail test-armhf-armhf-libvirt-vhd fail test-amd64-i386-libvirt-vhd fail test-amd64-amd64-xl-vhd fail test-armhf-armhf-xl-vhd fail test-amd64-i386-xl-vhd fail test-amd64-amd64-xl-qemut-winxpsp3 fail test-amd64-i386-xl-qemut-winxpsp3 fail test-amd64-amd64-xl-qemuu-winxpsp3 fail test-amd64-i386-xl-qemuu-winxpsp3 fail ------------------------------------------------------------ sg-report-flight on osstest.test-lab.xenproject.org logs: /home/logs/logs images: /home/logs/images Logs, config files, etc. are available at http://logs.test-lab.xenproject.org/osstest/logs Explanation of these reports, and of osstest in general, is at http://xenbits.xen.org/gitweb/=3Fp=3Dosstest.git;a=3Dblob;f=3DREADME.email;hb=3Dmaster http://xenbits.xen.org/gitweb/=3Fp=3Dosstest.git;a=3Dblob;f=3DREADME;hb=3Dmaster Test harness code can be found at http://xenbits.xen.org/gitweb=3Fp=3Dosstest.git;a=3Dsummary Not pushing. (No revision log; it would be 2310 lines long.) --===============1075417877413802385== Content-Type: text/plain; charset="us-ascii" MIME-Version: 1.0 Content-Transfer-Encoding: 7bit Content-Disposition: inline _______________________________________________ Xen-devel mailing list Xen-devel@lists.xen.org http://lists.xen.org/xen-devel --===============1075417877413802385==--