xen-devel.lists.xenproject.org archive mirror
 help / color / mirror / Atom feed
* [linux-3.14 test] 62520: regressions - FAIL
@ 2015-10-01  4:31 osstest service owner
  0 siblings, 0 replies; only message in thread
From: osstest service owner @ 2015-10-01  4:31 UTC (permalink / raw)
  To: xen-devel, osstest-admin

[-- Warning: decoded text below may be mangled, UTF-8 assumed --]
[-- Attachment #1: Type: text/plain, Size: 18705 bytes --]

flight 62520 linux-3.14 real [real]
http://logs.test-lab.xenproject.org/osstest/logs/62520/

Regressions :-(

Tests which did not succeed and are blocking,
including tests which could not be run:
 test-amd64-i386-xl-qcow2     13 guest-saverestore         fail REGR. vs. 60666
 test-amd64-i386-xl-vhd       13 guest-saverestore         fail REGR. vs. 60666
 test-amd64-amd64-xl-vhd      17 guest-localmigrate/x10    fail REGR. vs. 60666
 test-amd64-amd64-xl-qemuu-debianhvm-amd64 19 guest-start/debianhvm.repeat fail in 62326 REGR. vs. 60666
 test-amd64-amd64-xl-qcow2    19 guest-start.2    fail in 62420 REGR. vs. 60666

Tests which are failing intermittently (not blocking):
 test-armhf-armhf-libvirt-raw  3 host-install(3)  broken in 62270 pass in 62520
 test-amd64-amd64-xl-qemuu-debianhvm-amd64 18 guest-start.2 fail in 62270 pass in 62326
 test-amd64-amd64-libvirt-xsm 17 guest-start.2      fail in 62270 pass in 62520
 test-amd64-i386-xl-qemuu-debianhvm-amd64-xsm 9 debian-hvm-install fail in 62270 pass in 62520
 test-amd64-i386-xl-qemuu-ovmf-amd64 19 guest-start/debianhvm.repeat fail in 62270 pass in 62520
 test-amd64-i386-libvirt-xsm 18 guest-start/debian.repeat fail in 62326 pass in 62520
 test-amd64-amd64-libvirt-qcow2 10 guest-start      fail in 62326 pass in 62520
 test-amd64-amd64-xl-vhd      14 guest-localmigrate fail in 62326 pass in 62520
 test-amd64-amd64-libvirt-vhd  9 debian-di-install  fail in 62326 pass in 62520
 test-amd64-i386-xl-qemuu-debianhvm-amd64 19 guest-start/debianhvm.repeat fail in 62326 pass in 62520
 test-amd64-amd64-libvirt-qemuu-debianhvm-amd64-xsm 9 debian-hvm-install fail in 62326 pass in 62520
 test-amd64-amd64-xl-qemuu-winxpsp3 18 guest-start.2 fail in 62326 pass in 62520
 test-amd64-amd64-libvirt-raw 15 guest-stop         fail in 62420 pass in 62520
 test-amd64-amd64-xl-vhd      13 guest-saverestore  fail in 62420 pass in 62520
 test-amd64-amd64-xl-qemuu-ovmf-amd64 16 guest-localmigrate/x10 fail in 62420 pass in 62520
 test-amd64-amd64-libvirt-qemuu-debianhvm-amd64-xsm 16 guest-start/debianhvm.repeat fail pass in 62270
 test-amd64-amd64-xl-qemut-stubdom-debianhvm-amd64-xsm 13 guest-localmigrate fail pass in 62326
 test-amd64-i386-libvirt-raw  17 guest-start/debian.repeat   fail pass in 62326
 test-amd64-amd64-xl-qemuu-debianhvm-amd64 14 guest-saverestore.2 fail pass in 62326
 test-amd64-amd64-libvirt-xsm 18 guest-start/debian.repeat   fail pass in 62420
 test-amd64-i386-libvirt      18 guest-start/debian.repeat   fail pass in 62420
 test-amd64-amd64-xl-qemuu-debianhvm-amd64-xsm 16 guest-localmigrate/x10 fail pass in 62420
 test-amd64-amd64-xl-qcow2    13 guest-saverestore           fail pass in 62420
 test-amd64-amd64-libvirt-vhd 13 guest-saverestore           fail pass in 62420
 test-amd64-i386-xl-qemuu-winxpsp3 19 guest-start/win.repeat fail pass in 62420

Regressions which are regarded as allowable (not blocking):
 test-amd64-i386-rumpuserxen-i386 15 rumpuserxen-demo-xenstorels/xenstorels.repeat fail REGR. vs. 60666
 test-amd64-amd64-libvirt-qcow2 13 guest-saverestore       fail REGR. vs. 60666
 test-amd64-i386-libvirt-vhd  13 guest-saverestore         fail REGR. vs. 60666
 test-amd64-i386-libvirt-qcow2 13 guest-saverestore        fail REGR. vs. 60666
 test-amd64-i386-libvirt-pair 21 guest-migrate/src_host/dst_host fail in 62270 like 60666
 test-amd64-amd64-libvirt-pair 21 guest-migrate/src_host/dst_host fail in 62270 like 60666
 test-amd64-amd64-xl-qemut-stubdom-debianhvm-amd64-xsm 15 guest-localmigrate.2 fail in 62326 like 60666
 test-amd64-amd64-libvirt-vhd 16 guest-start.2    fail in 62420 REGR. vs. 60666
 test-armhf-armhf-xl-multivcpu  6 xen-boot                     fail  like 60666
 test-armhf-armhf-xl           6 xen-boot                     fail   like 60666
 test-armhf-armhf-xl-credit2   6 xen-boot                     fail   like 60666
 test-armhf-armhf-libvirt      6 xen-boot                     fail   like 60666
 test-amd64-amd64-xl-qemuu-win7-amd64 17 guest-stop             fail like 60666
 test-amd64-i386-xl-qemut-win7-amd64 17 guest-stop              fail like 60666
 test-amd64-amd64-xl-qemut-win7-amd64 17 guest-stop             fail like 60666

Tests which did not succeed, but are not blocking:
 test-amd64-i386-xl-qemut-stubdom-debianhvm-amd64-xsm 9 debian-hvm-install fail never pass
 test-amd64-amd64-xl-pvh-intel 11 guest-start                  fail  never pass
 test-amd64-amd64-xl-pvh-amd  11 guest-start                  fail   never pass
 test-armhf-armhf-libvirt-vhd  6 xen-boot                     fail   never pass
 test-armhf-armhf-xl-qcow2     6 xen-boot                     fail   never pass
 test-armhf-armhf-xl-raw       6 xen-boot                     fail   never pass
 test-armhf-armhf-xl-arndale   6 xen-boot                     fail   never pass
 test-armhf-armhf-xl-cubietruck  6 xen-boot                     fail never pass
 test-armhf-armhf-xl-vhd       6 xen-boot                     fail   never pass
 test-amd64-amd64-libvirt-xsm 12 migrate-support-check        fail   never pass
 test-armhf-armhf-xl-xsm       6 xen-boot                     fail   never pass
 test-amd64-i386-libvirt-xsm  12 migrate-support-check        fail   never pass
 test-amd64-amd64-libvirt-raw 11 migrate-support-check        fail   never pass
 test-armhf-armhf-libvirt-raw  6 xen-boot                     fail   never pass
 test-amd64-i386-libvirt-raw  11 migrate-support-check        fail   never pass
 test-amd64-amd64-libvirt-qcow2 11 migrate-support-check        fail never pass
 test-amd64-i386-libvirt      12 migrate-support-check        fail   never pass
 test-amd64-i386-libvirt-qemuu-debianhvm-amd64-xsm 10 migrate-support-check fail never pass
 test-amd64-amd64-libvirt     12 migrate-support-check        fail   never pass
 test-amd64-amd64-libvirt-vhd 11 migrate-support-check        fail   never pass
 test-amd64-i386-libvirt-vhd  11 migrate-support-check        fail   never pass
 test-amd64-i386-xl-qemuu-win7-amd64 17 guest-stop              fail never pass
 test-amd64-i386-libvirt-qcow2 11 migrate-support-check        fail  never pass
 test-amd64-amd64-libvirt-qemuu-debianhvm-amd64-xsm 10 migrate-support-check fail never pass
 test-armhf-armhf-xl-rtds      6 xen-boot                     fail   never pass
 test-armhf-armhf-libvirt-xsm  6 xen-boot                     fail   never pass
 test-armhf-armhf-libvirt-qcow2  6 xen-boot                     fail never pass

version targeted for testing:
 linux                4772a34b8cfb53e95d1fa884880d4620e7417ba6
baseline version:
 linux                9b8b905951bde404f20a7bd4b37a5134f3484569

Last test of basis    60666  2015-08-12 06:12:25 Z   49 days
Failing since         60747  2015-08-17 05:56:00 Z   44 days   22 attempts
Testing same since    62270  2015-09-22 05:10:37 Z    8 days    4 attempts

------------------------------------------------------------
People who touched revisions under test:
  Al Viro <viro@zeniv.linux.org.uk>
  Alan Stern <stern@rowland.harvard.edu>
  Alex Deucher <alexander.deucher@amd.com>
  Amanieu d'Antras <amanieu@gmail.com>
  Andrew Morton <akpm@linux-foundation.org>
  Andrey Ryabinin <aryabinin@odin.com>
  Andy Lutomirski <luto@kernel.org>
  Arkadiusz Miśkiewicz <arekm@maven.pl>
  Arnd Bergmann <arnd@arndb.de>
  Axel Lin <axel.lin@ingics.com>
  Bart Van Assche <bart.vanassche@sandisk.com>
  Benjamin Randazzo <benjamin@randazzo.fr>
  Bjorn Helgaas <bhelgaas@google.com>
  Bob Liu <bob.liu@oracle.com>
  Borislav Petkov <bp@suse.de>
  Brian King <brking@linux.vnet.ibm.com>
  Cristina Opriceana <cristina.opriceana@gmail.com>
  Dan Carpenter <dan.carpenter@oracle.com>
  Dan McGee <dpmcgee@gmail.com>
  Dave Airlie <airlied@redhat.com>
  David Daney <david.daney@cavium.com>
  David S. Miller <davem@davemloft.net>
  David Vrabel <david.vrabel@citrix.com>
  Davidlohr Bueso <dbueso@suse.de>
  Dirk Behme <dirk.behme@de.bosch.com>
  Don Zickus <dzickus@redhat.com>
  Doug Ledford <dledford@redhat.com>
  Dr. Greg Wettstein <gw@idfusion.org>
  Felipe Balbi <balbi@ti.com>
  Felix Fietkau <nbd@openwrt.org>
  Grant Likely <grant.likely@linaro.org>
  Greg Kroah-Hartman <gregkh@linuxfoundation.org>
  Guenter Roeck <linux@roeck-us.net>
  Herbert Xu <herbert@gondor.apana.org.au>
  Herton R. Krzesinski <herton@redhat.com>
  Horia Geant? <horia.geanta@freescale.com>
  Hugh Dickins <hughd@google.com>
  Ian Abbott <abbotti@mev.co.uk>
  Ilan Cohen <ilanco@gmail.com>
  Ilya Dryomov <idryomov@gmail.com>
  Imre Deak <imre.deak@intel.com>
  Ingo Molnar <mingo@kernel.org>
  James Bottomley <JBottomley@Odin.com>
  James Hogan <james.hogan@imgtec.com>
  Jan Kara <jack@suse.com>
  Jiri Kosina <jkosina@suse.cz>
  Joe Thornber <ejt@redhat.com>
  Johan Hovold <johan@kernel.org>
  Jonathan Cameron <jic23@kernel.org>
  Jonathon Jongsma <jjongsma@redhat.com>
  Joseph Qi <joseph.qi@huawei.com>
  Kevin Hilman <khilman@linaro.org>
  Kishon Vijay Abraham I <kishon@ti.com>
  Konrad Rzeszutek Wilk <konrad.wilk@oracle.com>
  Lars-Peter Clausen <lars@metafoo.de>
  Linus Torvalds <torvalds@linux-foundation.org>
  Maciej S. Szmigiero <mail@maciej.szmigiero.name>
  Maciej Szmigiero <mail@maciej.szmigiero.name>
  Manfred Spraul <manfred@colorfullife.com>
  Marc Zyngier <marc.zyngier@arm.com>
  Marcus Gelderie <redmnic@gmail.com>
  Marek Belisko <marek.belisko@streamunlimited.com>
  Marek Marczykowski-Górecki <marmarek@invisiblethingslab.com>
  Mark Brown <broonie@kernel.org>
  Markus Pargmann <mpa@pengutronix.de>
  Martin Schwidefsky <schwidefsky@de.ibm.com>
  Masahiro Yamada <yamada.masahiro@socionext.com>
  Mathias Nyman <mathias.nyman@linux.intel.com>
  Matthijs Kooijman <matthijs@stdin.nl>
  Max Filippov <jcmvbkbc@gmail.com>
  Michael Kerrisk <mtk.manpages@gmail.com>
  Michael S. Tsirkin <mst@redhat.com>
  Michael Walle <michael@walle.cc>
  Michal Hocko <mhocko@suse.cz>
  Mike Snitzer <snitzer@redhat.com>
  Miklos Szeredi <mszeredi@suse.cz>
  Mikulas Patocka <mikulas@twibright.com>
  Mikulas Patocka <mpatocka@redhat.com>
  Mimi Zohar <zohar@linux.vnet.ibm.com>
  Naoya Horiguchi <n-horiguchi@ah.jp.nec.com>
  NeilBrown <neilb@suse.com>
  Nicholas Bellinger <nab@daterainc.com>
  Nicholas Bellinger <nab@linux-iscsi.org>
  Paolo Bonzini <pbonzini@redhat.com>
  Paul Walmsley <paul@pwsan.com>
  Pavel Shirshov <ru.pchel@gmail.com>
  Pawel Moll <pawel.moll@arm.com>
  Peter Chen <peter.chen@freescale.com>
  Peter Zijlstra (Intel) <peterz@infradead.org>
  Peter Zijlstra <peterz@infradead.org>
  Philipp Hachtmann <hachti@hachti.de>
  Ralf Baechle <ralf@linux-mips.org>
  Ricardo Ribalda Delgado <ricardo.ribalda@gmail.com>
  Richard Weinberger <richard@nod.at>
  Rob Herring <robh@kernel.org>
  Roger Pau Monné <roger.pau@citrix.com>
  Roger Quadros <rogerq@ti.com>
  Russell King <rmk+kernel@arm.linux.org.uk>
  Sebastian Ott <sebott@linux.vnet.ibm.com>
  Stephen Boyd <sboyd@codeaurora.org>
  Stephen Chandler Paul <cpaul@redhat.com>
  Steven Rostedt <rostedt@goodmis.org>
  Sudip Mukherjee <sudip@vectorindia.org>
  Sudip Mukherjee <sudipm.mukherjee@gmail.com>
  Takashi Iwai <tiwai@suse.de>
  Tejun Heo <tj@kernel.org>
  Tero Kristo <t-kristo@ti.com>
  Thomas Hellstrom <thellstrom@vmware.com>
  Vasu Dev <vasu.dev@intel.com>
  Vignesh R <vigneshr@ti.com>
  Wang Kai <morgan.wang@huawei.com>
  Wanpeng Li <wanpeng.li@hotmail.com>
  Wen Xiong <wenxiong@linux.vnet.ibm.com>
  Will Deacon <will.deacon@arm.com>
  Wolfram Sang <wsa+renesas@sang-engineering.com>
  Xiao Guangrong <guangrong.xiao@linux.intel.com>
  Yann Droneaud <ydroneaud@opteya.com>

jobs:
 build-amd64-xsm                                              pass
 build-armhf-xsm                                              pass
 build-i386-xsm                                               pass
 build-amd64                                                  pass
 build-armhf                                                  pass
 build-i386                                                   pass
 build-amd64-libvirt                                          pass
 build-armhf-libvirt                                          pass
 build-i386-libvirt                                           pass
 build-amd64-pvops                                            pass
 build-armhf-pvops                                            pass
 build-i386-pvops                                             pass
 build-amd64-rumpuserxen                                      pass
 build-i386-rumpuserxen                                       pass
 test-amd64-amd64-xl                                          pass
 test-armhf-armhf-xl                                          fail
 test-amd64-i386-xl                                           pass
 test-amd64-amd64-xl-qemut-debianhvm-amd64-xsm                pass
 test-amd64-i386-xl-qemut-debianhvm-amd64-xsm                 pass
 test-amd64-amd64-libvirt-qemuu-debianhvm-amd64-xsm           fail
 test-amd64-i386-libvirt-qemuu-debianhvm-amd64-xsm            pass
 test-amd64-amd64-xl-qemuu-debianhvm-amd64-xsm                fail
 test-amd64-i386-xl-qemuu-debianhvm-amd64-xsm                 pass
 test-amd64-amd64-xl-qemut-stubdom-debianhvm-amd64-xsm        fail
 test-amd64-i386-xl-qemut-stubdom-debianhvm-amd64-xsm         fail
 test-amd64-amd64-libvirt-xsm                                 fail
 test-armhf-armhf-libvirt-xsm                                 fail
 test-amd64-i386-libvirt-xsm                                  pass
 test-amd64-amd64-xl-xsm                                      pass
 test-armhf-armhf-xl-xsm                                      fail
 test-amd64-i386-xl-xsm                                       pass
 test-amd64-amd64-xl-pvh-amd                                  fail
 test-amd64-i386-qemut-rhel6hvm-amd                           pass
 test-amd64-i386-qemuu-rhel6hvm-amd                           pass
 test-amd64-amd64-xl-qemut-debianhvm-amd64                    pass
 test-amd64-i386-xl-qemut-debianhvm-amd64                     pass
 test-amd64-amd64-xl-qemuu-debianhvm-amd64                    fail
 test-amd64-i386-xl-qemuu-debianhvm-amd64                     pass
 test-amd64-i386-freebsd10-amd64                              pass
 test-amd64-amd64-xl-qemuu-ovmf-amd64                         pass
 test-amd64-i386-xl-qemuu-ovmf-amd64                          pass
 test-amd64-amd64-rumpuserxen-amd64                           pass
 test-amd64-amd64-xl-qemut-win7-amd64                         fail
 test-amd64-i386-xl-qemut-win7-amd64                          fail
 test-amd64-amd64-xl-qemuu-win7-amd64                         fail
 test-amd64-i386-xl-qemuu-win7-amd64                          fail
 test-armhf-armhf-xl-arndale                                  fail
 test-amd64-amd64-xl-credit2                                  pass
 test-armhf-armhf-xl-credit2                                  fail
 test-armhf-armhf-xl-cubietruck                               fail
 test-amd64-i386-freebsd10-i386                               pass
 test-amd64-i386-rumpuserxen-i386                             fail
 test-amd64-amd64-xl-pvh-intel                                fail
 test-amd64-i386-qemut-rhel6hvm-intel                         pass
 test-amd64-i386-qemuu-rhel6hvm-intel                         pass
 test-amd64-amd64-libvirt                                     pass
 test-armhf-armhf-libvirt                                     fail
 test-amd64-i386-libvirt                                      fail
 test-amd64-amd64-xl-multivcpu                                pass
 test-armhf-armhf-xl-multivcpu                                fail
 test-amd64-amd64-pair                                        pass
 test-amd64-i386-pair                                         pass
 test-amd64-amd64-libvirt-pair                                pass
 test-amd64-i386-libvirt-pair                                 pass
 test-amd64-amd64-amd64-pvgrub                                pass
 test-amd64-amd64-i386-pvgrub                                 pass
 test-amd64-amd64-pygrub                                      pass
 test-amd64-amd64-libvirt-qcow2                               fail
 test-armhf-armhf-libvirt-qcow2                               fail
 test-amd64-i386-libvirt-qcow2                                fail
 test-amd64-amd64-xl-qcow2                                    fail
 test-armhf-armhf-xl-qcow2                                    fail
 test-amd64-i386-xl-qcow2                                     fail
 test-amd64-amd64-libvirt-raw                                 pass
 test-armhf-armhf-libvirt-raw                                 fail
 test-amd64-i386-libvirt-raw                                  fail
 test-amd64-amd64-xl-raw                                      pass
 test-armhf-armhf-xl-raw                                      fail
 test-amd64-i386-xl-raw                                       pass
 test-amd64-amd64-xl-rtds                                     pass
 test-armhf-armhf-xl-rtds                                     fail
 test-amd64-i386-xl-qemut-winxpsp3-vcpus1                     pass
 test-amd64-i386-xl-qemuu-winxpsp3-vcpus1                     pass
 test-amd64-amd64-libvirt-vhd                                 fail
 test-armhf-armhf-libvirt-vhd                                 fail
 test-amd64-i386-libvirt-vhd                                  fail
 test-amd64-amd64-xl-vhd                                      fail
 test-armhf-armhf-xl-vhd                                      fail
 test-amd64-i386-xl-vhd                                       fail
 test-amd64-amd64-xl-qemut-winxpsp3                           pass
 test-amd64-i386-xl-qemut-winxpsp3                            pass
 test-amd64-amd64-xl-qemuu-winxpsp3                           pass
 test-amd64-i386-xl-qemuu-winxpsp3                            fail


------------------------------------------------------------
sg-report-flight on osstest.test-lab.xenproject.org
logs: /home/logs/logs
images: /home/logs/images

Logs, config files, etc. are available at
    http://logs.test-lab.xenproject.org/osstest/logs

Explanation of these reports, and of osstest in general, is at
    http://xenbits.xen.org/gitweb/?p=osstest.git;a=blob;f=README.email;hb=master
    http://xenbits.xen.org/gitweb/?p=osstest.git;a=blob;f=README;hb=master

Test harness code can be found at
    http://xenbits.xen.org/gitweb?p=osstest.git;a=summary


Not pushing.

(No revision log; it would be 2873 lines long.)


[-- Attachment #2: Type: text/plain, Size: 126 bytes --]

_______________________________________________
Xen-devel mailing list
Xen-devel@lists.xen.org
http://lists.xen.org/xen-devel

^ permalink raw reply	[flat|nested] only message in thread

only message in thread, other threads:[~2015-10-01  4:31 UTC | newest]

Thread overview: (only message) (download: mbox.gz follow: Atom feed
-- links below jump to the message on this page --
2015-10-01  4:31 [linux-3.14 test] 62520: regressions - FAIL osstest service owner

This is a public inbox, see mirroring instructions
for how to clone and mirror all data and code used for this inbox;
as well as URLs for NNTP newsgroup(s).