From mboxrd@z Thu Jan 1 00:00:00 1970 From: osstest service owner Subject: [linux-3.14 test] 62520: regressions - FAIL Date: Thu, 01 Oct 2015 04:31:56 +0000 Message-ID: Mime-Version: 1.0 Content-Type: multipart/mixed; boundary="===============1422884337889648072==" Return-path: List-Unsubscribe: , List-Post: List-Help: List-Subscribe: , Sender: xen-devel-bounces@lists.xen.org Errors-To: xen-devel-bounces@lists.xen.org To: xen-devel@lists.xensource.com, osstest-admin@xenproject.org List-Id: xen-devel@lists.xenproject.org --===============1422884337889648072== Content-Length: 19118 Content-Transfer-Encoding: quoted-printable flight 62520 linux-3.14 real [real] http://logs.test-lab.xenproject.org/osstest/logs/62520/ Regressions :-( Tests which did not succeed and are blocking, including tests which could not be run: test-amd64-i386-xl-qcow2 13 guest-saverestore fail REGR. vs. 60666 test-amd64-i386-xl-vhd 13 guest-saverestore fail REGR. vs. 60666 test-amd64-amd64-xl-vhd 17 guest-localmigrate/x10 fail REGR. vs. 60666 test-amd64-amd64-xl-qemuu-debianhvm-amd64 19 guest-start/debianhvm.repeat fail in 62326 REGR. vs. 60666 test-amd64-amd64-xl-qcow2 19 guest-start.2 fail in 62420 REGR. vs. 60666 Tests which are failing intermittently (not blocking): test-armhf-armhf-libvirt-raw 3 host-install(3) broken in 62270 pass in 62520 test-amd64-amd64-xl-qemuu-debianhvm-amd64 18 guest-start.2 fail in 62270 pass in 62326 test-amd64-amd64-libvirt-xsm 17 guest-start.2 fail in 62270 pass in 62520 test-amd64-i386-xl-qemuu-debianhvm-amd64-xsm 9 debian-hvm-install fail in 62270 pass in 62520 test-amd64-i386-xl-qemuu-ovmf-amd64 19 guest-start/debianhvm.repeat fail in 62270 pass in 62520 test-amd64-i386-libvirt-xsm 18 guest-start/debian.repeat fail in 62326 pass in 62520 test-amd64-amd64-libvirt-qcow2 10 guest-start fail in 62326 pass in 62520 test-amd64-amd64-xl-vhd 14 guest-localmigrate fail in 62326 pass in 62520 test-amd64-amd64-libvirt-vhd 9 debian-di-install fail in 62326 pass in 62520 test-amd64-i386-xl-qemuu-debianhvm-amd64 19 guest-start/debianhvm.repeat fail in 62326 pass in 62520 test-amd64-amd64-libvirt-qemuu-debianhvm-amd64-xsm 9 debian-hvm-install fail in 62326 pass in 62520 test-amd64-amd64-xl-qemuu-winxpsp3 18 guest-start.2 fail in 62326 pass in 62520 test-amd64-amd64-libvirt-raw 15 guest-stop fail in 62420 pass in 62520 test-amd64-amd64-xl-vhd 13 guest-saverestore fail in 62420 pass in 62520 test-amd64-amd64-xl-qemuu-ovmf-amd64 16 guest-localmigrate/x10 fail in 62420 pass in 62520 test-amd64-amd64-libvirt-qemuu-debianhvm-amd64-xsm 16 guest-start/debianhvm.repeat fail pass in 62270 test-amd64-amd64-xl-qemut-stubdom-debianhvm-amd64-xsm 13 guest-localmigrate fail pass in 62326 test-amd64-i386-libvirt-raw 17 guest-start/debian.repeat fail pass in 62326 test-amd64-amd64-xl-qemuu-debianhvm-amd64 14 guest-saverestore.2 fail pass in 62326 test-amd64-amd64-libvirt-xsm 18 guest-start/debian.repeat fail pass in 62420 test-amd64-i386-libvirt 18 guest-start/debian.repeat fail pass in 62420 test-amd64-amd64-xl-qemuu-debianhvm-amd64-xsm 16 guest-localmigrate/x10 fail pass in 62420 test-amd64-amd64-xl-qcow2 13 guest-saverestore fail pass in 62420 test-amd64-amd64-libvirt-vhd 13 guest-saverestore fail pass in 62420 test-amd64-i386-xl-qemuu-winxpsp3 19 guest-start/win.repeat fail pass in 62420 Regressions which are regarded as allowable (not blocking): test-amd64-i386-rumpuserxen-i386 15 rumpuserxen-demo-xenstorels/xenstorels.repeat fail REGR. vs. 60666 test-amd64-amd64-libvirt-qcow2 13 guest-saverestore fail REGR. vs. 60666 test-amd64-i386-libvirt-vhd 13 guest-saverestore fail REGR. vs. 60666 test-amd64-i386-libvirt-qcow2 13 guest-saverestore fail REGR. vs. 60666 test-amd64-i386-libvirt-pair 21 guest-migrate/src_host/dst_host fail in 62270 like 60666 test-amd64-amd64-libvirt-pair 21 guest-migrate/src_host/dst_host fail in 62270 like 60666 test-amd64-amd64-xl-qemut-stubdom-debianhvm-amd64-xsm 15 guest-localmigrate.2 fail in 62326 like 60666 test-amd64-amd64-libvirt-vhd 16 guest-start.2 fail in 62420 REGR. vs. 60666 test-armhf-armhf-xl-multivcpu 6 xen-boot fail like 60666 test-armhf-armhf-xl 6 xen-boot fail like 60666 test-armhf-armhf-xl-credit2 6 xen-boot fail like 60666 test-armhf-armhf-libvirt 6 xen-boot fail like 60666 test-amd64-amd64-xl-qemuu-win7-amd64 17 guest-stop fail like 60666 test-amd64-i386-xl-qemut-win7-amd64 17 guest-stop fail like 60666 test-amd64-amd64-xl-qemut-win7-amd64 17 guest-stop fail like 60666 Tests which did not succeed, but are not blocking: test-amd64-i386-xl-qemut-stubdom-debianhvm-amd64-xsm 9 debian-hvm-install fail never pass test-amd64-amd64-xl-pvh-intel 11 guest-start fail never pass test-amd64-amd64-xl-pvh-amd 11 guest-start fail never pass test-armhf-armhf-libvirt-vhd 6 xen-boot fail never pass test-armhf-armhf-xl-qcow2 6 xen-boot fail never pass test-armhf-armhf-xl-raw 6 xen-boot fail never pass test-armhf-armhf-xl-arndale 6 xen-boot fail never pass test-armhf-armhf-xl-cubietruck 6 xen-boot fail never pass test-armhf-armhf-xl-vhd 6 xen-boot fail never pass test-amd64-amd64-libvirt-xsm 12 migrate-support-check fail never pass test-armhf-armhf-xl-xsm 6 xen-boot fail never pass test-amd64-i386-libvirt-xsm 12 migrate-support-check fail never pass test-amd64-amd64-libvirt-raw 11 migrate-support-check fail never pass test-armhf-armhf-libvirt-raw 6 xen-boot fail never pass test-amd64-i386-libvirt-raw 11 migrate-support-check fail never pass test-amd64-amd64-libvirt-qcow2 11 migrate-support-check fail never pass test-amd64-i386-libvirt 12 migrate-support-check fail never pass test-amd64-i386-libvirt-qemuu-debianhvm-amd64-xsm 10 migrate-support-check fail never pass test-amd64-amd64-libvirt 12 migrate-support-check fail never pass test-amd64-amd64-libvirt-vhd 11 migrate-support-check fail never pass test-amd64-i386-libvirt-vhd 11 migrate-support-check fail never pass test-amd64-i386-xl-qemuu-win7-amd64 17 guest-stop fail never pass test-amd64-i386-libvirt-qcow2 11 migrate-support-check fail never pass test-amd64-amd64-libvirt-qemuu-debianhvm-amd64-xsm 10 migrate-support-check fail never pass test-armhf-armhf-xl-rtds 6 xen-boot fail never pass test-armhf-armhf-libvirt-xsm 6 xen-boot fail never pass test-armhf-armhf-libvirt-qcow2 6 xen-boot fail never pass version targeted for testing: linux 4772a34b8cfb53e95d1fa884880d4620e7417ba6 baseline version: linux 9b8b905951bde404f20a7bd4b37a5134f3484569 Last test of basis 60666 2015-08-12 06:12:25 Z 49 days Failing since 60747 2015-08-17 05:56:00 Z 44 days 22 attempts Testing same since 62270 2015-09-22 05:10:37 Z 8 days 4 attempts ------------------------------------------------------------ People who touched revisions under test: Al Viro Alan Stern Alex Deucher Amanieu d'Antras Andrew Morton Andrey Ryabinin Andy Lutomirski Arkadiusz Mi=C5=9Bkiewicz Arnd Bergmann Axel Lin Bart Van Assche Benjamin Randazzo Bjorn Helgaas Bob Liu Borislav Petkov Brian King Cristina Opriceana Dan Carpenter Dan McGee Dave Airlie David Daney David S. Miller David Vrabel Davidlohr Bueso Dirk Behme Don Zickus Doug Ledford Dr. Greg Wettstein Felipe Balbi Felix Fietkau Grant Likely Greg Kroah-Hartman Guenter Roeck Herbert Xu Herton R. Krzesinski Horia Geant=3F Hugh Dickins Ian Abbott Ilan Cohen Ilya Dryomov Imre Deak Ingo Molnar James Bottomley James Hogan Jan Kara Jiri Kosina Joe Thornber Johan Hovold Jonathan Cameron Jonathon Jongsma Joseph Qi Kevin Hilman Kishon Vijay Abraham I Konrad Rzeszutek Wilk Lars-Peter Clausen Linus Torvalds Maciej S. Szmigiero Maciej Szmigiero Manfred Spraul Marc Zyngier Marcus Gelderie Marek Belisko Marek Marczykowski-G=C3=B3recki Mark Brown Markus Pargmann Martin Schwidefsky Masahiro Yamada Mathias Nyman Matthijs Kooijman Max Filippov Michael Kerrisk Michael S. Tsirkin Michael Walle Michal Hocko Mike Snitzer Miklos Szeredi Mikulas Patocka Mikulas Patocka Mimi Zohar Naoya Horiguchi NeilBrown Nicholas Bellinger Nicholas Bellinger Paolo Bonzini Paul Walmsley Pavel Shirshov Pawel Moll Peter Chen Peter Zijlstra (Intel) Peter Zijlstra Philipp Hachtmann Ralf Baechle Ricardo Ribalda Delgado Richard Weinberger Rob Herring Roger Pau Monn=C3=A9 Roger Quadros Russell King Sebastian Ott Stephen Boyd Stephen Chandler Paul Steven Rostedt Sudip Mukherjee Sudip Mukherjee Takashi Iwai Tejun Heo Tero Kristo Thomas Hellstrom Vasu Dev Vignesh R Wang Kai Wanpeng Li Wen Xiong Will Deacon Wolfram Sang Xiao Guangrong Yann Droneaud jobs: build-amd64-xsm pass build-armhf-xsm pass build-i386-xsm pass build-amd64 pass build-armhf pass build-i386 pass build-amd64-libvirt pass build-armhf-libvirt pass build-i386-libvirt pass build-amd64-pvops pass build-armhf-pvops pass build-i386-pvops pass build-amd64-rumpuserxen pass build-i386-rumpuserxen pass test-amd64-amd64-xl pass test-armhf-armhf-xl fail test-amd64-i386-xl pass test-amd64-amd64-xl-qemut-debianhvm-amd64-xsm pass test-amd64-i386-xl-qemut-debianhvm-amd64-xsm pass test-amd64-amd64-libvirt-qemuu-debianhvm-amd64-xsm fail test-amd64-i386-libvirt-qemuu-debianhvm-amd64-xsm pass test-amd64-amd64-xl-qemuu-debianhvm-amd64-xsm fail test-amd64-i386-xl-qemuu-debianhvm-amd64-xsm pass test-amd64-amd64-xl-qemut-stubdom-debianhvm-amd64-xsm fail test-amd64-i386-xl-qemut-stubdom-debianhvm-amd64-xsm fail test-amd64-amd64-libvirt-xsm fail test-armhf-armhf-libvirt-xsm fail test-amd64-i386-libvirt-xsm pass test-amd64-amd64-xl-xsm pass test-armhf-armhf-xl-xsm fail test-amd64-i386-xl-xsm pass test-amd64-amd64-xl-pvh-amd fail test-amd64-i386-qemut-rhel6hvm-amd pass test-amd64-i386-qemuu-rhel6hvm-amd pass test-amd64-amd64-xl-qemut-debianhvm-amd64 pass test-amd64-i386-xl-qemut-debianhvm-amd64 pass test-amd64-amd64-xl-qemuu-debianhvm-amd64 fail test-amd64-i386-xl-qemuu-debianhvm-amd64 pass test-amd64-i386-freebsd10-amd64 pass test-amd64-amd64-xl-qemuu-ovmf-amd64 pass test-amd64-i386-xl-qemuu-ovmf-amd64 pass test-amd64-amd64-rumpuserxen-amd64 pass test-amd64-amd64-xl-qemut-win7-amd64 fail test-amd64-i386-xl-qemut-win7-amd64 fail test-amd64-amd64-xl-qemuu-win7-amd64 fail test-amd64-i386-xl-qemuu-win7-amd64 fail test-armhf-armhf-xl-arndale fail test-amd64-amd64-xl-credit2 pass test-armhf-armhf-xl-credit2 fail test-armhf-armhf-xl-cubietruck fail test-amd64-i386-freebsd10-i386 pass test-amd64-i386-rumpuserxen-i386 fail test-amd64-amd64-xl-pvh-intel fail test-amd64-i386-qemut-rhel6hvm-intel pass test-amd64-i386-qemuu-rhel6hvm-intel pass test-amd64-amd64-libvirt pass test-armhf-armhf-libvirt fail test-amd64-i386-libvirt fail test-amd64-amd64-xl-multivcpu pass test-armhf-armhf-xl-multivcpu fail test-amd64-amd64-pair pass test-amd64-i386-pair pass test-amd64-amd64-libvirt-pair pass test-amd64-i386-libvirt-pair pass test-amd64-amd64-amd64-pvgrub pass test-amd64-amd64-i386-pvgrub pass test-amd64-amd64-pygrub pass test-amd64-amd64-libvirt-qcow2 fail test-armhf-armhf-libvirt-qcow2 fail test-amd64-i386-libvirt-qcow2 fail test-amd64-amd64-xl-qcow2 fail test-armhf-armhf-xl-qcow2 fail test-amd64-i386-xl-qcow2 fail test-amd64-amd64-libvirt-raw pass test-armhf-armhf-libvirt-raw fail test-amd64-i386-libvirt-raw fail test-amd64-amd64-xl-raw pass test-armhf-armhf-xl-raw fail test-amd64-i386-xl-raw pass test-amd64-amd64-xl-rtds pass test-armhf-armhf-xl-rtds fail test-amd64-i386-xl-qemut-winxpsp3-vcpus1 pass test-amd64-i386-xl-qemuu-winxpsp3-vcpus1 pass test-amd64-amd64-libvirt-vhd fail test-armhf-armhf-libvirt-vhd fail test-amd64-i386-libvirt-vhd fail test-amd64-amd64-xl-vhd fail test-armhf-armhf-xl-vhd fail test-amd64-i386-xl-vhd fail test-amd64-amd64-xl-qemut-winxpsp3 pass test-amd64-i386-xl-qemut-winxpsp3 pass test-amd64-amd64-xl-qemuu-winxpsp3 pass test-amd64-i386-xl-qemuu-winxpsp3 fail ------------------------------------------------------------ sg-report-flight on osstest.test-lab.xenproject.org logs: /home/logs/logs images: /home/logs/images Logs, config files, etc. are available at http://logs.test-lab.xenproject.org/osstest/logs Explanation of these reports, and of osstest in general, is at http://xenbits.xen.org/gitweb/=3Fp=3Dosstest.git;a=3Dblob;f=3DREADME.email;hb=3Dmaster http://xenbits.xen.org/gitweb/=3Fp=3Dosstest.git;a=3Dblob;f=3DREADME;hb=3Dmaster Test harness code can be found at http://xenbits.xen.org/gitweb=3Fp=3Dosstest.git;a=3Dsummary Not pushing. (No revision log; it would be 2873 lines long.) --===============1422884337889648072== Content-Type: text/plain; charset="us-ascii" MIME-Version: 1.0 Content-Transfer-Encoding: 7bit Content-Disposition: inline _______________________________________________ Xen-devel mailing list Xen-devel@lists.xen.org http://lists.xen.org/xen-devel --===============1422884337889648072==--