From mboxrd@z Thu Jan 1 00:00:00 1970 From: osstest service owner Subject: [qemu-mainline test] 62525: regressions - trouble: blocked/broken/fail/pass Date: Thu, 01 Oct 2015 07:47:41 +0000 Message-ID: Mime-Version: 1.0 Content-Type: multipart/mixed; boundary="===============4564353267995910493==" Return-path: List-Unsubscribe: , List-Post: List-Help: List-Subscribe: , Sender: xen-devel-bounces@lists.xen.org Errors-To: xen-devel-bounces@lists.xen.org To: xen-devel@lists.xensource.com, osstest-admin@xenproject.org List-Id: xen-devel@lists.xenproject.org --===============4564353267995910493== Content-Length: 13250 Content-Transfer-Encoding: quoted-printable flight 62525 qemu-mainline real [real] http://logs.test-lab.xenproject.org/osstest/logs/62525/ Regressions :-( Tests which did not succeed and are blocking, including tests which could not be run: build-armhf 4 host-build-prep fail REGR. vs. 62339 test-armhf-armhf-xl-credit2 9 debian-install fail in 62424 REGR. vs. 62339 Tests which are failing intermittently (not blocking): test-amd64-amd64-xl-qemuu-debianhvm-amd64 19 guest-start/debianhvm.repeat fail in 62424 pass in 62525 test-amd64-i386-xl-qemuu-debianhvm-amd64-xsm 19 guest-start/debianhvm.repeat fail pass in 62424 Regressions which are regarded as allowable (not blocking): test-armhf-armhf-xl-rtds 15 guest-start.2 fail in 62424 REGR. vs. 62339 Tests which did not succeed, but are not blocking: test-armhf-armhf-xl-qcow2 1 build-check(1) blocked n/a test-armhf-armhf-xl-vhd 1 build-check(1) blocked n/a test-armhf-armhf-libvirt-vhd 1 build-check(1) blocked n/a test-armhf-armhf-libvirt-raw 1 build-check(1) blocked n/a test-armhf-armhf-xl-raw 1 build-check(1) blocked n/a test-armhf-armhf-libvirt 1 build-check(1) blocked n/a test-armhf-armhf-xl-arndale 1 build-check(1) blocked n/a test-armhf-armhf-xl-credit2 1 build-check(1) blocked n/a build-armhf-libvirt 1 build-check(1) blocked n/a test-armhf-armhf-libvirt-xsm 1 build-check(1) blocked n/a test-armhf-armhf-xl-cubietruck 1 build-check(1) blocked n/a test-armhf-armhf-xl-rtds 1 build-check(1) blocked n/a test-armhf-armhf-libvirt-qcow2 1 build-check(1) blocked n/a test-armhf-armhf-xl 1 build-check(1) blocked n/a test-armhf-armhf-xl-multivcpu 1 build-check(1) blocked n/a test-armhf-armhf-xl-qcow2 9 debian-di-install fail in 62424 never pass test-armhf-armhf-xl-vhd 9 debian-di-install fail in 62424 never pass test-armhf-armhf-libvirt-vhd 9 debian-di-install fail in 62424 never pass test-armhf-armhf-libvirt-raw 9 debian-di-install fail in 62424 never pass test-armhf-armhf-xl-raw 9 debian-di-install fail in 62424 never pass test-armhf-armhf-libvirt 14 guest-saverestore fail in 62424 never pass test-armhf-armhf-libvirt 12 migrate-support-check fail in 62424 never pass test-armhf-armhf-xl-arndale 12 migrate-support-check fail in 62424 never pass test-armhf-armhf-xl-arndale 13 saverestore-support-check fail in 62424 never pass test-armhf-armhf-libvirt-xsm 12 migrate-support-check fail in 62424 never pass test-armhf-armhf-libvirt-xsm 14 guest-saverestore fail in 62424 never pass test-armhf-armhf-xl-cubietruck 12 migrate-support-check fail in 62424 never pass test-armhf-armhf-xl-cubietruck 13 saverestore-support-check fail in 62424 never pass test-armhf-armhf-xl-rtds 13 saverestore-support-check fail in 62424 never pass test-armhf-armhf-xl-rtds 12 migrate-support-check fail in 62424 never pass test-armhf-armhf-libvirt-qcow2 9 debian-di-install fail in 62424 never pass test-armhf-armhf-xl 12 migrate-support-check fail in 62424 never pass test-armhf-armhf-xl 13 saverestore-support-check fail in 62424 never pass test-armhf-armhf-xl-multivcpu 13 saverestore-support-check fail in 62424 never pass test-armhf-armhf-xl-multivcpu 12 migrate-support-check fail in 62424 never pass test-amd64-amd64-xl-pvh-intel 11 guest-start fail never pass test-amd64-amd64-xl-pvh-amd 11 guest-start fail never pass test-amd64-i386-libvirt 12 migrate-support-check fail never pass test-amd64-amd64-libvirt-xsm 12 migrate-support-check fail never pass test-amd64-amd64-libvirt 12 migrate-support-check fail never pass test-amd64-amd64-libvirt-raw 11 migrate-support-check fail never pass test-amd64-i386-libvirt-qcow2 11 migrate-support-check fail never pass test-amd64-amd64-libvirt-qcow2 11 migrate-support-check fail never pass test-armhf-armhf-xl-xsm 13 saverestore-support-check fail never pass test-armhf-armhf-xl-xsm 12 migrate-support-check fail never pass test-amd64-amd64-libvirt-qemuu-debianhvm-amd64-xsm 10 migrate-support-check fail never pass test-amd64-i386-libvirt-xsm 12 migrate-support-check fail never pass test-amd64-i386-libvirt-qemuu-debianhvm-amd64-xsm 10 migrate-support-check fail never pass test-amd64-i386-libvirt-raw 11 migrate-support-check fail never pass test-amd64-amd64-xl-qemuu-win7-amd64 17 guest-stop fail never pass test-amd64-amd64-xl-vhd 9 debian-di-install fail never pass test-amd64-i386-libvirt-vhd 9 debian-di-install fail never pass test-amd64-i386-xl-qemuu-win7-amd64 17 guest-stop fail never pass test-amd64-amd64-libvirt-vhd 9 debian-di-install fail never pass test-amd64-i386-xl-vhd 9 debian-di-install fail never pass version targeted for testing: qemuu 9e071429e649346c14b2dc76902f84f8352d2333 baseline version: qemuu 8a47d575dfac0f6675e2ac56c5921cc520d021a6 Last test of basis 62339 2015-09-25 00:11:07 Z 6 days Testing same since 62424 2015-09-27 01:21:44 Z 4 days 2 attempts ------------------------------------------------------------ People who touched revisions under test: Alex Williamson Aurelien Jarno Bastian Koppelmann Changchun Ouyang Cornelia Huck Daniel P. Berrange Denis V. Lunev Eduardo Habkost Hitoshi Mitake Jason Wang Jeff Cody Laszlo Ersek Laurent Vivier Liu Yuan Marc-Andr=C3=A9 Lureau Marcel Apfelbaum Michael S. Tsirkin Michael S. Tsirkin Michael Walle Nikolay Nikolaev Paolo Bonzini Pavel Butsykin Pavel Dovgalyuk Peter Crosthwaite Peter Crosthwaite Peter Lieven Peter Maydell Pierre Morel Riku Voipio Thomas Huth Vasiliy Tolstov Wen Congyang Yuanhan Liu jobs: build-amd64-xsm pass build-armhf-xsm pass build-i386-xsm pass build-amd64 pass build-armhf broken build-i386 pass build-amd64-libvirt pass build-armhf-libvirt blocked build-i386-libvirt pass build-amd64-pvops pass build-armhf-pvops pass build-i386-pvops pass test-amd64-amd64-xl pass test-armhf-armhf-xl blocked test-amd64-i386-xl pass test-amd64-amd64-libvirt-qemuu-debianhvm-amd64-xsm pass test-amd64-i386-libvirt-qemuu-debianhvm-amd64-xsm pass test-amd64-amd64-xl-qemuu-debianhvm-amd64-xsm pass test-amd64-i386-xl-qemuu-debianhvm-amd64-xsm fail test-amd64-amd64-libvirt-xsm pass test-armhf-armhf-libvirt-xsm blocked test-amd64-i386-libvirt-xsm pass test-amd64-amd64-xl-xsm pass test-armhf-armhf-xl-xsm pass test-amd64-i386-xl-xsm pass test-amd64-amd64-xl-pvh-amd fail test-amd64-i386-qemuu-rhel6hvm-amd pass test-amd64-amd64-xl-qemuu-debianhvm-amd64 pass test-amd64-i386-xl-qemuu-debianhvm-amd64 pass test-amd64-i386-freebsd10-amd64 pass test-amd64-amd64-xl-qemuu-ovmf-amd64 pass test-amd64-i386-xl-qemuu-ovmf-amd64 pass test-amd64-amd64-xl-qemuu-win7-amd64 fail test-amd64-i386-xl-qemuu-win7-amd64 fail test-armhf-armhf-xl-arndale blocked test-amd64-amd64-xl-credit2 pass test-armhf-armhf-xl-credit2 blocked test-armhf-armhf-xl-cubietruck blocked test-amd64-i386-freebsd10-i386 pass test-amd64-amd64-xl-pvh-intel fail test-amd64-i386-qemuu-rhel6hvm-intel pass test-amd64-amd64-libvirt pass test-armhf-armhf-libvirt blocked test-amd64-i386-libvirt pass test-amd64-amd64-xl-multivcpu pass test-armhf-armhf-xl-multivcpu blocked test-amd64-amd64-pair pass test-amd64-i386-pair pass test-amd64-amd64-libvirt-pair pass test-amd64-i386-libvirt-pair pass test-amd64-amd64-amd64-pvgrub pass test-amd64-amd64-i386-pvgrub pass test-amd64-amd64-pygrub pass test-amd64-amd64-libvirt-qcow2 pass test-armhf-armhf-libvirt-qcow2 blocked test-amd64-i386-libvirt-qcow2 pass test-amd64-amd64-xl-qcow2 pass test-armhf-armhf-xl-qcow2 blocked test-amd64-i386-xl-qcow2 pass test-amd64-amd64-libvirt-raw pass test-armhf-armhf-libvirt-raw blocked test-amd64-i386-libvirt-raw pass test-amd64-amd64-xl-raw pass test-armhf-armhf-xl-raw blocked test-amd64-i386-xl-raw pass test-amd64-amd64-xl-rtds pass test-armhf-armhf-xl-rtds blocked test-amd64-i386-xl-qemuu-winxpsp3-vcpus1 pass test-amd64-amd64-libvirt-vhd fail test-armhf-armhf-libvirt-vhd blocked test-amd64-i386-libvirt-vhd fail test-amd64-amd64-xl-vhd fail test-armhf-armhf-xl-vhd blocked test-amd64-i386-xl-vhd fail test-amd64-amd64-xl-qemuu-winxpsp3 pass test-amd64-i386-xl-qemuu-winxpsp3 pass ------------------------------------------------------------ sg-report-flight on osstest.test-lab.xenproject.org logs: /home/logs/logs images: /home/logs/images Logs, config files, etc. are available at http://logs.test-lab.xenproject.org/osstest/logs Explanation of these reports, and of osstest in general, is at http://xenbits.xen.org/gitweb/=3Fp=3Dosstest.git;a=3Dblob;f=3DREADME.email;hb=3Dmaster http://xenbits.xen.org/gitweb/=3Fp=3Dosstest.git;a=3Dblob;f=3DREADME;hb=3Dmaster Test harness code can be found at http://xenbits.xen.org/gitweb=3Fp=3Dosstest.git;a=3Dsummary Not pushing. (No revision log; it would be 1783 lines long.) --===============4564353267995910493== Content-Type: text/plain; charset="us-ascii" MIME-Version: 1.0 Content-Transfer-Encoding: 7bit Content-Disposition: inline _______________________________________________ Xen-devel mailing list Xen-devel@lists.xen.org http://lists.xen.org/xen-devel --===============4564353267995910493==--