xen-devel.lists.xenproject.org archive mirror
 help / color / mirror / Atom feed
From: osstest service owner <osstest-admin@xenproject.org>
To: xen-devel@lists.xensource.com, osstest-admin@xenproject.org
Subject: [linux-4.1 test] 62540: regressions - FAIL
Date: Fri, 02 Oct 2015 01:49:45 +0000	[thread overview]
Message-ID: <osstest-62540-mainreport@xen.org> (raw)

[-- Warning: decoded text below may be mangled, UTF-8 assumed --]
[-- Attachment #1: Type: text/plain, Size: 18708 bytes --]

flight 62540 linux-4.1 real [real]
http://logs.test-lab.xenproject.org/osstest/logs/62540/

Regressions :-(

Tests which did not succeed and are blocking,
including tests which could not be run:
 test-amd64-i386-xl-qemut-stubdom-debianhvm-amd64-xsm 13 guest-localmigrate fail REGR. vs. 62318
 test-amd64-i386-xl-qemut-debianhvm-amd64 19 guest-start/debianhvm.repeat fail REGR. vs. 62318

Regressions which are regarded as allowable (not blocking):
 test-amd64-amd64-xl-qemut-stubdom-debianhvm-amd64-xsm 15 guest-localmigrate.2 fail blocked in 62318
 test-armhf-armhf-xl-rtds     11 guest-start                  fail   like 62256
 test-amd64-amd64-libvirt-pair 21 guest-migrate/src_host/dst_host fail like 62256
 test-amd64-amd64-xl-qemut-win7-amd64 17 guest-stop             fail like 62318
 test-amd64-amd64-xl-qemuu-win7-amd64 17 guest-stop             fail like 62318

Tests which did not succeed, but are not blocking:
 test-armhf-armhf-xl-qcow2     9 debian-di-install            fail   never pass
 test-armhf-armhf-xl-vhd       9 debian-di-install            fail   never pass
 test-armhf-armhf-libvirt-vhd  9 debian-di-install            fail   never pass
 test-armhf-armhf-libvirt-qcow2  9 debian-di-install            fail never pass
 test-amd64-amd64-xl-pvh-intel 14 guest-saverestore            fail  never pass
 test-armhf-armhf-xl-raw       9 debian-di-install            fail   never pass
 test-armhf-armhf-libvirt-raw  9 debian-di-install            fail   never pass
 test-amd64-amd64-xl-pvh-amd  11 guest-start                  fail   never pass
 test-armhf-armhf-libvirt-xsm 12 migrate-support-check        fail   never pass
 test-armhf-armhf-libvirt-xsm 14 guest-saverestore            fail   never pass
 test-amd64-i386-libvirt      12 migrate-support-check        fail   never pass
 test-amd64-amd64-libvirt     12 migrate-support-check        fail   never pass
 test-armhf-armhf-xl          12 migrate-support-check        fail   never pass
 test-armhf-armhf-xl          13 saverestore-support-check    fail   never pass
 test-amd64-i386-libvirt-xsm  12 migrate-support-check        fail   never pass
 test-armhf-armhf-xl-arndale  12 migrate-support-check        fail   never pass
 test-armhf-armhf-xl-arndale  13 saverestore-support-check    fail   never pass
 test-amd64-amd64-libvirt-xsm 12 migrate-support-check        fail   never pass
 test-armhf-armhf-xl-credit2  13 saverestore-support-check    fail   never pass
 test-armhf-armhf-xl-credit2  12 migrate-support-check        fail   never pass
 test-amd64-amd64-libvirt-qcow2 11 migrate-support-check        fail never pass
 test-amd64-amd64-libvirt-raw 11 migrate-support-check        fail   never pass
 test-amd64-i386-libvirt-qcow2 11 migrate-support-check        fail  never pass
 test-armhf-armhf-xl-xsm      13 saverestore-support-check    fail   never pass
 test-armhf-armhf-xl-xsm      12 migrate-support-check        fail   never pass
 test-amd64-amd64-libvirt-qemuu-debianhvm-amd64-xsm 10 migrate-support-check fail never pass
 test-amd64-i386-libvirt-vhd  11 migrate-support-check        fail   never pass
 test-amd64-i386-libvirt-raw  11 migrate-support-check        fail   never pass
 test-amd64-amd64-libvirt-vhd 11 migrate-support-check        fail   never pass
 test-amd64-i386-libvirt-qemuu-debianhvm-amd64-xsm 10 migrate-support-check fail never pass
 test-amd64-i386-xl-qemuu-win7-amd64 17 guest-stop              fail never pass
 test-amd64-i386-xl-qemut-win7-amd64 17 guest-stop              fail never pass
 test-armhf-armhf-xl-multivcpu 13 saverestore-support-check    fail  never pass
 test-armhf-armhf-xl-multivcpu 12 migrate-support-check        fail  never pass
 test-armhf-armhf-libvirt     14 guest-saverestore            fail   never pass
 test-armhf-armhf-libvirt     12 migrate-support-check        fail   never pass

version targeted for testing:
 linux                cbc890891ddaf0240ad669dd9f0e48c599ff3d63
baseline version:
 linux                36311a9ec4904c080bbdfcefc0f3d609ed508224

Last test of basis    62318  2015-09-24 00:30:22 Z    8 days
Testing same since    62540  2015-09-29 17:44:52 Z    2 days    1 attempts

------------------------------------------------------------
People who touched revisions under test:
  "Eric W. Biederman" <ebiederm@xmission.com>
  Aaron Brown <aaron.f.brown@intel.com>
  Adam Lee <adam.lee@canonical.com>
  Adrien Schildknecht <adrien+dev@schischi.me>
  Alex Deucher <alexander.deucher@amd.com>
  Alexander Drozdov <al.drozdov@gmail.com>
  Alexander Duyck <alexander.h.duyck@redhat.com>
  Alexandre Belloni <alexandre.belloni@free-electrons.com>
  Alexei Starovoitov <ast@plumgrid.com>
  Alexey Brodkin <abrodkin@synopsys.com>
  Alexey Brodkin <Alexey.Brodkin@synopsys.com>
  Andrew Morton <akpm@linux-foundation.org>
  Andrew W Elble <aweits@rit.edu>
  Andy Whitcroft <apw@canonical.com>
  Aneesh Kumar K.V <aneesh.kumar@linux.vnet.ibm.com>
  Angga <Hermin.Anggawijaya@alliedtelesis.co.nz>
  Anna Schumaker <Anna.Schumaker@netapp.com>
  Ard Biesheuvel <ard.biesheuvel@linaro.org>
  Ariel Nahum <arieln@mellanox.com>
  Bart Van Assche <bart.vanassche@sandisk.com>
  Benjamin Coddington <bcodding@redhat.com>
  Benjamin Herrenschmidt <benh@kernel.crashing.org>
  Benoit Parrot <bparrot@ti.com>
  Bob Copeland <me@bobcopeland.com>
  Bob Liu <bob.liu@oracle.com>
  Brenden Blanco <bblanco@plumgrid.com>
  Brian Starkey <brian.starkey@arm.com>
  Carol L Soto <clsoto@linux.vnet.ibm.com>
  Catalin Marinas <catalin.marinas@arm.com>
  Chris Mason <clm@fb.com>
  Christoph Hellwig <hch@lst.de>
  Christophe Ricard <christophe-h.ricard@st.com>
  Christophe Ricard <christophe.ricard@gmail.com>
  Cong Wang <cwang@twopensource.com>
  Cong Wang <xiyou.wangcong@gmail.com>
  Dan Carpenter <dan.carpenter@oracle.com>
  Daniel Axtens <dja@axtens.net>
  Daniel Borkmann <daniel@iogearbox.net>
  Darren Hart <dvhart@linux.intel.com>
  David Ahern <dsa@cumulusnetworks.com>
  David Dueck <davidcdueck@googlemail.com>
  David Härdeman <david@hardeman.nu>
  David Rientjes <rientjes@google.com>
  David S. Miller <davem@davemloft.net>
  Ding Tianhong <dingtianhong@huawei.com>
  dingtianhong <dingtianhong@huawei.com>
  Dmitry Torokhov <dmitry.torokhov@gmail.com>
  Doug Ledford <dledford@redhat.com>
  Edward Hyunkoo Jee <edjee@google.com>
  Emil Medve <Emilian.Medve@Freescale.com>
  Eric Dumazet <edumazet@google.com>
  Eric Sandeen <sandeen@redhat.com>
  Eric W. Biederman <ebiederm@xmission.com>
  Eryu Guan <guaneryu@gmail.com>
  Filipe Manana <fdmanana@suse.com>
  Florian Fainelli <f.fainelli@gmail.com>
  Florian Westphal <fw@strlen.de>
  Gavin Shan <gwshan@linux.vnet.ibm.com>
  Greg Kroah-Hartman <gregkh@linuxfoundation.org>
  Gregory Hoggarth <Gregory.Hoggarth@alliedtelesis.co.nz>
  Haggai Eran <haggaie@mellanox.com>
  Hans de Goede <hdegoede@redhat.com>
  Hans Verkuil <hans.verkuil@cisco.com>
  Heiko Stuebner <heiko@sntech.de>
  Heiko Stübner <heiko@sntech.de>
  Helge Deller <deller@gmx.de>
  Herbert Xu <herbert@gondor.apana.org.au>
  Hermin Anggawijaya <hermin.anggawijaya@alliedtelesis.co.nz>
  Hin-Tak Leung <htl10@users.sourceforge.net>
  Ian Munsie <imunsie@au1.ibm.com>
  Ido Schimmel <idosch@mellanox.com>
  Ivan Vecera <ivecera@redhat.com>
  J. Bruce Fields <bfields@redhat.com>
  Jack Morgenstein <jackm@dev.mellanox.co.il>
  Jaewon Kim <jaewon31.kim@samsung.com>
  Jan Kara <jack@suse.com>
  Jann Horn <jann@thejh.net>
  Jason Gunthorpe <jgunthorpe@obsidianresearch.com>
  Jean Delvare <jdelvare@suse.de>
  Jeff Kirsher <jeffrey.t.kirsher@intel.com>
  Jeff Layton <jeff.layton@primarydata.com>
  Jeff Layton <jlayton@poochiereds.net>
  Jeff Vander Stoep <jeffv@google.com>
  Jeffery Miller <jmiller@neverware.com>
  Jens Axboe <axboe@fb.com>
  Jesse Jones <jjones@cococorp.com>
  Jialing Fu <jlfu@marvell.com>
  Jiri Pirko <jiri@resnulli.us>
  Jisheng Zhang <jszhang@marvell.com>
  Joerg Roedel <jroedel@suse.de>
  Johannes Berg <johannes.berg@intel.com>
  John David Anglin <dave.anglin>
  John David Anglin <dave.anglin@bell.net>
  John Fastabend <john.r.fastabend@intel.com>
  Joonyoung Shim <jy0922.shim@samsung.com>
  Julian Anastasov <ja@ssi.bg>
  Kalle Valo <kvalo@codeaurora.org>
  Kees Cook <keescook@chromium.org>
  Kinglong Mee <kinglongmee@gmail.com>
  Krzysztof Kozlowski <k.kozlowski@samsung.com>
  Lad, Prabhakar <prabhakar.csengg@gmail.com>
  Larry Finger <Larry.Finger@lwfinger.net>
  Lars Westerhoff <lars.westerhoff@newtec.eu>
  Laurent Pinchart <laurent.pinchart@ideasonboard.com>
  Leonidas Da Silva Barbosa <leosilva@linux.vnet.ibm.com>
  Leonidas S. Barbosa <leosilva@linux.vnet.ibm.com>
  Linus Torvalds <torvalds@linux-foundation.org>
  Linus Walleij <linus.walleij@linaro.org>
  Ludovic Desroches <ludovic.desroches@atmel.com>
  Madalin Bucur <Madalin.Bucur@freescale.com>
  Marc Zyngier <marc.zyngier@arm.com>
  Markos Chandras <markos.chandras@imgtec.com>
  Matan Barak <matanb@mellanox.com>
  Mauro Carvalho Chehab <mchehab@osg.samsung.com>
  Mel Gorman <mgorman@suse.de>
  Michael Ellerman <mpe@ellerman.id.au>
  Michael S. Tsirkin <mst@redhat.com>
  Michal Hocko <mhocko@suse.com>
  Mike Marciniszyn <mike.marciniszyn@intel.com>
  Minchan Kim <minchan@kernel.org>
  Minfei Huang <mnfhuang@gmail.com>
  Ming Lei <ming.lei@canonical.com>
  Mitja Spes <mitja@lxnav.com>
  NeilBrown <neilb@suse.com>
  Nicolas Dichtel <nicolas.dichtel@6wind.com>
  Nicolas Ferre <nicolas.ferre@atmel.com>
  Nicolas Iooss <nicolas.iooss_linux@m4x.org>
  Nikolay Aleksandrov <nikolay@cumulusnetworks.com>
  Nikolay Aleksandrov <razor@blackwall.org>
  Niranjan Sivakumar <ns253@cornell.edu>
  Noa Osherovich <noaos@mellanox.com>
  Oleg Nesterov <oleg@redhat.com>
  Oliver Hartkopp <socketcan@hartkopp.net>
  Or Gerlitz <ogerlitz@mellanox.com>
  Paul Moore <paul@paul-moore.com>
  Pavel Fedin <p.fedin@samsung.com>
  Peng Tao <tao.peng@primarydata.com>
  Peter Guo <peter.guo@bayhubtech.com>
  Phil Sutter <phil@nwl.cc>
  Pratyush Anand <panand@redhat.com>
  Pravin B Shelar <pshelar@nicira.com>
  Ralf Baechle <ralf@linux-mips.org>
  Rasesh Mody <rasesh.mody@qlogic.com>
  Rob Herring <robh@kernel.org>
  Russell King <rmk+kernel@arm.linux.org.uk>
  Sagi Grimberg <sagig@mellanox.com>
  Sakari Ailus <sakari.ailus@iki.fi>
  Samuel Ortiz <sameo@linux.intel.com>
  Scott Feldman <sfeldma@gmail.com>
  Sergei Antonov <saproj@gmail.com>
  Shachar Raindel <raindel@mellanox.com>
  Shani Michaeli <shanim@mellanox.com>
  Shawn Lin <shawn.lin@rock-chips.com>
  Shota Suzuki <suzuki_shota_t3@lab.ntt.co.jp>
  Stephen Smalley <sds@tycho.nsa.gov>
  Steve French <smfrench@gmail.com>
  Steven Rostedt <rostedt@goodmis.org>
  Stuart Yoder <stuart.yoder@freescale.com>
  Sudip Mukherjee <sudip@vectorindia.org>
  Takashi Iwai <tiwai@suse.de>
  Theodore Ts'o <tytso@mit.edu>
  Thierry Reding <treding@nvidia.com>
  Thierry Strudel <tstrudel@google.com>
  Thomas Gleixner <tglx@linutronix.de>
  Thomas Graf <tgraf@suug.ch>
  Thomas Huth <thuth@redhat.com>
  Tilman Schmidt <tilman@imap.cc>
  Timo Teräs <timo.teras@iki.fi>
  Tony Luck <tony.luck@intel.com>
  Trond Myklebust <trond.myklebust@primarydata.com>
  Tyler Hicks <tyhicks@canonical.com>
  Ulf Hansson <ulf.hansson@linaro.org>
  Varun Sethi <Varun.Sethi@freescale.com>
  Vlad Zolotarov <vladz@cloudius-systems.com>
  Vlastimil Babka <vbabka@suse.cz>
  WANG Cong <xiyou.wangcong@gmail.com>
  Will Deacon <will.deacon@arm.com>
  Woodrow Shen <woodrow.shen@canonical.com>
  Yao-Wen Mao <yaowen@google.com>
  Ying Xue <ying.xue@windriver.com>
  Yinghai Lu <yinghai@kernel.org>
  Yishai Hadas <yishaih@mellanox.com>

jobs:
 build-amd64-xsm                                              pass
 build-armhf-xsm                                              pass
 build-i386-xsm                                               pass
 build-amd64                                                  pass
 build-armhf                                                  pass
 build-i386                                                   pass
 build-amd64-libvirt                                          pass
 build-armhf-libvirt                                          pass
 build-i386-libvirt                                           pass
 build-amd64-pvops                                            pass
 build-armhf-pvops                                            pass
 build-i386-pvops                                             pass
 build-amd64-rumpuserxen                                      pass
 build-i386-rumpuserxen                                       pass
 test-amd64-amd64-xl                                          pass
 test-armhf-armhf-xl                                          pass
 test-amd64-i386-xl                                           pass
 test-amd64-amd64-xl-qemut-debianhvm-amd64-xsm                pass
 test-amd64-i386-xl-qemut-debianhvm-amd64-xsm                 pass
 test-amd64-amd64-libvirt-qemuu-debianhvm-amd64-xsm           pass
 test-amd64-i386-libvirt-qemuu-debianhvm-amd64-xsm            pass
 test-amd64-amd64-xl-qemuu-debianhvm-amd64-xsm                pass
 test-amd64-i386-xl-qemuu-debianhvm-amd64-xsm                 pass
 test-amd64-amd64-xl-qemut-stubdom-debianhvm-amd64-xsm        fail
 test-amd64-i386-xl-qemut-stubdom-debianhvm-amd64-xsm         fail
 test-amd64-amd64-libvirt-xsm                                 pass
 test-armhf-armhf-libvirt-xsm                                 fail
 test-amd64-i386-libvirt-xsm                                  pass
 test-amd64-amd64-xl-xsm                                      pass
 test-armhf-armhf-xl-xsm                                      pass
 test-amd64-i386-xl-xsm                                       pass
 test-amd64-amd64-xl-pvh-amd                                  fail
 test-amd64-i386-qemut-rhel6hvm-amd                           pass
 test-amd64-i386-qemuu-rhel6hvm-amd                           pass
 test-amd64-amd64-xl-qemut-debianhvm-amd64                    pass
 test-amd64-i386-xl-qemut-debianhvm-amd64                     fail
 test-amd64-amd64-xl-qemuu-debianhvm-amd64                    pass
 test-amd64-i386-xl-qemuu-debianhvm-amd64                     pass
 test-amd64-i386-freebsd10-amd64                              pass
 test-amd64-amd64-xl-qemuu-ovmf-amd64                         pass
 test-amd64-i386-xl-qemuu-ovmf-amd64                          pass
 test-amd64-amd64-rumpuserxen-amd64                           pass
 test-amd64-amd64-xl-qemut-win7-amd64                         fail
 test-amd64-i386-xl-qemut-win7-amd64                          fail
 test-amd64-amd64-xl-qemuu-win7-amd64                         fail
 test-amd64-i386-xl-qemuu-win7-amd64                          fail
 test-armhf-armhf-xl-arndale                                  pass
 test-amd64-amd64-xl-credit2                                  pass
 test-armhf-armhf-xl-credit2                                  pass
 test-amd64-i386-freebsd10-i386                               pass
 test-amd64-i386-rumpuserxen-i386                             pass
 test-amd64-amd64-xl-pvh-intel                                fail
 test-amd64-i386-qemut-rhel6hvm-intel                         pass
 test-amd64-i386-qemuu-rhel6hvm-intel                         pass
 test-amd64-amd64-libvirt                                     pass
 test-armhf-armhf-libvirt                                     fail
 test-amd64-i386-libvirt                                      pass
 test-amd64-amd64-xl-multivcpu                                pass
 test-armhf-armhf-xl-multivcpu                                pass
 test-amd64-amd64-pair                                        pass
 test-amd64-i386-pair                                         pass
 test-amd64-amd64-libvirt-pair                                fail
 test-amd64-i386-libvirt-pair                                 pass
 test-amd64-amd64-amd64-pvgrub                                pass
 test-amd64-amd64-i386-pvgrub                                 pass
 test-amd64-amd64-pygrub                                      pass
 test-amd64-amd64-libvirt-qcow2                               pass
 test-armhf-armhf-libvirt-qcow2                               fail
 test-amd64-i386-libvirt-qcow2                                pass
 test-amd64-amd64-xl-qcow2                                    pass
 test-armhf-armhf-xl-qcow2                                    fail
 test-amd64-i386-xl-qcow2                                     pass
 test-amd64-amd64-libvirt-raw                                 pass
 test-armhf-armhf-libvirt-raw                                 fail
 test-amd64-i386-libvirt-raw                                  pass
 test-amd64-amd64-xl-raw                                      pass
 test-armhf-armhf-xl-raw                                      fail
 test-amd64-i386-xl-raw                                       pass
 test-amd64-amd64-xl-rtds                                     pass
 test-armhf-armhf-xl-rtds                                     fail
 test-amd64-i386-xl-qemut-winxpsp3-vcpus1                     pass
 test-amd64-i386-xl-qemuu-winxpsp3-vcpus1                     pass
 test-amd64-amd64-libvirt-vhd                                 pass
 test-armhf-armhf-libvirt-vhd                                 fail
 test-amd64-i386-libvirt-vhd                                  pass
 test-amd64-amd64-xl-vhd                                      pass
 test-armhf-armhf-xl-vhd                                      fail
 test-amd64-i386-xl-vhd                                       pass
 test-amd64-amd64-xl-qemut-winxpsp3                           pass
 test-amd64-i386-xl-qemut-winxpsp3                            pass
 test-amd64-amd64-xl-qemuu-winxpsp3                           pass
 test-amd64-i386-xl-qemuu-winxpsp3                            pass


------------------------------------------------------------
sg-report-flight on osstest.test-lab.xenproject.org
logs: /home/logs/logs
images: /home/logs/images

Logs, config files, etc. are available at
    http://logs.test-lab.xenproject.org/osstest/logs

Explanation of these reports, and of osstest in general, is at
    http://xenbits.xen.org/gitweb/?p=osstest.git;a=blob;f=README.email;hb=master
    http://xenbits.xen.org/gitweb/?p=osstest.git;a=blob;f=README;hb=master

Test harness code can be found at
    http://xenbits.xen.org/gitweb?p=osstest.git;a=summary


Not pushing.

(No revision log; it would be 4658 lines long.)


[-- Attachment #2: Type: text/plain, Size: 126 bytes --]

_______________________________________________
Xen-devel mailing list
Xen-devel@lists.xen.org
http://lists.xen.org/xen-devel

                 reply	other threads:[~2015-10-02  1:49 UTC|newest]

Thread overview: [no followups] expand[flat|nested]  mbox.gz  Atom feed

Reply instructions:

You may reply publicly to this message via plain-text email
using any one of the following methods:

* Save the following mbox file, import it into your mail client,
  and reply-to-all from there: mbox

  Avoid top-posting and favor interleaved quoting:
  https://en.wikipedia.org/wiki/Posting_style#Interleaved_style

* Reply using the --to, --cc, and --in-reply-to
  switches of git-send-email(1):

  git send-email \
    --in-reply-to=osstest-62540-mainreport@xen.org \
    --to=osstest-admin@xenproject.org \
    --cc=xen-devel@lists.xensource.com \
    /path/to/YOUR_REPLY

  https://kernel.org/pub/software/scm/git/docs/git-send-email.html

* If your mail client supports setting the In-Reply-To header
  via mailto: links, try the mailto: link
Be sure your reply has a Subject: header at the top and a blank line before the message body.
This is a public inbox, see mirroring instructions
for how to clone and mirror all data and code used for this inbox;
as well as URLs for NNTP newsgroup(s).