* [linux-3.0 test] 62685: regressions - FAIL
@ 2015-10-07 17:39 osstest service owner
0 siblings, 0 replies; only message in thread
From: osstest service owner @ 2015-10-07 17:39 UTC (permalink / raw)
To: xen-devel, osstest-admin
flight 62685 linux-3.0 real [real]
http://logs.test-lab.xenproject.org/osstest/logs/62685/
Regressions :-(
Tests which did not succeed and are blocking,
including tests which could not be run:
test-amd64-amd64-pair 21 guest-migrate/src_host/dst_host fail REGR. vs. 15418
Tests which are failing intermittently (not blocking):
test-amd64-i386-pair 22 guest-migrate/dst_host/src_host fail in 59003 pass in 58982
test-amd64-amd64-xl 6 xen-boot fail in 59003 pass in 62685
test-amd64-amd64-pair 10 xen-boot/dst_host fail in 59003 pass in 62685
test-amd64-i386-xl 6 xen-boot fail in 59003 pass in 62685
test-amd64-amd64-xl-qemuu-win7-amd64 6 xen-boot fail in 59003 pass in 62685
test-amd64-amd64-xl-qemut-winxpsp3 6 xen-boot fail in 59003 pass in 62685
test-amd64-amd64-xl-qemuu-winxpsp3 6 xen-boot fail in 59003 pass in 62685
test-amd64-i386-xl-qemut-winxpsp3-vcpus1 6 xen-boot fail in 59003 pass in 62685
test-amd64-i386-pair 21 guest-migrate/src_host/dst_host fail pass in 59003
Regressions which are regarded as allowable (not blocking):
test-amd64-i386-xl-qemut-stubdom-debianhvm-amd64-xsm 9 debian-hvm-install fail baseline untested
test-amd64-amd64-rumpuserxen-amd64 15 rumpuserxen-demo-xenstorels/xenstorels.repeat fail baseline untested
test-amd64-i386-xl-qemuu-ovmf-amd64 13 guest-localmigrate fail baseline untested
test-amd64-i386-xl-qemut-debianhvm-amd64-xsm 16 guest-localmigrate/x10 fail baseline untested
test-amd64-i386-xl-qemuu-debianhvm-amd64 16 guest-localmigrate/x10 fail baseline untested
test-amd64-amd64-xl-qemuu-debianhvm-amd64 12 guest-saverestore fail baseline untested
test-amd64-i386-xl-xsm 15 guest-saverestore.2 fail in 58982 baseline untested
test-amd64-amd64-xl-qemuu-ovmf-amd64 6 xen-boot fail in 58982 baseline untested
test-amd64-i386-xl-qemuu-debianhvm-amd64 17 guest-start.2 fail in 58982 baseline untested
test-amd64-amd64-xl-pvh-intel 6 xen-boot fail in 59003 baseline untested
test-amd64-amd64-xl-xsm 6 xen-boot fail in 59003 baseline untested
test-amd64-amd64-xl-multivcpu 6 xen-boot fail in 59003 baseline untested
test-amd64-amd64-libvirt-xsm 6 xen-boot fail in 59003 baseline untested
test-amd64-amd64-xl-credit2 6 xen-boot fail in 59003 baseline untested
test-amd64-amd64-xl-qemut-debianhvm-amd64 6 xen-boot fail in 59003 baseline untested
test-amd64-amd64-xl-qemut-debianhvm-amd64-xsm 6 xen-boot fail in 59003 baseline untested
test-amd64-amd64-xl-rtds 6 xen-boot fail in 59003 baseline untested
test-amd64-i386-xl-qemuu-debianhvm-amd64-xsm 15 guest-localmigrate/x10 fail in 59003 baseline untested
test-amd64-i386-freebsd10-i386 6 xen-boot fail in 59003 baseline untested
test-amd64-amd64-xl-qemuu-debianhvm-amd64 6 xen-boot fail in 59003 baseline untested
test-amd64-i386-xl-qemut-debianhvm-amd64 6 xen-boot fail in 59003 baseline untested
Tests which did not succeed, but are not blocking:
test-amd64-i386-xl-qemut-stubdom-debianhvm-amd64-xsm 15 guest-localmigrate/x10 fail in 59003 never pass
test-amd64-i386-xl-qemuu-ovmf-amd64 15 guest-localmigrate/x10 fail in 59003 never pass
test-amd64-amd64-xl-pvh-amd 11 guest-start fail never pass
test-amd64-amd64-xl-pvh-intel 11 guest-start fail never pass
test-amd64-amd64-libvirt 12 migrate-support-check fail never pass
test-amd64-i386-libvirt-xsm 12 migrate-support-check fail never pass
test-amd64-amd64-libvirt-xsm 12 migrate-support-check fail never pass
test-amd64-i386-libvirt 12 migrate-support-check fail never pass
test-amd64-amd64-libvirt-qcow2 11 migrate-support-check fail never pass
test-amd64-i386-libvirt-qemuu-debianhvm-amd64-xsm 10 migrate-support-check fail never pass
test-amd64-i386-libvirt-qcow2 11 migrate-support-check fail never pass
test-amd64-i386-libvirt-vhd 11 migrate-support-check fail never pass
test-amd64-amd64-libvirt-vhd 11 migrate-support-check fail never pass
test-amd64-amd64-libvirt-raw 11 migrate-support-check fail never pass
test-amd64-amd64-libvirt-qemuu-debianhvm-amd64-xsm 10 migrate-support-check fail never pass
test-amd64-i386-libvirt-raw 11 migrate-support-check fail never pass
test-amd64-amd64-xl-qemuu-win7-amd64 17 guest-stop fail never pass
test-amd64-amd64-xl-qemut-win7-amd64 17 guest-stop fail never pass
test-amd64-amd64-libvirt-pair 21 guest-migrate/src_host/dst_host fail never pass
test-amd64-i386-xl-raw 17 guest-localmigrate/x10 fail never pass
test-amd64-i386-xl-qemuu-win7-amd64 17 guest-stop fail never pass
test-amd64-i386-xl-qemut-win7-amd64 17 guest-stop fail never pass
version targeted for testing:
linux 5dba9ddd98cbc7ad319d687887981a0ea0062c75
baseline version:
linux e1c63f9f42393f7c1dc072db7e0d54e599e96b46
Last test of basis 15418 2013-02-04 12:21:02 Z 975 days
Failing since 16164 2013-02-13 12:20:51 Z 966 days 10 attempts
Testing same since 58982 2015-06-30 04:23:49 Z 99 days 3 attempts
------------------------------------------------------------
639 people touched revisions under test,
not listing them all
jobs:
build-amd64-xsm pass
build-i386-xsm pass
build-amd64 pass
build-i386 pass
build-amd64-libvirt pass
build-i386-libvirt pass
build-amd64-pvops pass
build-i386-pvops pass
build-amd64-rumpuserxen pass
build-i386-rumpuserxen pass
test-amd64-amd64-xl pass
test-amd64-i386-xl pass
test-amd64-amd64-xl-qemut-debianhvm-amd64-xsm pass
test-amd64-i386-xl-qemut-debianhvm-amd64-xsm fail
test-amd64-amd64-libvirt-qemuu-debianhvm-amd64-xsm pass
test-amd64-i386-libvirt-qemuu-debianhvm-amd64-xsm pass
test-amd64-amd64-xl-qemuu-debianhvm-amd64-xsm pass
test-amd64-i386-xl-qemuu-debianhvm-amd64-xsm pass
test-amd64-amd64-xl-qemut-stubdom-debianhvm-amd64-xsm pass
test-amd64-i386-xl-qemut-stubdom-debianhvm-amd64-xsm fail
test-amd64-amd64-libvirt-xsm pass
test-amd64-i386-libvirt-xsm pass
test-amd64-amd64-xl-xsm pass
test-amd64-i386-xl-xsm pass
test-amd64-amd64-xl-pvh-amd fail
test-amd64-i386-qemut-rhel6hvm-amd pass
test-amd64-i386-qemuu-rhel6hvm-amd pass
test-amd64-amd64-xl-qemut-debianhvm-amd64 pass
test-amd64-i386-xl-qemut-debianhvm-amd64 pass
test-amd64-amd64-xl-qemuu-debianhvm-amd64 fail
test-amd64-i386-xl-qemuu-debianhvm-amd64 fail
test-amd64-i386-freebsd10-amd64 pass
test-amd64-amd64-xl-qemuu-ovmf-amd64 pass
test-amd64-i386-xl-qemuu-ovmf-amd64 fail
test-amd64-amd64-rumpuserxen-amd64 fail
test-amd64-amd64-xl-qemut-win7-amd64 fail
test-amd64-i386-xl-qemut-win7-amd64 fail
test-amd64-amd64-xl-qemuu-win7-amd64 fail
test-amd64-i386-xl-qemuu-win7-amd64 fail
test-amd64-amd64-xl-credit2 pass
test-amd64-i386-freebsd10-i386 pass
test-amd64-i386-rumpuserxen-i386 pass
test-amd64-amd64-xl-pvh-intel fail
test-amd64-i386-qemut-rhel6hvm-intel pass
test-amd64-i386-qemuu-rhel6hvm-intel pass
test-amd64-amd64-libvirt pass
test-amd64-i386-libvirt pass
test-amd64-amd64-xl-multivcpu pass
test-amd64-amd64-pair fail
test-amd64-i386-pair fail
test-amd64-amd64-libvirt-pair fail
test-amd64-i386-libvirt-pair pass
test-amd64-amd64-amd64-pvgrub pass
test-amd64-amd64-i386-pvgrub pass
test-amd64-amd64-pygrub pass
test-amd64-amd64-libvirt-qcow2 pass
test-amd64-i386-libvirt-qcow2 pass
test-amd64-amd64-xl-qcow2 pass
test-amd64-i386-xl-qcow2 pass
test-amd64-amd64-libvirt-raw pass
test-amd64-i386-libvirt-raw pass
test-amd64-amd64-xl-raw pass
test-amd64-i386-xl-raw fail
test-amd64-amd64-xl-rtds pass
test-amd64-i386-xl-qemut-winxpsp3-vcpus1 pass
test-amd64-i386-xl-qemuu-winxpsp3-vcpus1 pass
test-amd64-amd64-libvirt-vhd pass
test-amd64-i386-libvirt-vhd pass
test-amd64-amd64-xl-vhd pass
test-amd64-i386-xl-vhd pass
test-amd64-amd64-xl-qemut-winxpsp3 pass
test-amd64-i386-xl-qemut-winxpsp3 pass
test-amd64-amd64-xl-qemuu-winxpsp3 pass
test-amd64-i386-xl-qemuu-winxpsp3 pass
------------------------------------------------------------
sg-report-flight on osstest.test-lab.xenproject.org
logs: /home/logs/logs
images: /home/logs/images
Logs, config files, etc. are available at
http://logs.test-lab.xenproject.org/osstest/logs
Explanation of these reports, and of osstest in general, is at
http://xenbits.xen.org/gitweb/?p=osstest.git;a=blob;f=README.email;hb=master
http://xenbits.xen.org/gitweb/?p=osstest.git;a=blob;f=README;hb=master
Test harness code can be found at
http://xenbits.xen.org/gitweb?p=osstest.git;a=summary
Not pushing.
(No revision log; it would be 23316 lines long.)
^ permalink raw reply [flat|nested] only message in thread
only message in thread, other threads:[~2015-10-07 17:39 UTC | newest]
Thread overview: (only message) (download: mbox.gz follow: Atom feed
-- links below jump to the message on this page --
2015-10-07 17:39 [linux-3.0 test] 62685: regressions - FAIL osstest service owner
This is a public inbox, see mirroring instructions
for how to clone and mirror all data and code used for this inbox;
as well as URLs for NNTP newsgroup(s).