From mboxrd@z Thu Jan 1 00:00:00 1970 From: osstest service owner Subject: [linux-4.1 test] 62690: regressions - FAIL Date: Wed, 07 Oct 2015 22:48:13 +0000 Message-ID: Mime-Version: 1.0 Content-Type: multipart/mixed; boundary="===============1634291237862144183==" Return-path: List-Unsubscribe: , List-Post: List-Help: List-Subscribe: , Sender: xen-devel-bounces@lists.xen.org Errors-To: xen-devel-bounces@lists.xen.org To: xen-devel@lists.xensource.com, osstest-admin@xenproject.org List-Id: xen-devel@lists.xenproject.org --===============1634291237862144183== Content-Length: 20996 Content-Transfer-Encoding: quoted-printable flight 62690 linux-4.1 real [real] http://logs.test-lab.xenproject.org/osstest/logs/62690/ Regressions :-( Tests which did not succeed and are blocking, including tests which could not be run: test-amd64-i386-xl-qemut-stubdom-debianhvm-amd64-xsm 13 guest-localmigrate fail REGR. vs. 62318 Tests which are failing intermittently (not blocking): test-armhf-armhf-xl-rtds 6 xen-boot fail in 62659 pass in 62690 test-armhf-armhf-xl-arndale 11 guest-start fail in 62659 pass in 62690 test-armhf-armhf-xl-xsm 6 xen-boot fail in 62659 pass in 62690 test-armhf-armhf-xl-multivcpu 5 xen-install fail pass in 62659 Regressions which are regarded as allowable (not blocking): test-amd64-amd64-xl-qemut-stubdom-debianhvm-amd64-xsm 15 guest-localmigrate.2 fail in 62659 blocked in 62318 test-amd64-amd64-libvirt-pair 21 guest-migrate/src_host/dst_host fail like 62256 test-amd64-amd64-xl-qemut-stubdom-debianhvm-amd64-xsm 13 guest-localmigrate fail like 62318 test-amd64-amd64-xl-qemuu-win7-amd64 17 guest-stop fail like 62318 test-amd64-amd64-xl-qemut-win7-amd64 17 guest-stop fail like 62318 Tests which did not succeed, but are not blocking: test-armhf-armhf-xl-multivcpu 13 saverestore-support-check fail in 62659 never pass test-armhf-armhf-xl-multivcpu 12 migrate-support-check fail in 62659 never pass test-armhf-armhf-xl-qcow2 9 debian-di-install fail never pass test-armhf-armhf-libvirt-vhd 9 debian-di-install fail never pass test-armhf-armhf-libvirt-qcow2 9 debian-di-install fail never pass test-armhf-armhf-xl-vhd 9 debian-di-install fail never pass test-amd64-amd64-xl-pvh-intel 14 guest-saverestore fail never pass test-armhf-armhf-xl-raw 9 debian-di-install fail never pass test-armhf-armhf-libvirt-raw 9 debian-di-install fail never pass test-amd64-amd64-xl-pvh-amd 11 guest-start fail never pass test-armhf-armhf-libvirt-xsm 12 migrate-support-check fail never pass test-armhf-armhf-libvirt-xsm 14 guest-saverestore fail never pass test-amd64-i386-libvirt 12 migrate-support-check fail never pass test-amd64-amd64-libvirt 12 migrate-support-check fail never pass test-amd64-amd64-libvirt-xsm 12 migrate-support-check fail never pass test-armhf-armhf-xl 12 migrate-support-check fail never pass test-armhf-armhf-xl 13 saverestore-support-check fail never pass test-amd64-i386-libvirt-xsm 12 migrate-support-check fail never pass test-armhf-armhf-xl-credit2 13 saverestore-support-check fail never pass test-armhf-armhf-xl-credit2 12 migrate-support-check fail never pass test-armhf-armhf-xl-rtds 13 saverestore-support-check fail never pass test-armhf-armhf-xl-rtds 12 migrate-support-check fail never pass test-armhf-armhf-xl-rtds 16 guest-start/debian.repeat fail never pass test-amd64-amd64-libvirt-raw 11 migrate-support-check fail never pass test-armhf-armhf-xl-arndale 12 migrate-support-check fail never pass test-armhf-armhf-xl-arndale 13 saverestore-support-check fail never pass test-amd64-i386-libvirt-qcow2 11 migrate-support-check fail never pass test-armhf-armhf-xl-xsm 13 saverestore-support-check fail never pass test-armhf-armhf-xl-xsm 12 migrate-support-check fail never pass test-amd64-amd64-libvirt-qemuu-debianhvm-amd64-xsm 10 migrate-support-check fail never pass test-armhf-armhf-xl-cubietruck 12 migrate-support-check fail never pass test-armhf-armhf-xl-cubietruck 13 saverestore-support-check fail never pass test-amd64-i386-libvirt-vhd 11 migrate-support-check fail never pass test-amd64-i386-libvirt-raw 11 migrate-support-check fail never pass test-amd64-i386-libvirt-qemuu-debianhvm-amd64-xsm 10 migrate-support-check fail never pass test-amd64-i386-xl-qemuu-win7-amd64 17 guest-stop fail never pass test-amd64-i386-xl-qemut-win7-amd64 17 guest-stop fail never pass test-amd64-amd64-libvirt-vhd 11 migrate-support-check fail never pass test-amd64-amd64-libvirt-qcow2 11 migrate-support-check fail never pass test-armhf-armhf-libvirt 14 guest-saverestore fail never pass test-armhf-armhf-libvirt 12 migrate-support-check fail never pass version targeted for testing: linux 27f1b7fed9c305ef46f8708f1bdde9cdb5f166bd baseline version: linux 36311a9ec4904c080bbdfcefc0f3d609ed508224 Last test of basis 62318 2015-09-24 00:30:22 Z 13 days Failing since 62540 2015-09-29 17:44:52 Z 8 days 4 attempts Testing same since 62659 2015-10-04 12:21:24 Z 3 days 2 attempts ------------------------------------------------------------ People who touched revisions under test: "Eric W. Biederman" Aaron Brown Adam Lee Adrien Schildknecht Alex Deucher Alexander Drozdov Alexander Duyck Alexandre Belloni Alexei Starovoitov Alexey Brodkin Alexey Brodkin Andrew Morton Andrew W Elble Andy Whitcroft Aneesh Kumar K.V Angga Anna Schumaker Ard Biesheuvel Ariel Nahum Atsushi Nemoto Bart Van Assche Benjamin Coddington Benjamin Herrenschmidt Benoit Parrot Bob Copeland Bob Liu Brenden Blanco Brian Starkey Carol L Soto Catalin Marinas Chris Mason Christian Borntraeger Christoph Hellwig Christophe Ricard Christophe Ricard Cong Wang Cong Wang Dan Carpenter Daniel Axtens Daniel Borkmann Darren Hart David Ahern David Dueck David H=C3=A4rdeman David Rientjes David S. Miller Ding Tianhong dingtianhong Dmitry Torokhov Doug Ledford Edward Hyunkoo Jee Emil Medve Eric Dumazet Eric Sandeen Eric W. Biederman Eryu Guan Eugene Shatokhin Filipe Manana Florian Fainelli Florian Westphal Fugang Duan Gavin Shan Greg Kroah-Hartman Gregory Hoggarth Haggai Eran Hans de Goede Hans Verkuil Heiko Stuebner Heiko St=C3=BCbner Helge Deller Herbert Xu Hermin Anggawijaya Hin-Tak Leung huaibin Wang Ian Munsie Ido Schimmel Ivan Vecera J. Bruce Fields Jack Morgenstein Jaewon Kim Jamal Hadi Salim Jan Kara Jann Horn Jason Gunthorpe Jean Delvare Jeff Kirsher Jeff Layton Jeff Layton Jeff Vander Stoep Jeffery Miller Jens Axboe Jesse Gross Jesse Jones Jialing Fu Jiri Pirko Jisheng Zhang Joerg Roedel Johannes Berg John David Anglin John David Anglin John Fastabend Joonyoung Shim Julian Anastasov Kalle Valo Kees Cook Ken-ichirou MATSUZAWA Kinglong Mee Krzysztof Kozlowski Kyle Evans Lad, Prabhakar Larry Finger Lars Westerhoff Laurent Pinchart Leonidas Da Silva Barbosa Leonidas S. Barbosa Linus L=C3=BCssing Linus Torvalds Linus Walleij Ludovic Desroches Luis Henriques Madalin Bucur Marc Zyngier Marcelo Ricardo Leitner Markos Chandras Matan Barak Matthew Rosato Mauro Carvalho Chehab Mel Gorman Michael Ellerman Michael S. Tsirkin Michal Hocko Mike Marciniszyn Minchan Kim Minfei Huang Ming Lei Mitja Spes NeilBrown Nicolas Dichtel Nicolas Ferre Nicolas Iooss Nikolay Aleksandrov Nikolay Aleksandrov Niranjan Sivakumar Noa Osherovich Oleg Nesterov Oliver Hartkopp Oliver Neukum Or Gerlitz Paul Moore Pavel Fedin Peng Tao Peter Guo Phil Sutter Pratyush Anand Pravin B Shelar Ralf Baechle Rasesh Mody Richard Laing Rob Herring Roopa Prabhu Russell King Sagi Grimberg Sakari Ailus Samuel Ortiz Scott Feldman Sergei Antonov Sergey Senozhatsky Shachar Raindel Shani Michaeli Shawn Lin Shota Suzuki Stas Sergeev Stas Sergeev Stephen Smalley Steve French Steven Rostedt Stuart Yoder Sudip Mukherjee Takashi Iwai Theodore Ts'o Thierry Reding Thierry Strudel Thomas Gleixner Thomas Graf Thomas Huth Tilman Schmidt Timo Ter=C3=A4s Tobias Powalowski Tony Luck Trond Myklebust Tyler Hicks Ulf Hansson Varun Sethi Vlad Yasevich Vlad Zolotarov Vlastimil Babka WANG Cong Will Deacon Wilson Kok Woodrow Shen Yao-Wen Mao Ying Xue Yinghai Lu Yishai Hadas Yuchung Cheng jobs: build-amd64-xsm pass build-armhf-xsm pass build-i386-xsm pass build-amd64 pass build-armhf pass build-i386 pass build-amd64-libvirt pass build-armhf-libvirt pass build-i386-libvirt pass build-amd64-pvops pass build-armhf-pvops pass build-i386-pvops pass build-amd64-rumpuserxen pass build-i386-rumpuserxen pass test-amd64-amd64-xl pass test-armhf-armhf-xl pass test-amd64-i386-xl pass test-amd64-amd64-xl-qemut-debianhvm-amd64-xsm pass test-amd64-i386-xl-qemut-debianhvm-amd64-xsm pass test-amd64-amd64-libvirt-qemuu-debianhvm-amd64-xsm pass test-amd64-i386-libvirt-qemuu-debianhvm-amd64-xsm pass test-amd64-amd64-xl-qemuu-debianhvm-amd64-xsm pass test-amd64-i386-xl-qemuu-debianhvm-amd64-xsm pass test-amd64-amd64-xl-qemut-stubdom-debianhvm-amd64-xsm fail test-amd64-i386-xl-qemut-stubdom-debianhvm-amd64-xsm fail test-amd64-amd64-libvirt-xsm pass test-armhf-armhf-libvirt-xsm fail test-amd64-i386-libvirt-xsm pass test-amd64-amd64-xl-xsm pass test-armhf-armhf-xl-xsm pass test-amd64-i386-xl-xsm pass test-amd64-amd64-xl-pvh-amd fail test-amd64-i386-qemut-rhel6hvm-amd pass test-amd64-i386-qemuu-rhel6hvm-amd pass test-amd64-amd64-xl-qemut-debianhvm-amd64 pass test-amd64-i386-xl-qemut-debianhvm-amd64 pass test-amd64-amd64-xl-qemuu-debianhvm-amd64 pass test-amd64-i386-xl-qemuu-debianhvm-amd64 pass test-amd64-i386-freebsd10-amd64 pass test-amd64-amd64-xl-qemuu-ovmf-amd64 pass test-amd64-i386-xl-qemuu-ovmf-amd64 pass test-amd64-amd64-rumpuserxen-amd64 pass test-amd64-amd64-xl-qemut-win7-amd64 fail test-amd64-i386-xl-qemut-win7-amd64 fail test-amd64-amd64-xl-qemuu-win7-amd64 fail test-amd64-i386-xl-qemuu-win7-amd64 fail test-armhf-armhf-xl-arndale pass test-amd64-amd64-xl-credit2 pass test-armhf-armhf-xl-credit2 pass test-armhf-armhf-xl-cubietruck pass test-amd64-i386-freebsd10-i386 pass test-amd64-i386-rumpuserxen-i386 pass test-amd64-amd64-xl-pvh-intel fail test-amd64-i386-qemut-rhel6hvm-intel pass test-amd64-i386-qemuu-rhel6hvm-intel pass test-amd64-amd64-libvirt pass test-armhf-armhf-libvirt fail test-amd64-i386-libvirt pass test-amd64-amd64-xl-multivcpu pass test-armhf-armhf-xl-multivcpu fail test-amd64-amd64-pair pass test-amd64-i386-pair pass test-amd64-amd64-libvirt-pair fail test-amd64-i386-libvirt-pair pass test-amd64-amd64-amd64-pvgrub pass test-amd64-amd64-i386-pvgrub pass test-amd64-amd64-pygrub pass test-amd64-amd64-libvirt-qcow2 pass test-armhf-armhf-libvirt-qcow2 fail test-amd64-i386-libvirt-qcow2 pass test-amd64-amd64-xl-qcow2 pass test-armhf-armhf-xl-qcow2 fail test-amd64-i386-xl-qcow2 pass test-amd64-amd64-libvirt-raw pass test-armhf-armhf-libvirt-raw fail test-amd64-i386-libvirt-raw pass test-amd64-amd64-xl-raw pass test-armhf-armhf-xl-raw fail test-amd64-i386-xl-raw pass test-amd64-amd64-xl-rtds pass test-armhf-armhf-xl-rtds fail test-amd64-i386-xl-qemut-winxpsp3-vcpus1 pass test-amd64-i386-xl-qemuu-winxpsp3-vcpus1 pass test-amd64-amd64-libvirt-vhd pass test-armhf-armhf-libvirt-vhd fail test-amd64-i386-libvirt-vhd pass test-amd64-amd64-xl-vhd pass test-armhf-armhf-xl-vhd fail test-amd64-i386-xl-vhd pass test-amd64-amd64-xl-qemut-winxpsp3 pass test-amd64-i386-xl-qemut-winxpsp3 pass test-amd64-amd64-xl-qemuu-winxpsp3 pass test-amd64-i386-xl-qemuu-winxpsp3 pass ------------------------------------------------------------ sg-report-flight on osstest.test-lab.xenproject.org logs: /home/logs/logs images: /home/logs/images Logs, config files, etc. are available at http://logs.test-lab.xenproject.org/osstest/logs Explanation of these reports, and of osstest in general, is at http://xenbits.xen.org/gitweb/=3Fp=3Dosstest.git;a=3Dblob;f=3DREADME.email;hb=3Dmaster http://xenbits.xen.org/gitweb/=3Fp=3Dosstest.git;a=3Dblob;f=3DREADME;hb=3Dmaster Test harness code can be found at http://xenbits.xen.org/gitweb=3Fp=3Dosstest.git;a=3Dsummary Not pushing. (No revision log; it would be 5606 lines long.) --===============1634291237862144183== Content-Type: text/plain; charset="us-ascii" MIME-Version: 1.0 Content-Transfer-Encoding: 7bit Content-Disposition: inline _______________________________________________ Xen-devel mailing list Xen-devel@lists.xen.org http://lists.xen.org/xen-devel --===============1634291237862144183==--