xen-devel.lists.xenproject.org archive mirror
 help / color / mirror / Atom feed
From: osstest service owner <osstest-admin@xenproject.org>
To: xen-devel@lists.xensource.com, osstest-admin@xenproject.org
Subject: [linux-3.16 test] 62695: tolerable FAIL - PUSHED
Date: Thu, 08 Oct 2015 04:48:45 +0000	[thread overview]
Message-ID: <osstest-62695-mainreport@xen.org> (raw)

[-- Warning: decoded text below may be mangled, UTF-8 assumed --]
[-- Attachment #1: Type: text/plain, Size: 25512 bytes --]

flight 62695 linux-3.16 real [real]
http://logs.test-lab.xenproject.org/osstest/logs/62695/

Failures :-/ but no regressions.

Regressions which are regarded as allowable (not blocking):
 test-armhf-armhf-xl-rtds     15 guest-start.2            fail blocked in 62118
 test-amd64-i386-rumpuserxen-i386 15 rumpuserxen-demo-xenstorels/xenstorels.repeat fail like 62049
 test-amd64-i386-xl-qemut-stubdom-debianhvm-amd64-xsm 15 guest-localmigrate.2 fail like 62049
 test-amd64-amd64-xl-credit2  18 guest-localmigrate/x10       fail   like 62118
 test-amd64-amd64-xl-qemut-stubdom-debianhvm-amd64-xsm 15 guest-localmigrate.2 fail like 62118
 test-amd64-amd64-xl-qemut-win7-amd64 17 guest-stop             fail like 62118

Tests which did not succeed, but are not blocking:
 test-amd64-amd64-xl-pvh-intel 11 guest-start                  fail  never pass
 test-amd64-amd64-xl-pvh-amd  11 guest-start                  fail   never pass
 test-armhf-armhf-libvirt-vhd  9 debian-di-install            fail   never pass
 test-armhf-armhf-libvirt-qcow2  9 debian-di-install            fail never pass
 test-armhf-armhf-xl-raw       9 debian-di-install            fail   never pass
 test-armhf-armhf-xl-vhd       9 debian-di-install            fail   never pass
 test-armhf-armhf-libvirt-raw  9 debian-di-install            fail   never pass
 test-armhf-armhf-xl-qcow2     9 debian-di-install            fail   never pass
 test-amd64-amd64-xl-multivcpu 18 guest-localmigrate/x10       fail  never pass
 test-armhf-armhf-libvirt-xsm 12 migrate-support-check        fail   never pass
 test-armhf-armhf-libvirt-xsm 14 guest-saverestore            fail   never pass
 test-armhf-armhf-libvirt     14 guest-saverestore            fail   never pass
 test-armhf-armhf-libvirt     12 migrate-support-check        fail   never pass
 test-amd64-amd64-libvirt-xsm 12 migrate-support-check        fail   never pass
 test-amd64-amd64-xl-rtds     18 guest-localmigrate/x10       fail   never pass
 test-armhf-armhf-xl-rtds     13 saverestore-support-check    fail   never pass
 test-armhf-armhf-xl-rtds     12 migrate-support-check        fail   never pass
 test-amd64-amd64-libvirt     12 migrate-support-check        fail   never pass
 test-amd64-i386-libvirt-xsm  12 migrate-support-check        fail   never pass
 test-armhf-armhf-xl-xsm      13 saverestore-support-check    fail   never pass
 test-armhf-armhf-xl-xsm      12 migrate-support-check        fail   never pass
 test-armhf-armhf-xl-arndale  12 migrate-support-check        fail   never pass
 test-armhf-armhf-xl-arndale  13 saverestore-support-check    fail   never pass
 test-amd64-i386-libvirt      12 migrate-support-check        fail   never pass
 test-armhf-armhf-xl-credit2  13 saverestore-support-check    fail   never pass
 test-armhf-armhf-xl-credit2  12 migrate-support-check        fail   never pass
 test-armhf-armhf-xl          12 migrate-support-check        fail   never pass
 test-armhf-armhf-xl          13 saverestore-support-check    fail   never pass
 test-amd64-i386-libvirt-qcow2 11 migrate-support-check        fail  never pass
 test-amd64-amd64-libvirt-qcow2 11 migrate-support-check        fail never pass
 test-amd64-amd64-libvirt-qemuu-debianhvm-amd64-xsm 10 migrate-support-check fail never pass
 test-armhf-armhf-xl-multivcpu 13 saverestore-support-check    fail  never pass
 test-armhf-armhf-xl-multivcpu 12 migrate-support-check        fail  never pass
 test-amd64-i386-libvirt-vhd  11 migrate-support-check        fail   never pass
 test-amd64-i386-libvirt-qemuu-debianhvm-amd64-xsm 10 migrate-support-check fail never pass
 test-amd64-amd64-libvirt-vhd 11 migrate-support-check        fail   never pass
 test-armhf-armhf-xl-cubietruck 12 migrate-support-check        fail never pass
 test-armhf-armhf-xl-cubietruck 13 saverestore-support-check    fail never pass
 test-amd64-i386-libvirt-raw  11 migrate-support-check        fail   never pass
 test-amd64-amd64-xl-qemuu-win7-amd64 17 guest-stop             fail never pass
 test-amd64-i386-xl-qemuu-win7-amd64 17 guest-stop              fail never pass
 test-amd64-i386-xl-qemut-win7-amd64 17 guest-stop              fail never pass
 test-amd64-amd64-libvirt-raw 11 migrate-support-check        fail   never pass

version targeted for testing:
 linux                e775020ec970a901190f1172e52d0bf2fb2b2ddd
baseline version:
 linux                76aee4f56fe6a10b449327f83989474be1d8224c

Last test of basis    62118  2015-09-18 09:25:26 Z   19 days
Testing same since    62695  2015-10-06 11:14:59 Z    1 days    1 attempts

------------------------------------------------------------
People who touched revisions under test:
  "Eric W. Biederman" <ebiederm@xmission.com>
  Aaron Brown <aaron.f.brown@intel.com>
  Adam Lee <adam.lee@canonical.com>
  Adrien Schildknecht <adrien+dev@schischi.me>
  Al Viro <viro@zeniv.linux.org.uk>
  Alan Stern <stern@rowland.harvard.edu>
  Alex Deucher <alexander.deucher@amd.com>
  Alexander Duyck <alexander.h.duyck@redhat.com>
  Alexandre Belloni <alexandre.belloni@free-electrons.com>
  Andrew Morton <akpm@linux-foundation.org>
  Andrey Ryabinin <aryabinin@odin.com>
  Antoine Tenart <antoine.tenart@free-electrons.com>
  Antoine Ténart <antoine.tenart@free-electrons.com>
  Antonio Quartulli <antonio@meshcoding.com>
  Ard Biesheuvel <ard.biesheuvel@linaro.org>
  Arnaldo Carvalho de Melo <acme@redhat.com>
  Axel Lin <axel.lin@ingics.com>
  Benjamin Cama <benoar@dolka.fr>
  Bjorn Helgaas <bhelgaas@google.com>
  Bob Copeland <me@bobcopeland.com>
  Borislav Petkov <bp@suse.de>
  Brian Norris <computersforpeace@gmail.com>
  Catalin Marinas <catalin.marinas@arm.com>
  Chris Mason <clm@fb.com>
  Chris Wilson <chris@chris-wilson.co.uk>
  Christoph Hellwig <hch@lst.de>
  Chuck Lever <chuck.lever@oracle.com>
  Cong Wang <cwang@twopensource.com>
  Cristina Opriceana <cristina.opriceana@gmail.com>
  Dan Carpenter <dan.carpenter@oracle.com>
  Daniel Borkmann <daniel@iogearbox.net>
  Darren Hart <dvhart@linux.intel.com>
  Darrick J. Wong <darrick.wong@oracle.com>
  Dave Airlie <airlied@redhat.com>
  Dave Chinner <david@fromorbit.com>
  David Daney <david.daney@cavium.com>
  David Härdeman <david@hardeman.nu>
  David Jeffery <djeffery@redhat.com>
  David Rientjes <rientjes@google.com>
  David S. Miller <davem@davemloft.net>
  David Ward <david.ward@ll.mit.edu>
  Detlef Vollmann <dv@vollmann.ch>
  Dmitry Torokhov <dmitry.torokhov@gmail.com>
  Don Zickus <dzickus@redhat.com>
  Doug Ledford <dledford@redhat.com>
  Ellen Wang <ellen@cumulusnetworks.com>
  Eric Dumazet <edumazet@google.com>
  Eric W. Biederman <ebiederm@xmission.com>
  Eric Whitney <enwlinux@gmail.com>
  Eugene Shatokhin <eugene.shatokhin@rosalab.ru>
  Ezequiel Garcia <ezequiel.garcia@imgtec.com>
  Felipe Balbi <balbi@ti.com>
  Filipe Manana <fdmanana@suse.com>
  Florian Fainelli <f.fainelli@gmail.com>
  Grant Likely <grant.likely@linaro.org>
  Greg Kroah-Hartman <gregkh@linuxfoundation.org>
  Gregory CLEMENT <gregory.clement@free-electrons.com>
  Hans de Goede <hdegoede@redhat.com>
  Helge Deller <deller@gmx.de>
  Herbert Xu <herbert@gondor.apana.org.au>
  Hin-Tak Leung <htl10@users.sourceforge.net>
  Ian Abbott <abbotti@mev.co.uk>
  Ingo Molnar <mingo@kernel.org>
  J. Bruce Fields <bfields@redhat.com>
  Jack Morgenstein <jackm@dev.mellanox.co.il>
  Jaewon Kim <jaewon31.kim@samsung.com>
  James Bottomley <JBottomley@Odin.com>
  Jan H. Schönherr <jschoenh@amazon.de>
  Jan Kara <jack@suse.com>
  Jani Nikula <jani.nikula@intel.com>
  Jason Wang <jasowang@redhat.com>
  Jean Delvare <jdelvare@suse.de>
  Jeff Kirsher <jeffrey.t.kirsher@intel.com>
  Jeff Vander Stoep <jeffv@google.com>
  Jeffery Miller <jmiller@neverware.com>
  Jens Axboe <axboe@fb.com>
  Jesse Brandeburg <jesse.brandeburg@intel.com>
  Jesse Gross <jesse@nicira.com>
  Jesse Jones <jjones@cococorp.com>
  Jialing Fu <jlfu@marvell.com>
  Jiri Kosina <jkosina@suse.com>
  Jiri Kosina <jkosina@suse.cz>
  Jiri Olsa <jolsa@kernel.org>
  Jisheng Zhang <jszhang@marvell.com>
  Johan Hovold <johan@kernel.org>
  Johannes Berg <johannes.berg@intel.com>
  John David Anglin <dave.anglin>
  John David Anglin <dave.anglin@bell.net>
  John Lin <john.lin@realtek.com>
  Jonathan Cameron <jic23@kernel.org>
  Jonathon Jongsma <jjongsma@redhat.com>
  Joonyoung Shim <jy0922.shim@samsung.com>
  Kalle Valo <kvalo@codeaurora.org>
  Kalle Valo <kvalo@qca.qualcomm.com>
  Kan Liang <kan.liang@intel.com>
  Kees Cook <keescook@chromium.org>
  Ken-ichirou MATSUZAWA <chamaken@gmail.com>
  Kevin Cernekee <cernekee@chromium.org>
  Kinglong Mee <kinglongmee@gmail.com>
  Kishon Vijay Abraham I <kishon@ti.com>
  Krzysztof Kozlowski <k.kozlowski@samsung.com>
  Larry Finger <Larry.Finger@lwfinger.net>
  Lars-Peter Clausen <lars@metafoo.de>
  Laurent Pinchart <laurent.pinchart@ideasonboard.com>
  Linus Lüssing <linus.luessing@c0d3.blue>
  Linus Torvalds <torvalds@linux-foundation.org>
  Luis Henriques <luis.henriques@canonical.com>
  Maciej S. Szmigiero <mail@maciej.szmigiero.name>
  Maciej Szmigiero <mail@maciej.szmigiero.name>
  Marcelo Leitner <mleitner@redhat.com>
  Marcelo Ricardo Leitner <marcelo.leitner@gmail.com>
  Marcelo Ricardo Leitner <mleitner@redhat.com>
  Marek Lindner <mareklindner@neomailbox.ch>
  Mark Brown <broonie@kernel.org>
  Mark Rustad <mark.d.rustad@intel.com>
  Masahiro Yamada <yamada.masahiro@socionext.com>
  Matthijs Kooijman <matthijs@stdin.nl>
  Mauro Carvalho Chehab <mchehab@osg.samsung.com>
  Max Filippov <jcmvbkbc@gmail.com>
  Michael Ellerman <mpe@ellerman.id.au>
  Michael S. Tsirkin <mst@redhat.com>
  Michal Hocko <mhocko@suse.com>
  Michal Kazior <michal.kazior@tieto.com>
  Mike Marciniszyn <mike.marciniszyn@intel.com>
  Mike Snitzer <snitzer@redhat.com>
  Mikulas Patocka <mikulas@twibright.com>
  Mikulas Patocka <mpatocka@redhat.com>
  Minchan Kim <minchan@kernel.org>
  Minfei Huang <mnfhuang@gmail.com>
  Ming Lei <ming.lei@canonical.com>
  NeilBrown <neilb@suse.com>
  Noa Osherovich <noaos@mellanox.com>
  Oliver Neukum <oneukum@suse.com>
  Or Gerlitz <ogerlitz@mellanox.com>
  Paolo Bonzini <pbonzini@redhat.com>
  Paul Bolle <pebolle@tiscali.nl>
  Paul Mackerras <paulus@ozlabs.org>
  Paul Mackerras <paulus@samba.org>
  Paul Moore <paul@paul-moore.com>
  Paul Walmsley <paul@pwsan.com>
  Pavel Shirshov <ru.pchel@gmail.com>
  Pawel Moll <pawel.moll@arm.com>
  Peter Chen <peter.chen@freescale.com>
  Peter Zijlstra (Intel) <peterz@infradead.org>
  Peter Zijlstra <a.p.zijlstra@chello.nl>
  Philipp Hachtmann <hachti@hachti.de>
  Pravin B Shelar <pshelar@nicira.com>
  Ricardo Ribalda Delgado <ricardo.ribalda@gmail.com>
  Richard Laing <richard.laing@alliedtelesis.co.nz>
  Richard Weinberger <richard@nod.at>
  Rob Herring <robh@kernel.org>
  Robert Jarzmik <robert.jarzmik@free>
  Roopa Prabhu <roopa@cumulusnetworks.com>
  Sabrina Dubroca <sd@queasysnail.net>
  Sakari Ailus <sakari.ailus@iki.fi>
  Santosh Shilimkar <santosh.shilimkar@oracle.com>
  Sasha Levin <sasha.levin@oracle.com>
  Serge Hallyn <serge.hallyn@canonical.com>
  Sergei Antonov <saproj@gmail.com>
  Sergei Shtylyov <sergei.shtylyov@cogentembedded.com>
  Shachar Raindel <raindel@mellanox.com>
  Shani Michaeli <shanim@mellanox.com>
  Shawn Lin <shawn.lin@rock-chips.com>
  Shota Suzuki <suzuki_shota_t3@lab.ntt.co.jp>
  Stephane Eranian <eranian@google.com>
  Stephen Boyd <sboyd@codeaurora.org>
  Stephen Chandler Paul <cpaul@redhat.com>
  Sudip Mukherjee <sudip@vectorindia.org>
  Sudip Mukherjee <sudipm.mukherjee@gmail.com>
  Takashi Iwai <tiwai@suse.de>
  Tejun Heo <tj@kernel.org>
  Tero Kristo <t-kristo@ti.com>
  Theodore Ts'o <tytso@mit.edu>
  Thierry Strudel <tstrudel@google.com>
  Thomas Gleixner <tglx@linutronix.de>
  Thomas Huth <thuth@redhat.com>
  Tomasz Figa <tomasz.figa@gmail.com>
  Tony Luck <tony.luck@intel.com>
  Trond Myklebust <trond.myklebust@primarydata.com>
  Tyler Hicks <tyhicks@canonical.com>
  Ulf Hansson <ulf.hansson@linaro.org>
  Vignesh R <vigneshr@ti.com>
  Ville Syrjälä <ville.syrjala@linux.intel.com>
  Vlad Yasevich <vyasevich@gmail.com>
  Vlastimil Babka <vbabka@suse.cz>
  Will Deacon <will.deacon@arm.com>
  Wilson Kok <wkok@cumulusnetworks.com>
  Wolfram Sang <wsa+renesas@sang-engineering.com>
  Wolfram Sang <wsa@the-dreams.de>
  Xiao Guangrong <guangrong.xiao@linux.intel.com>
  Xie XiuQi <xiexiuqi@huawei.com>
  Yann Droneaud <ydroneaud@opteya.com>
  Yao-Wen Mao <yaowen@google.com>
  Yinghai Lu <yinghai@kernel.org>
  Yishai Hadas <yishaih@mellanox.com>

jobs:
 build-amd64-xsm                                              pass
 build-armhf-xsm                                              pass
 build-i386-xsm                                               pass
 build-amd64                                                  pass
 build-armhf                                                  pass
 build-i386                                                   pass
 build-amd64-libvirt                                          pass
 build-armhf-libvirt                                          pass
 build-i386-libvirt                                           pass
 build-amd64-pvops                                            pass
 build-armhf-pvops                                            pass
 build-i386-pvops                                             pass
 build-amd64-rumpuserxen                                      pass
 build-i386-rumpuserxen                                       pass
 test-amd64-amd64-xl                                          pass
 test-armhf-armhf-xl                                          pass
 test-amd64-i386-xl                                           pass
 test-amd64-amd64-xl-qemut-debianhvm-amd64-xsm                pass
 test-amd64-i386-xl-qemut-debianhvm-amd64-xsm                 pass
 test-amd64-amd64-libvirt-qemuu-debianhvm-amd64-xsm           pass
 test-amd64-i386-libvirt-qemuu-debianhvm-amd64-xsm            pass
 test-amd64-amd64-xl-qemuu-debianhvm-amd64-xsm                pass
 test-amd64-i386-xl-qemuu-debianhvm-amd64-xsm                 pass
 test-amd64-amd64-xl-qemut-stubdom-debianhvm-amd64-xsm        fail
 test-amd64-i386-xl-qemut-stubdom-debianhvm-amd64-xsm         fail
 test-amd64-amd64-libvirt-xsm                                 pass
 test-armhf-armhf-libvirt-xsm                                 fail
 test-amd64-i386-libvirt-xsm                                  pass
 test-amd64-amd64-xl-xsm                                      pass
 test-armhf-armhf-xl-xsm                                      pass
 test-amd64-i386-xl-xsm                                       pass
 test-amd64-amd64-xl-pvh-amd                                  fail
 test-amd64-i386-qemut-rhel6hvm-amd                           pass
 test-amd64-i386-qemuu-rhel6hvm-amd                           pass
 test-amd64-amd64-xl-qemut-debianhvm-amd64                    pass
 test-amd64-i386-xl-qemut-debianhvm-amd64                     pass
 test-amd64-amd64-xl-qemuu-debianhvm-amd64                    pass
 test-amd64-i386-xl-qemuu-debianhvm-amd64                     pass
 test-amd64-i386-freebsd10-amd64                              pass
 test-amd64-amd64-xl-qemuu-ovmf-amd64                         pass
 test-amd64-i386-xl-qemuu-ovmf-amd64                          pass
 test-amd64-amd64-rumpuserxen-amd64                           pass
 test-amd64-amd64-xl-qemut-win7-amd64                         fail
 test-amd64-i386-xl-qemut-win7-amd64                          fail
 test-amd64-amd64-xl-qemuu-win7-amd64                         fail
 test-amd64-i386-xl-qemuu-win7-amd64                          fail
 test-armhf-armhf-xl-arndale                                  pass
 test-amd64-amd64-xl-credit2                                  fail
 test-armhf-armhf-xl-credit2                                  pass
 test-armhf-armhf-xl-cubietruck                               pass
 test-amd64-i386-freebsd10-i386                               pass
 test-amd64-i386-rumpuserxen-i386                             fail
 test-amd64-amd64-xl-pvh-intel                                fail
 test-amd64-i386-qemut-rhel6hvm-intel                         pass
 test-amd64-i386-qemuu-rhel6hvm-intel                         pass
 test-amd64-amd64-libvirt                                     pass
 test-armhf-armhf-libvirt                                     fail
 test-amd64-i386-libvirt                                      pass
 test-amd64-amd64-xl-multivcpu                                fail
 test-armhf-armhf-xl-multivcpu                                pass
 test-amd64-amd64-pair                                        pass
 test-amd64-i386-pair                                         pass
 test-amd64-amd64-libvirt-pair                                pass
 test-amd64-i386-libvirt-pair                                 pass
 test-amd64-amd64-amd64-pvgrub                                pass
 test-amd64-amd64-i386-pvgrub                                 pass
 test-amd64-amd64-pygrub                                      pass
 test-amd64-amd64-libvirt-qcow2                               pass
 test-armhf-armhf-libvirt-qcow2                               fail
 test-amd64-i386-libvirt-qcow2                                pass
 test-amd64-amd64-xl-qcow2                                    pass
 test-armhf-armhf-xl-qcow2                                    fail
 test-amd64-i386-xl-qcow2                                     pass
 test-amd64-amd64-libvirt-raw                                 pass
 test-armhf-armhf-libvirt-raw                                 fail
 test-amd64-i386-libvirt-raw                                  pass
 test-amd64-amd64-xl-raw                                      pass
 test-armhf-armhf-xl-raw                                      fail
 test-amd64-i386-xl-raw                                       pass
 test-amd64-amd64-xl-rtds                                     fail
 test-armhf-armhf-xl-rtds                                     fail
 test-amd64-i386-xl-qemut-winxpsp3-vcpus1                     pass
 test-amd64-i386-xl-qemuu-winxpsp3-vcpus1                     pass
 test-amd64-amd64-libvirt-vhd                                 pass
 test-armhf-armhf-libvirt-vhd                                 fail
 test-amd64-i386-libvirt-vhd                                  pass
 test-amd64-amd64-xl-vhd                                      pass
 test-armhf-armhf-xl-vhd                                      fail
 test-amd64-i386-xl-vhd                                       pass
 test-amd64-amd64-xl-qemut-winxpsp3                           pass
 test-amd64-i386-xl-qemut-winxpsp3                            pass
 test-amd64-amd64-xl-qemuu-winxpsp3                           pass
 test-amd64-i386-xl-qemuu-winxpsp3                            pass


------------------------------------------------------------
sg-report-flight on osstest.test-lab.xenproject.org
logs: /home/logs/logs
images: /home/logs/images

Logs, config files, etc. are available at
    http://logs.test-lab.xenproject.org/osstest/logs

Explanation of these reports, and of osstest in general, is at
    http://xenbits.xen.org/gitweb/?p=osstest.git;a=blob;f=README.email;hb=master
    http://xenbits.xen.org/gitweb/?p=osstest.git;a=blob;f=README;hb=master

Test harness code can be found at
    http://xenbits.xen.org/gitweb?p=osstest.git;a=summary


Pushing revision :

+ branch=linux-3.16
+ revision=e775020ec970a901190f1172e52d0bf2fb2b2ddd
+ . ./cri-lock-repos
++ . ./cri-common
+++ . ./cri-getconfig
+++ umask 002
+++ getrepos
++++ getconfig Repos
++++ perl -e '
                use Osstest;
                readglobalconfig();
                print $c{"Repos"} or die $!;
        '
+++ local repos=/home/osstest/repos
+++ '[' -z /home/osstest/repos ']'
+++ '[' '!' -d /home/osstest/repos ']'
+++ echo /home/osstest/repos
++ repos=/home/osstest/repos
++ repos_lock=/home/osstest/repos/lock
++ '[' x '!=' x/home/osstest/repos/lock ']'
++ OSSTEST_REPOS_LOCK_LOCKED=/home/osstest/repos/lock
++ exec with-lock-ex -w /home/osstest/repos/lock ./ap-push linux-3.16 e775020ec970a901190f1172e52d0bf2fb2b2ddd
+ branch=linux-3.16
+ revision=e775020ec970a901190f1172e52d0bf2fb2b2ddd
+ . ./cri-lock-repos
++ . ./cri-common
+++ . ./cri-getconfig
+++ umask 002
+++ getrepos
++++ getconfig Repos
++++ perl -e '
                use Osstest;
                readglobalconfig();
                print $c{"Repos"} or die $!;
        '
+++ local repos=/home/osstest/repos
+++ '[' -z /home/osstest/repos ']'
+++ '[' '!' -d /home/osstest/repos ']'
+++ echo /home/osstest/repos
++ repos=/home/osstest/repos
++ repos_lock=/home/osstest/repos/lock
++ '[' x/home/osstest/repos/lock '!=' x/home/osstest/repos/lock ']'
+ . ./cri-common
++ . ./cri-getconfig
++ umask 002
+ select_xenbranch
+ case "$branch" in
+ tree=linux
+ xenbranch=xen-unstable
+ '[' xlinux = xlinux ']'
+ linuxbranch=linux-3.16
+ '[' x = x ']'
+ qemuubranch=qemu-upstream-unstable
+ select_prevxenbranch
++ ./cri-getprevxenbranch xen-unstable
+ prevxenbranch=xen-4.6-testing
+ : tested/2.6.39.x
+ . ./ap-common
++ xenbranch_forqemu=xen-unstable
++ : osstest@xenbits.xen.org
+++ getconfig OsstestUpstream
+++ perl -e '
                use Osstest;
                readglobalconfig();
                print $c{"OsstestUpstream"} or die $!;
        '
++ :
++ : git://xenbits.xen.org/xen.git
++ : osstest@xenbits.xen.org:/home/xen/git/xen.git
++ : git://xenbits.xen.org/staging/qemu-xen-unstable.git
++ : git://git.kernel.org
++ : git://git.kernel.org/pub/scm/linux/kernel/git
++ : git
++ : git://xenbits.xen.org/libvirt.git
++ : osstest@xenbits.xen.org:/home/xen/git/libvirt.git
++ : git://xenbits.xen.org/libvirt.git
++ : git://xenbits.xen.org/rumpuser-xen.git
++ : git
++ : git://xenbits.xen.org/rumpuser-xen.git
++ : osstest@xenbits.xen.org:/home/xen/git/rumpuser-xen.git
+++ besteffort_repo https://github.com/rumpkernel/rumpkernel-netbsd-src
+++ local repo=https://github.com/rumpkernel/rumpkernel-netbsd-src
+++ cached_repo https://github.com/rumpkernel/rumpkernel-netbsd-src '[fetch=try]'
+++ local repo=https://github.com/rumpkernel/rumpkernel-netbsd-src
+++ local 'options=[fetch=try]'
++++ getconfig GitCacheProxy
++++ perl -e '
                use Osstest;
                readglobalconfig();
                print $c{"GitCacheProxy"} or die $!;
        '
+++ local cache=git://cache:9419/
+++ '[' xgit://cache:9419/ '!=' x ']'
+++ echo 'git://cache:9419/https://github.com/rumpkernel/rumpkernel-netbsd-src%20[fetch=try]'
++ : 'git://cache:9419/https://github.com/rumpkernel/rumpkernel-netbsd-src%20[fetch=try]'
++ : git
++ : git://git.seabios.org/seabios.git
++ : osstest@xenbits.xen.org:/home/xen/git/osstest/seabios.git
++ : git://xenbits.xen.org/osstest/seabios.git
++ : https://github.com/tianocore/edk2.git
++ : osstest@xenbits.xen.org:/home/xen/git/osstest/ovmf.git
++ : git://xenbits.xen.org/osstest/ovmf.git
++ : git://xenbits.xen.org/osstest/linux-firmware.git
++ : osstest@xenbits.xen.org:/home/osstest/ext/linux-firmware.git
++ : git://git.kernel.org/pub/scm/linux/kernel/git/firmware/linux-firmware.git
++ : osstest@xenbits.xen.org:/home/xen/git/linux-pvops.git
++ : git://xenbits.xen.org/linux-pvops.git
++ : tested/linux-3.14
++ : tested/linux-arm-xen
++ '[' xgit://kernel.ubuntu.com/ubuntu/linux.git = x ']'
++ '[' xgit://kernel.ubuntu.com/ubuntu/linux.git = x ']'
++ : git://git.kernel.org/pub/scm/linux/kernel/git/konrad/xen.git
++ : tested/2.6.39.x
++ : daily-cron.linux-3.16
++ : daily-cron.linux-3.16
++ : daily-cron.linux-3.16
++ : daily-cron.linux-3.16
++ : daily-cron.linux-3.16
++ : daily-cron.linux-3.16
++ : http://hg.uk.xensource.com/carbon/trunk/linux-2.6.27
++ : git://xenbits.xen.org/staging/qemu-upstream-unstable.git
++ : daily-cron.linux-3.16
++ : git://git.qemu.org/qemu.git
++ : git://xenbits.xen.org/osstest/qemu.git
++ : osstest@xenbits.xen.org:/home/xen/git/osstest/qemu.git
++ : daily-cron.linux-3.16
+ TREE_LINUX=osstest@xenbits.xen.org:/home/xen/git/linux-pvops.git
+ TREE_QEMU_MAINLINE=osstest@xenbits.xen.org:/home/xen/git/osstest/qemu.git
+ TREE_QEMU_UPSTREAM=osstest@xenbits.xen.org:/home/xen/git/qemu-upstream-unstable.git
+ TREE_XEN=osstest@xenbits.xen.org:/home/xen/git/xen.git
+ TREE_LIBVIRT=osstest@xenbits.xen.org:/home/xen/git/libvirt.git
+ TREE_RUMPUSERXEN=osstest@xenbits.xen.org:/home/xen/git/rumpuser-xen.git
+ TREE_SEABIOS=osstest@xenbits.xen.org:/home/xen/git/osstest/seabios.git
+ TREE_OVMF=osstest@xenbits.xen.org:/home/xen/git/osstest/ovmf.git
+ info_linux_tree linux-3.16
+ case $1 in
+ : git://kernel.ubuntu.com/ubuntu/linux.git
+ : linux-3.16.y
+ : linux-3.16.y
+ : git
+ : git
+ : git://xenbits.xen.org/linux-pvops.git
+ : osstest@xenbits.xen.org:/home/xen/git/linux-pvops.git
+ : tested/linux-3.16
+ : refs/heads/tested/linux-3.16
+ return 0
+ cd /home/osstest/repos/linux
+ git push osstest@xenbits.xen.org:/home/xen/git/linux-pvops.git e775020ec970a901190f1172e52d0bf2fb2b2ddd:refs/heads/tested/linux-3.16
To osstest@xenbits.xen.org:/home/xen/git/linux-pvops.git
   76aee4f..e775020  e775020ec970a901190f1172e52d0bf2fb2b2ddd -> tested/linux-3.16
+ exit 0


[-- Attachment #2: Type: text/plain, Size: 126 bytes --]

_______________________________________________
Xen-devel mailing list
Xen-devel@lists.xen.org
http://lists.xen.org/xen-devel

                 reply	other threads:[~2015-10-08  4:48 UTC|newest]

Thread overview: [no followups] expand[flat|nested]  mbox.gz  Atom feed

Reply instructions:

You may reply publicly to this message via plain-text email
using any one of the following methods:

* Save the following mbox file, import it into your mail client,
  and reply-to-all from there: mbox

  Avoid top-posting and favor interleaved quoting:
  https://en.wikipedia.org/wiki/Posting_style#Interleaved_style

* Reply using the --to, --cc, and --in-reply-to
  switches of git-send-email(1):

  git send-email \
    --in-reply-to=osstest-62695-mainreport@xen.org \
    --to=osstest-admin@xenproject.org \
    --cc=xen-devel@lists.xensource.com \
    /path/to/YOUR_REPLY

  https://kernel.org/pub/software/scm/git/docs/git-send-email.html

* If your mail client supports setting the In-Reply-To header
  via mailto: links, try the mailto: link
Be sure your reply has a Subject: header at the top and a blank line before the message body.
This is a public inbox, see mirroring instructions
for how to clone and mirror all data and code used for this inbox;
as well as URLs for NNTP newsgroup(s).