From mboxrd@z Thu Jan 1 00:00:00 1970 From: osstest service owner Subject: [linux-3.16 test] 62695: tolerable FAIL - PUSHED Date: Thu, 08 Oct 2015 04:48:45 +0000 Message-ID: Mime-Version: 1.0 Content-Type: multipart/mixed; boundary="===============1345228536356537517==" Return-path: List-Unsubscribe: , List-Post: List-Help: List-Subscribe: , Sender: xen-devel-bounces@lists.xen.org Errors-To: xen-devel-bounces@lists.xen.org To: xen-devel@lists.xensource.com, osstest-admin@xenproject.org List-Id: xen-devel@lists.xenproject.org --===============1345228536356537517== Content-Length: 26015 Content-Transfer-Encoding: quoted-printable flight 62695 linux-3.16 real [real] http://logs.test-lab.xenproject.org/osstest/logs/62695/ Failures :-/ but no regressions. Regressions which are regarded as allowable (not blocking): test-armhf-armhf-xl-rtds 15 guest-start.2 fail blocked in 62118 test-amd64-i386-rumpuserxen-i386 15 rumpuserxen-demo-xenstorels/xenstorels.repeat fail like 62049 test-amd64-i386-xl-qemut-stubdom-debianhvm-amd64-xsm 15 guest-localmigrate.2 fail like 62049 test-amd64-amd64-xl-credit2 18 guest-localmigrate/x10 fail like 62118 test-amd64-amd64-xl-qemut-stubdom-debianhvm-amd64-xsm 15 guest-localmigrate.2 fail like 62118 test-amd64-amd64-xl-qemut-win7-amd64 17 guest-stop fail like 62118 Tests which did not succeed, but are not blocking: test-amd64-amd64-xl-pvh-intel 11 guest-start fail never pass test-amd64-amd64-xl-pvh-amd 11 guest-start fail never pass test-armhf-armhf-libvirt-vhd 9 debian-di-install fail never pass test-armhf-armhf-libvirt-qcow2 9 debian-di-install fail never pass test-armhf-armhf-xl-raw 9 debian-di-install fail never pass test-armhf-armhf-xl-vhd 9 debian-di-install fail never pass test-armhf-armhf-libvirt-raw 9 debian-di-install fail never pass test-armhf-armhf-xl-qcow2 9 debian-di-install fail never pass test-amd64-amd64-xl-multivcpu 18 guest-localmigrate/x10 fail never pass test-armhf-armhf-libvirt-xsm 12 migrate-support-check fail never pass test-armhf-armhf-libvirt-xsm 14 guest-saverestore fail never pass test-armhf-armhf-libvirt 14 guest-saverestore fail never pass test-armhf-armhf-libvirt 12 migrate-support-check fail never pass test-amd64-amd64-libvirt-xsm 12 migrate-support-check fail never pass test-amd64-amd64-xl-rtds 18 guest-localmigrate/x10 fail never pass test-armhf-armhf-xl-rtds 13 saverestore-support-check fail never pass test-armhf-armhf-xl-rtds 12 migrate-support-check fail never pass test-amd64-amd64-libvirt 12 migrate-support-check fail never pass test-amd64-i386-libvirt-xsm 12 migrate-support-check fail never pass test-armhf-armhf-xl-xsm 13 saverestore-support-check fail never pass test-armhf-armhf-xl-xsm 12 migrate-support-check fail never pass test-armhf-armhf-xl-arndale 12 migrate-support-check fail never pass test-armhf-armhf-xl-arndale 13 saverestore-support-check fail never pass test-amd64-i386-libvirt 12 migrate-support-check fail never pass test-armhf-armhf-xl-credit2 13 saverestore-support-check fail never pass test-armhf-armhf-xl-credit2 12 migrate-support-check fail never pass test-armhf-armhf-xl 12 migrate-support-check fail never pass test-armhf-armhf-xl 13 saverestore-support-check fail never pass test-amd64-i386-libvirt-qcow2 11 migrate-support-check fail never pass test-amd64-amd64-libvirt-qcow2 11 migrate-support-check fail never pass test-amd64-amd64-libvirt-qemuu-debianhvm-amd64-xsm 10 migrate-support-check fail never pass test-armhf-armhf-xl-multivcpu 13 saverestore-support-check fail never pass test-armhf-armhf-xl-multivcpu 12 migrate-support-check fail never pass test-amd64-i386-libvirt-vhd 11 migrate-support-check fail never pass test-amd64-i386-libvirt-qemuu-debianhvm-amd64-xsm 10 migrate-support-check fail never pass test-amd64-amd64-libvirt-vhd 11 migrate-support-check fail never pass test-armhf-armhf-xl-cubietruck 12 migrate-support-check fail never pass test-armhf-armhf-xl-cubietruck 13 saverestore-support-check fail never pass test-amd64-i386-libvirt-raw 11 migrate-support-check fail never pass test-amd64-amd64-xl-qemuu-win7-amd64 17 guest-stop fail never pass test-amd64-i386-xl-qemuu-win7-amd64 17 guest-stop fail never pass test-amd64-i386-xl-qemut-win7-amd64 17 guest-stop fail never pass test-amd64-amd64-libvirt-raw 11 migrate-support-check fail never pass version targeted for testing: linux e775020ec970a901190f1172e52d0bf2fb2b2ddd baseline version: linux 76aee4f56fe6a10b449327f83989474be1d8224c Last test of basis 62118 2015-09-18 09:25:26 Z 19 days Testing same since 62695 2015-10-06 11:14:59 Z 1 days 1 attempts ------------------------------------------------------------ People who touched revisions under test: "Eric W. Biederman" Aaron Brown Adam Lee Adrien Schildknecht Al Viro Alan Stern Alex Deucher Alexander Duyck Alexandre Belloni Andrew Morton Andrey Ryabinin Antoine Tenart Antoine T=C3=A9nart Antonio Quartulli Ard Biesheuvel Arnaldo Carvalho de Melo Axel Lin Benjamin Cama Bjorn Helgaas Bob Copeland Borislav Petkov Brian Norris Catalin Marinas Chris Mason Chris Wilson Christoph Hellwig Chuck Lever Cong Wang Cristina Opriceana Dan Carpenter Daniel Borkmann Darren Hart Darrick J. Wong Dave Airlie Dave Chinner David Daney David H=C3=A4rdeman David Jeffery David Rientjes David S. Miller David Ward Detlef Vollmann Dmitry Torokhov Don Zickus Doug Ledford Ellen Wang Eric Dumazet Eric W. Biederman Eric Whitney Eugene Shatokhin Ezequiel Garcia Felipe Balbi Filipe Manana Florian Fainelli Grant Likely Greg Kroah-Hartman Gregory CLEMENT Hans de Goede Helge Deller Herbert Xu Hin-Tak Leung Ian Abbott Ingo Molnar J. Bruce Fields Jack Morgenstein Jaewon Kim James Bottomley Jan H. Sch=C3=B6nherr Jan Kara Jani Nikula Jason Wang Jean Delvare Jeff Kirsher Jeff Vander Stoep Jeffery Miller Jens Axboe Jesse Brandeburg Jesse Gross Jesse Jones Jialing Fu Jiri Kosina Jiri Kosina Jiri Olsa Jisheng Zhang Johan Hovold Johannes Berg John David Anglin John David Anglin John Lin Jonathan Cameron Jonathon Jongsma Joonyoung Shim Kalle Valo Kalle Valo Kan Liang Kees Cook Ken-ichirou MATSUZAWA Kevin Cernekee Kinglong Mee Kishon Vijay Abraham I Krzysztof Kozlowski Larry Finger Lars-Peter Clausen Laurent Pinchart Linus L=C3=BCssing Linus Torvalds Luis Henriques Maciej S. Szmigiero Maciej Szmigiero Marcelo Leitner Marcelo Ricardo Leitner Marcelo Ricardo Leitner Marek Lindner Mark Brown Mark Rustad Masahiro Yamada Matthijs Kooijman Mauro Carvalho Chehab Max Filippov Michael Ellerman Michael S. Tsirkin Michal Hocko Michal Kazior Mike Marciniszyn Mike Snitzer Mikulas Patocka Mikulas Patocka Minchan Kim Minfei Huang Ming Lei NeilBrown Noa Osherovich Oliver Neukum Or Gerlitz Paolo Bonzini Paul Bolle Paul Mackerras Paul Mackerras Paul Moore Paul Walmsley Pavel Shirshov Pawel Moll Peter Chen Peter Zijlstra (Intel) Peter Zijlstra Philipp Hachtmann Pravin B Shelar Ricardo Ribalda Delgado Richard Laing Richard Weinberger Rob Herring Robert Jarzmik Roopa Prabhu Sabrina Dubroca Sakari Ailus Santosh Shilimkar Sasha Levin Serge Hallyn Sergei Antonov Sergei Shtylyov Shachar Raindel Shani Michaeli Shawn Lin Shota Suzuki Stephane Eranian Stephen Boyd Stephen Chandler Paul Sudip Mukherjee Sudip Mukherjee Takashi Iwai Tejun Heo Tero Kristo Theodore Ts'o Thierry Strudel Thomas Gleixner Thomas Huth Tomasz Figa Tony Luck Trond Myklebust Tyler Hicks Ulf Hansson Vignesh R Ville Syrj=C3=A4l=C3=A4 Vlad Yasevich Vlastimil Babka Will Deacon Wilson Kok Wolfram Sang Wolfram Sang Xiao Guangrong Xie XiuQi Yann Droneaud Yao-Wen Mao Yinghai Lu Yishai Hadas jobs: build-amd64-xsm pass build-armhf-xsm pass build-i386-xsm pass build-amd64 pass build-armhf pass build-i386 pass build-amd64-libvirt pass build-armhf-libvirt pass build-i386-libvirt pass build-amd64-pvops pass build-armhf-pvops pass build-i386-pvops pass build-amd64-rumpuserxen pass build-i386-rumpuserxen pass test-amd64-amd64-xl pass test-armhf-armhf-xl pass test-amd64-i386-xl pass test-amd64-amd64-xl-qemut-debianhvm-amd64-xsm pass test-amd64-i386-xl-qemut-debianhvm-amd64-xsm pass test-amd64-amd64-libvirt-qemuu-debianhvm-amd64-xsm pass test-amd64-i386-libvirt-qemuu-debianhvm-amd64-xsm pass test-amd64-amd64-xl-qemuu-debianhvm-amd64-xsm pass test-amd64-i386-xl-qemuu-debianhvm-amd64-xsm pass test-amd64-amd64-xl-qemut-stubdom-debianhvm-amd64-xsm fail test-amd64-i386-xl-qemut-stubdom-debianhvm-amd64-xsm fail test-amd64-amd64-libvirt-xsm pass test-armhf-armhf-libvirt-xsm fail test-amd64-i386-libvirt-xsm pass test-amd64-amd64-xl-xsm pass test-armhf-armhf-xl-xsm pass test-amd64-i386-xl-xsm pass test-amd64-amd64-xl-pvh-amd fail test-amd64-i386-qemut-rhel6hvm-amd pass test-amd64-i386-qemuu-rhel6hvm-amd pass test-amd64-amd64-xl-qemut-debianhvm-amd64 pass test-amd64-i386-xl-qemut-debianhvm-amd64 pass test-amd64-amd64-xl-qemuu-debianhvm-amd64 pass test-amd64-i386-xl-qemuu-debianhvm-amd64 pass test-amd64-i386-freebsd10-amd64 pass test-amd64-amd64-xl-qemuu-ovmf-amd64 pass test-amd64-i386-xl-qemuu-ovmf-amd64 pass test-amd64-amd64-rumpuserxen-amd64 pass test-amd64-amd64-xl-qemut-win7-amd64 fail test-amd64-i386-xl-qemut-win7-amd64 fail test-amd64-amd64-xl-qemuu-win7-amd64 fail test-amd64-i386-xl-qemuu-win7-amd64 fail test-armhf-armhf-xl-arndale pass test-amd64-amd64-xl-credit2 fail test-armhf-armhf-xl-credit2 pass test-armhf-armhf-xl-cubietruck pass test-amd64-i386-freebsd10-i386 pass test-amd64-i386-rumpuserxen-i386 fail test-amd64-amd64-xl-pvh-intel fail test-amd64-i386-qemut-rhel6hvm-intel pass test-amd64-i386-qemuu-rhel6hvm-intel pass test-amd64-amd64-libvirt pass test-armhf-armhf-libvirt fail test-amd64-i386-libvirt pass test-amd64-amd64-xl-multivcpu fail test-armhf-armhf-xl-multivcpu pass test-amd64-amd64-pair pass test-amd64-i386-pair pass test-amd64-amd64-libvirt-pair pass test-amd64-i386-libvirt-pair pass test-amd64-amd64-amd64-pvgrub pass test-amd64-amd64-i386-pvgrub pass test-amd64-amd64-pygrub pass test-amd64-amd64-libvirt-qcow2 pass test-armhf-armhf-libvirt-qcow2 fail test-amd64-i386-libvirt-qcow2 pass test-amd64-amd64-xl-qcow2 pass test-armhf-armhf-xl-qcow2 fail test-amd64-i386-xl-qcow2 pass test-amd64-amd64-libvirt-raw pass test-armhf-armhf-libvirt-raw fail test-amd64-i386-libvirt-raw pass test-amd64-amd64-xl-raw pass test-armhf-armhf-xl-raw fail test-amd64-i386-xl-raw pass test-amd64-amd64-xl-rtds fail test-armhf-armhf-xl-rtds fail test-amd64-i386-xl-qemut-winxpsp3-vcpus1 pass test-amd64-i386-xl-qemuu-winxpsp3-vcpus1 pass test-amd64-amd64-libvirt-vhd pass test-armhf-armhf-libvirt-vhd fail test-amd64-i386-libvirt-vhd pass test-amd64-amd64-xl-vhd pass test-armhf-armhf-xl-vhd fail test-amd64-i386-xl-vhd pass test-amd64-amd64-xl-qemut-winxpsp3 pass test-amd64-i386-xl-qemut-winxpsp3 pass test-amd64-amd64-xl-qemuu-winxpsp3 pass test-amd64-i386-xl-qemuu-winxpsp3 pass ------------------------------------------------------------ sg-report-flight on osstest.test-lab.xenproject.org logs: /home/logs/logs images: /home/logs/images Logs, config files, etc. are available at http://logs.test-lab.xenproject.org/osstest/logs Explanation of these reports, and of osstest in general, is at http://xenbits.xen.org/gitweb/=3Fp=3Dosstest.git;a=3Dblob;f=3DREADME.email;hb=3Dmaster http://xenbits.xen.org/gitweb/=3Fp=3Dosstest.git;a=3Dblob;f=3DREADME;hb=3Dmaster Test harness code can be found at http://xenbits.xen.org/gitweb=3Fp=3Dosstest.git;a=3Dsummary Pushing revision : + branch=3Dlinux-3.16 + revision=3De775020ec970a901190f1172e52d0bf2fb2b2ddd + . ./cri-lock-repos ++ . ./cri-common +++ . ./cri-getconfig +++ umask 002 +++ getrepos ++++ getconfig Repos ++++ perl -e ' use Osstest; readglobalconfig(); print $c{"Repos"} or die $!; ' +++ local repos=3D/home/osstest/repos +++ '[' -z /home/osstest/repos ']' +++ '[' '!' -d /home/osstest/repos ']' +++ echo /home/osstest/repos ++ repos=3D/home/osstest/repos ++ repos_lock=3D/home/osstest/repos/lock ++ '[' x '!=3D' x/home/osstest/repos/lock ']' ++ OSSTEST_REPOS_LOCK_LOCKED=3D/home/osstest/repos/lock ++ exec with-lock-ex -w /home/osstest/repos/lock ./ap-push linux-3.16 e775020ec970a901190f1172e52d0bf2fb2b2ddd + branch=3Dlinux-3.16 + revision=3De775020ec970a901190f1172e52d0bf2fb2b2ddd + . ./cri-lock-repos ++ . ./cri-common +++ . ./cri-getconfig +++ umask 002 +++ getrepos ++++ getconfig Repos ++++ perl -e ' use Osstest; readglobalconfig(); print $c{"Repos"} or die $!; ' +++ local repos=3D/home/osstest/repos +++ '[' -z /home/osstest/repos ']' +++ '[' '!' -d /home/osstest/repos ']' +++ echo /home/osstest/repos ++ repos=3D/home/osstest/repos ++ repos_lock=3D/home/osstest/repos/lock ++ '[' x/home/osstest/repos/lock '!=3D' x/home/osstest/repos/lock ']' + . ./cri-common ++ . ./cri-getconfig ++ umask 002 + select_xenbranch + case "$branch" in + tree=3Dlinux + xenbranch=3Dxen-unstable + '[' xlinux =3D xlinux ']' + linuxbranch=3Dlinux-3.16 + '[' x =3D x ']' + qemuubranch=3Dqemu-upstream-unstable + select_prevxenbranch ++ ./cri-getprevxenbranch xen-unstable + prevxenbranch=3Dxen-4.6-testing + : tested/2.6.39.x + . ./ap-common ++ xenbranch_forqemu=3Dxen-unstable ++ : osstest@xenbits.xen.org +++ getconfig OsstestUpstream +++ perl -e ' use Osstest; readglobalconfig(); print $c{"OsstestUpstream"} or die $!; ' ++ : ++ : git://xenbits.xen.org/xen.git ++ : osstest@xenbits.xen.org:/home/xen/git/xen.git ++ : git://xenbits.xen.org/staging/qemu-xen-unstable.git ++ : git://git.kernel.org ++ : git://git.kernel.org/pub/scm/linux/kernel/git ++ : git ++ : git://xenbits.xen.org/libvirt.git ++ : osstest@xenbits.xen.org:/home/xen/git/libvirt.git ++ : git://xenbits.xen.org/libvirt.git ++ : git://xenbits.xen.org/rumpuser-xen.git ++ : git ++ : git://xenbits.xen.org/rumpuser-xen.git ++ : osstest@xenbits.xen.org:/home/xen/git/rumpuser-xen.git +++ besteffort_repo https://github.com/rumpkernel/rumpkernel-netbsd-src +++ local repo=3Dhttps://github.com/rumpkernel/rumpkernel-netbsd-src +++ cached_repo https://github.com/rumpkernel/rumpkernel-netbsd-src '[fetch=3Dtry]' +++ local repo=3Dhttps://github.com/rumpkernel/rumpkernel-netbsd-src +++ local 'options=3D[fetch=3Dtry]' ++++ getconfig GitCacheProxy ++++ perl -e ' use Osstest; readglobalconfig(); print $c{"GitCacheProxy"} or die $!; ' +++ local cache=3Dgit://cache:9419/ +++ '[' xgit://cache:9419/ '!=3D' x ']' +++ echo 'git://cache:9419/https://github.com/rumpkernel/rumpkernel-netbsd-src%20[fetch=3Dtry]' ++ : 'git://cache:9419/https://github.com/rumpkernel/rumpkernel-netbsd-src%20[fetch=3Dtry]' ++ : git ++ : git://git.seabios.org/seabios.git ++ : osstest@xenbits.xen.org:/home/xen/git/osstest/seabios.git ++ : git://xenbits.xen.org/osstest/seabios.git ++ : https://github.com/tianocore/edk2.git ++ : osstest@xenbits.xen.org:/home/xen/git/osstest/ovmf.git ++ : git://xenbits.xen.org/osstest/ovmf.git ++ : git://xenbits.xen.org/osstest/linux-firmware.git ++ : osstest@xenbits.xen.org:/home/osstest/ext/linux-firmware.git ++ : git://git.kernel.org/pub/scm/linux/kernel/git/firmware/linux-firmware.git ++ : osstest@xenbits.xen.org:/home/xen/git/linux-pvops.git ++ : git://xenbits.xen.org/linux-pvops.git ++ : tested/linux-3.14 ++ : tested/linux-arm-xen ++ '[' xgit://kernel.ubuntu.com/ubuntu/linux.git =3D x ']' ++ '[' xgit://kernel.ubuntu.com/ubuntu/linux.git =3D x ']' ++ : git://git.kernel.org/pub/scm/linux/kernel/git/konrad/xen.git ++ : tested/2.6.39.x ++ : daily-cron.linux-3.16 ++ : daily-cron.linux-3.16 ++ : daily-cron.linux-3.16 ++ : daily-cron.linux-3.16 ++ : daily-cron.linux-3.16 ++ : daily-cron.linux-3.16 ++ : http://hg.uk.xensource.com/carbon/trunk/linux-2.6.27 ++ : git://xenbits.xen.org/staging/qemu-upstream-unstable.git ++ : daily-cron.linux-3.16 ++ : git://git.qemu.org/qemu.git ++ : git://xenbits.xen.org/osstest/qemu.git ++ : osstest@xenbits.xen.org:/home/xen/git/osstest/qemu.git ++ : daily-cron.linux-3.16 + TREE_LINUX=3Dosstest@xenbits.xen.org:/home/xen/git/linux-pvops.git + TREE_QEMU_MAINLINE=3Dosstest@xenbits.xen.org:/home/xen/git/osstest/qemu.git + TREE_QEMU_UPSTREAM=3Dosstest@xenbits.xen.org:/home/xen/git/qemu-upstream-unstable.git + TREE_XEN=3Dosstest@xenbits.xen.org:/home/xen/git/xen.git + TREE_LIBVIRT=3Dosstest@xenbits.xen.org:/home/xen/git/libvirt.git + TREE_RUMPUSERXEN=3Dosstest@xenbits.xen.org:/home/xen/git/rumpuser-xen.git + TREE_SEABIOS=3Dosstest@xenbits.xen.org:/home/xen/git/osstest/seabios.git + TREE_OVMF=3Dosstest@xenbits.xen.org:/home/xen/git/osstest/ovmf.git + info_linux_tree linux-3.16 + case $1 in + : git://kernel.ubuntu.com/ubuntu/linux.git + : linux-3.16.y + : linux-3.16.y + : git + : git + : git://xenbits.xen.org/linux-pvops.git + : osstest@xenbits.xen.org:/home/xen/git/linux-pvops.git + : tested/linux-3.16 + : refs/heads/tested/linux-3.16 + return 0 + cd /home/osstest/repos/linux + git push osstest@xenbits.xen.org:/home/xen/git/linux-pvops.git e775020ec970a901190f1172e52d0bf2fb2b2ddd:refs/heads/tested/linux-3.16 To osstest@xenbits.xen.org:/home/xen/git/linux-pvops.git 76aee4f..e775020 e775020ec970a901190f1172e52d0bf2fb2b2ddd -> tested/linux-3.16 + exit 0 --===============1345228536356537517== Content-Type: text/plain; charset="us-ascii" MIME-Version: 1.0 Content-Transfer-Encoding: 7bit Content-Disposition: inline _______________________________________________ Xen-devel mailing list Xen-devel@lists.xen.org http://lists.xen.org/xen-devel --===============1345228536356537517==--