* [linux-3.0 test] 62716: tolerable trouble: broken/fail/pass - PUSHED
@ 2015-10-09 3:12 osstest service owner
0 siblings, 0 replies; only message in thread
From: osstest service owner @ 2015-10-09 3:12 UTC (permalink / raw)
To: xen-devel, osstest-admin
flight 62716 linux-3.0 real [real]
http://logs.test-lab.xenproject.org/osstest/logs/62716/
Failures :-/ but no regressions.
Tests which are failing intermittently (not blocking):
test-amd64-amd64-xl-qemut-winxpsp3 3 host-install(3) broken pass in 62685
test-amd64-amd64-xl-qemut-winxpsp3 6 xen-boot fail in 58982 pass in 62685
test-amd64-amd64-xl 6 xen-boot fail in 58982 pass in 62716
test-amd64-amd64-pair 10 xen-boot/dst_host fail in 58982 pass in 62716
test-amd64-amd64-xl-qemuu-win7-amd64 6 xen-boot fail in 58982 pass in 62716
test-amd64-amd64-xl-qemuu-winxpsp3 6 xen-boot fail in 58982 pass in 62716
test-amd64-i386-pair 21 guest-migrate/src_host/dst_host fail in 62685 pass in 62716
test-amd64-amd64-pair 21 guest-migrate/src_host/dst_host fail in 62685 pass in 62716
test-amd64-i386-pair 22 guest-migrate/dst_host/src_host fail pass in 58982
Regressions which are regarded as allowable (not blocking):
test-amd64-amd64-xl-qcow2 3 host-install(3) broken baseline untested
test-amd64-amd64-xl-qemuu-debianhvm-amd64-xsm 3 host-install(3) broken baseline untested
test-amd64-amd64-xl-qemut-stubdom-debianhvm-amd64-xsm 3 host-install(3) broken baseline untested
test-amd64-i386-freebsd10-i386 3 host-install(3) broken baseline untested
test-amd64-i386-xl-qemut-winxpsp3 3 host-install(3) broken baseline untested
test-amd64-i386-xl-qemut-debianhvm-amd64 3 host-install(3) broken baseline untested
test-amd64-amd64-xl-qemut-debianhvm-amd64 12 guest-saverestore fail baseline untested
test-amd64-i386-xl-qemut-debianhvm-amd64-xsm 16 guest-localmigrate/x10 fail baseline untested
test-amd64-i386-xl-qemuu-debianhvm-amd64 15 guest-localmigrate.2 fail baseline untested
test-amd64-amd64-xl-qemuu-debianhvm-amd64 12 guest-saverestore fail baseline untested
test-amd64-i386-qemut-rhel6hvm-intel 12 guest-start/redhat.repeat fail blocked in 15418
test-amd64-amd64-xl-pvh-intel 6 xen-boot fail in 58982 baseline untested
test-amd64-amd64-xl-xsm 6 xen-boot fail in 58982 baseline untested
test-amd64-amd64-libvirt-xsm 6 xen-boot fail in 58982 baseline untested
test-amd64-i386-xl-xsm 15 guest-saverestore.2 fail in 58982 baseline untested
test-amd64-amd64-xl-qemut-debianhvm-amd64 6 xen-boot fail in 58982 baseline untested
test-amd64-amd64-xl-qemut-debianhvm-amd64-xsm 6 xen-boot fail in 58982 baseline untested
test-amd64-amd64-xl-qemuu-ovmf-amd64 6 xen-boot fail in 58982 baseline untested
test-amd64-i386-xl-qemut-stubdom-debianhvm-amd64-xsm 9 debian-hvm-install fail in 58982 baseline untested
test-amd64-i386-xl-qemuu-debianhvm-amd64 17 guest-start.2 fail in 58982 baseline untested
test-amd64-i386-xl-qemuu-debianhvm-amd64-xsm 15 guest-localmigrate/x10 fail in 58982 baseline untested
test-amd64-amd64-rumpuserxen-amd64 15 rumpuserxen-demo-xenstorels/xenstorels.repeat fail in 62685 baseline untested
test-amd64-i386-xl-qemuu-ovmf-amd64 13 guest-localmigrate fail in 62685 baseline untested
test-amd64-i386-xl-qemuu-debianhvm-amd64 16 guest-localmigrate/x10 fail in 62685 baseline untested
test-amd64-amd64-libvirt-pair 21 guest-migrate/src_host/dst_host fail in 62685 baseline untested
Tests which did not succeed, but are not blocking:
test-amd64-amd64-xl-pvh-intel 11 guest-start fail never pass
test-amd64-amd64-xl-pvh-amd 11 guest-start fail never pass
test-amd64-amd64-libvirt-xsm 12 migrate-support-check fail never pass
test-amd64-amd64-libvirt 12 migrate-support-check fail never pass
test-amd64-i386-libvirt 12 migrate-support-check fail never pass
test-amd64-i386-libvirt-qcow2 11 migrate-support-check fail never pass
test-amd64-amd64-libvirt-qcow2 11 migrate-support-check fail never pass
test-amd64-i386-libvirt-xsm 12 migrate-support-check fail never pass
test-amd64-amd64-libvirt-vhd 11 migrate-support-check fail never pass
test-amd64-amd64-libvirt-raw 11 migrate-support-check fail never pass
test-amd64-amd64-libvirt-qemuu-debianhvm-amd64-xsm 10 migrate-support-check fail never pass
test-amd64-i386-libvirt-raw 11 migrate-support-check fail never pass
test-amd64-i386-libvirt-vhd 11 migrate-support-check fail never pass
test-amd64-i386-libvirt-qemuu-debianhvm-amd64-xsm 10 migrate-support-check fail never pass
test-amd64-amd64-xl-qemuu-win7-amd64 17 guest-stop fail never pass
test-amd64-amd64-xl-qemut-win7-amd64 17 guest-stop fail never pass
test-amd64-i386-xl-qemuu-ovmf-amd64 16 guest-localmigrate/x10 fail never pass
test-amd64-i386-xl-raw 17 guest-localmigrate/x10 fail never pass
test-amd64-i386-xl-qemuu-win7-amd64 17 guest-stop fail never pass
test-amd64-i386-xl-qemut-win7-amd64 17 guest-stop fail never pass
version targeted for testing:
linux 5dba9ddd98cbc7ad319d687887981a0ea0062c75
baseline version:
linux e1c63f9f42393f7c1dc072db7e0d54e599e96b46
Last test of basis 15418 2013-02-04 12:21:02 Z 976 days
Failing since 16164 2013-02-13 12:20:51 Z 967 days 11 attempts
Testing same since 58982 2015-06-30 04:23:49 Z 100 days 4 attempts
------------------------------------------------------------
639 people touched revisions under test,
not listing them all
jobs:
build-amd64-xsm pass
build-i386-xsm pass
build-amd64 pass
build-i386 pass
build-amd64-libvirt pass
build-i386-libvirt pass
build-amd64-pvops pass
build-i386-pvops pass
build-amd64-rumpuserxen pass
build-i386-rumpuserxen pass
test-amd64-amd64-xl pass
test-amd64-i386-xl pass
test-amd64-amd64-xl-qemut-debianhvm-amd64-xsm pass
test-amd64-i386-xl-qemut-debianhvm-amd64-xsm fail
test-amd64-amd64-libvirt-qemuu-debianhvm-amd64-xsm pass
test-amd64-i386-libvirt-qemuu-debianhvm-amd64-xsm pass
test-amd64-amd64-xl-qemuu-debianhvm-amd64-xsm broken
test-amd64-i386-xl-qemuu-debianhvm-amd64-xsm pass
test-amd64-amd64-xl-qemut-stubdom-debianhvm-amd64-xsm broken
test-amd64-i386-xl-qemut-stubdom-debianhvm-amd64-xsm pass
test-amd64-amd64-libvirt-xsm pass
test-amd64-i386-libvirt-xsm pass
test-amd64-amd64-xl-xsm pass
test-amd64-i386-xl-xsm pass
test-amd64-amd64-xl-pvh-amd fail
test-amd64-i386-qemut-rhel6hvm-amd pass
test-amd64-i386-qemuu-rhel6hvm-amd pass
test-amd64-amd64-xl-qemut-debianhvm-amd64 fail
test-amd64-i386-xl-qemut-debianhvm-amd64 broken
test-amd64-amd64-xl-qemuu-debianhvm-amd64 fail
test-amd64-i386-xl-qemuu-debianhvm-amd64 fail
test-amd64-i386-freebsd10-amd64 pass
test-amd64-amd64-xl-qemuu-ovmf-amd64 pass
test-amd64-i386-xl-qemuu-ovmf-amd64 fail
test-amd64-amd64-rumpuserxen-amd64 pass
test-amd64-amd64-xl-qemut-win7-amd64 fail
test-amd64-i386-xl-qemut-win7-amd64 fail
test-amd64-amd64-xl-qemuu-win7-amd64 fail
test-amd64-i386-xl-qemuu-win7-amd64 fail
test-amd64-amd64-xl-credit2 pass
test-amd64-i386-freebsd10-i386 broken
test-amd64-i386-rumpuserxen-i386 pass
test-amd64-amd64-xl-pvh-intel fail
test-amd64-i386-qemut-rhel6hvm-intel fail
test-amd64-i386-qemuu-rhel6hvm-intel pass
test-amd64-amd64-libvirt pass
test-amd64-i386-libvirt pass
test-amd64-amd64-xl-multivcpu pass
test-amd64-amd64-pair pass
test-amd64-i386-pair fail
test-amd64-amd64-libvirt-pair pass
test-amd64-i386-libvirt-pair pass
test-amd64-amd64-amd64-pvgrub pass
test-amd64-amd64-i386-pvgrub pass
test-amd64-amd64-pygrub pass
test-amd64-amd64-libvirt-qcow2 pass
test-amd64-i386-libvirt-qcow2 pass
test-amd64-amd64-xl-qcow2 broken
test-amd64-i386-xl-qcow2 pass
test-amd64-amd64-libvirt-raw pass
test-amd64-i386-libvirt-raw pass
test-amd64-amd64-xl-raw pass
test-amd64-i386-xl-raw fail
test-amd64-amd64-xl-rtds pass
test-amd64-i386-xl-qemut-winxpsp3-vcpus1 pass
test-amd64-i386-xl-qemuu-winxpsp3-vcpus1 pass
test-amd64-amd64-libvirt-vhd pass
test-amd64-i386-libvirt-vhd pass
test-amd64-amd64-xl-vhd pass
test-amd64-i386-xl-vhd pass
test-amd64-amd64-xl-qemut-winxpsp3 broken
test-amd64-i386-xl-qemut-winxpsp3 broken
test-amd64-amd64-xl-qemuu-winxpsp3 pass
test-amd64-i386-xl-qemuu-winxpsp3 pass
------------------------------------------------------------
sg-report-flight on osstest.test-lab.xenproject.org
logs: /home/logs/logs
images: /home/logs/images
Logs, config files, etc. are available at
http://logs.test-lab.xenproject.org/osstest/logs
Explanation of these reports, and of osstest in general, is at
http://xenbits.xen.org/gitweb/?p=osstest.git;a=blob;f=README.email;hb=master
http://xenbits.xen.org/gitweb/?p=osstest.git;a=blob;f=README;hb=master
Test harness code can be found at
http://xenbits.xen.org/gitweb?p=osstest.git;a=summary
broken-step test-amd64-amd64-xl-qcow2 host-install(3)
broken-step test-amd64-amd64-xl-qemuu-debianhvm-amd64-xsm host-install(3)
broken-step test-amd64-amd64-xl-qemut-stubdom-debianhvm-amd64-xsm host-install(3)
broken-step test-amd64-i386-freebsd10-i386 host-install(3)
broken-step test-amd64-i386-xl-qemut-winxpsp3 host-install(3)
broken-step test-amd64-amd64-xl-qemut-winxpsp3 host-install(3)
broken-step test-amd64-i386-xl-qemut-debianhvm-amd64 host-install(3)
Pushing revision :
+ branch=linux-3.0
+ revision=5dba9ddd98cbc7ad319d687887981a0ea0062c75
+ . ./cri-lock-repos
++ . ./cri-common
+++ . ./cri-getconfig
+++ umask 002
+++ getrepos
++++ getconfig Repos
++++ perl -e '
use Osstest;
readglobalconfig();
print $c{"Repos"} or die $!;
'
+++ local repos=/home/osstest/repos
+++ '[' -z /home/osstest/repos ']'
+++ '[' '!' -d /home/osstest/repos ']'
+++ echo /home/osstest/repos
++ repos=/home/osstest/repos
++ repos_lock=/home/osstest/repos/lock
++ '[' x '!=' x/home/osstest/repos/lock ']'
++ OSSTEST_REPOS_LOCK_LOCKED=/home/osstest/repos/lock
++ exec with-lock-ex -w /home/osstest/repos/lock ./ap-push linux-3.0 5dba9ddd98cbc7ad319d687887981a0ea0062c75
+ branch=linux-3.0
+ revision=5dba9ddd98cbc7ad319d687887981a0ea0062c75
+ . ./cri-lock-repos
++ . ./cri-common
+++ . ./cri-getconfig
+++ umask 002
+++ getrepos
++++ getconfig Repos
++++ perl -e '
use Osstest;
readglobalconfig();
print $c{"Repos"} or die $!;
'
+++ local repos=/home/osstest/repos
+++ '[' -z /home/osstest/repos ']'
+++ '[' '!' -d /home/osstest/repos ']'
+++ echo /home/osstest/repos
++ repos=/home/osstest/repos
++ repos_lock=/home/osstest/repos/lock
++ '[' x/home/osstest/repos/lock '!=' x/home/osstest/repos/lock ']'
+ . ./cri-common
++ . ./cri-getconfig
++ umask 002
+ select_xenbranch
+ case "$branch" in
+ tree=linux
+ xenbranch=xen-unstable
+ '[' xlinux = xlinux ']'
+ linuxbranch=linux-3.0
+ '[' x = x ']'
+ qemuubranch=qemu-upstream-unstable
+ select_prevxenbranch
++ ./cri-getprevxenbranch xen-unstable
+ prevxenbranch=xen-4.6-testing
+ : tested/2.6.39.x
+ . ./ap-common
++ xenbranch_forqemu=xen-unstable
++ : osstest@xenbits.xen.org
+++ getconfig OsstestUpstream
+++ perl -e '
use Osstest;
readglobalconfig();
print $c{"OsstestUpstream"} or die $!;
'
++ :
++ : git://xenbits.xen.org/xen.git
++ : osstest@xenbits.xen.org:/home/xen/git/xen.git
++ : git://xenbits.xen.org/staging/qemu-xen-unstable.git
++ : git://git.kernel.org
++ : git://git.kernel.org/pub/scm/linux/kernel/git
++ : git
++ : git://xenbits.xen.org/libvirt.git
++ : osstest@xenbits.xen.org:/home/xen/git/libvirt.git
++ : git://xenbits.xen.org/libvirt.git
++ : git://xenbits.xen.org/rumpuser-xen.git
++ : git
++ : git://xenbits.xen.org/rumpuser-xen.git
++ : osstest@xenbits.xen.org:/home/xen/git/rumpuser-xen.git
+++ besteffort_repo https://github.com/rumpkernel/rumpkernel-netbsd-src
+++ local repo=https://github.com/rumpkernel/rumpkernel-netbsd-src
+++ cached_repo https://github.com/rumpkernel/rumpkernel-netbsd-src '[fetch=try]'
+++ local repo=https://github.com/rumpkernel/rumpkernel-netbsd-src
+++ local 'options=[fetch=try]'
++++ getconfig GitCacheProxy
++++ perl -e '
use Osstest;
readglobalconfig();
print $c{"GitCacheProxy"} or die $!;
'
+++ local cache=git://cache:9419/
+++ '[' xgit://cache:9419/ '!=' x ']'
+++ echo 'git://cache:9419/https://github.com/rumpkernel/rumpkernel-netbsd-src%20[fetch=try]'
++ : 'git://cache:9419/https://github.com/rumpkernel/rumpkernel-netbsd-src%20[fetch=try]'
++ : git
++ : git://git.seabios.org/seabios.git
++ : osstest@xenbits.xen.org:/home/xen/git/osstest/seabios.git
++ : git://xenbits.xen.org/osstest/seabios.git
++ : https://github.com/tianocore/edk2.git
++ : osstest@xenbits.xen.org:/home/xen/git/osstest/ovmf.git
++ : git://xenbits.xen.org/osstest/ovmf.git
++ : git://xenbits.xen.org/osstest/linux-firmware.git
++ : osstest@xenbits.xen.org:/home/osstest/ext/linux-firmware.git
++ : git://git.kernel.org/pub/scm/linux/kernel/git/firmware/linux-firmware.git
++ : osstest@xenbits.xen.org:/home/xen/git/linux-pvops.git
++ : git://xenbits.xen.org/linux-pvops.git
++ : tested/linux-3.14
++ : tested/linux-arm-xen
++ '[' xgit://git.kernel.org/pub/scm/linux/kernel/git/stable/linux-stable.git = x ']'
++ '[' xgit://git.kernel.org/pub/scm/linux/kernel/git/stable/linux-stable.git = x ']'
++ : git://git.kernel.org/pub/scm/linux/kernel/git/konrad/xen.git
++ : tested/2.6.39.x
++ : daily-cron.linux-3.0
++ : daily-cron.linux-3.0
++ : daily-cron.linux-3.0
++ : daily-cron.linux-3.0
++ : daily-cron.linux-3.0
++ : daily-cron.linux-3.0
++ : http://hg.uk.xensource.com/carbon/trunk/linux-2.6.27
++ : git://xenbits.xen.org/staging/qemu-upstream-unstable.git
++ : daily-cron.linux-3.0
++ : git://git.qemu.org/qemu.git
++ : git://xenbits.xen.org/osstest/qemu.git
++ : osstest@xenbits.xen.org:/home/xen/git/osstest/qemu.git
++ : daily-cron.linux-3.0
+ TREE_LINUX=osstest@xenbits.xen.org:/home/xen/git/linux-pvops.git
+ TREE_QEMU_MAINLINE=osstest@xenbits.xen.org:/home/xen/git/osstest/qemu.git
+ TREE_QEMU_UPSTREAM=osstest@xenbits.xen.org:/home/xen/git/qemu-upstream-unstable.git
+ TREE_XEN=osstest@xenbits.xen.org:/home/xen/git/xen.git
+ TREE_LIBVIRT=osstest@xenbits.xen.org:/home/xen/git/libvirt.git
+ TREE_RUMPUSERXEN=osstest@xenbits.xen.org:/home/xen/git/rumpuser-xen.git
+ TREE_SEABIOS=osstest@xenbits.xen.org:/home/xen/git/osstest/seabios.git
+ TREE_OVMF=osstest@xenbits.xen.org:/home/xen/git/osstest/ovmf.git
+ info_linux_tree linux-3.0
+ case $1 in
+ : git://git.kernel.org/pub/scm/linux/kernel/git/stable/linux-stable.git
+ : linux-3.0.y
+ : linux-3.0.y
+ : git
+ : git
+ : git://xenbits.xen.org/linux-pvops.git
+ : osstest@xenbits.xen.org:/home/xen/git/linux-pvops.git
+ : tested/linux-3.0
+ : refs/heads/tested/linux-3.0
+ return 0
+ cd /home/osstest/repos/linux
+ git push osstest@xenbits.xen.org:/home/xen/git/linux-pvops.git 5dba9ddd98cbc7ad319d687887981a0ea0062c75:refs/heads/tested/linux-3.0
To osstest@xenbits.xen.org:/home/xen/git/linux-pvops.git
e1c63f9f..5dba9dd 5dba9ddd98cbc7ad319d687887981a0ea0062c75 -> tested/linux-3.0
+ exit 0
^ permalink raw reply [flat|nested] only message in thread
only message in thread, other threads:[~2015-10-09 3:12 UTC | newest]
Thread overview: (only message) (download: mbox.gz follow: Atom feed
-- links below jump to the message on this page --
2015-10-09 3:12 [linux-3.0 test] 62716: tolerable trouble: broken/fail/pass - PUSHED osstest service owner
This is a public inbox, see mirroring instructions
for how to clone and mirror all data and code used for this inbox;
as well as URLs for NNTP newsgroup(s).