xen-devel.lists.xenproject.org archive mirror
 help / color / mirror / Atom feed
* [xen-unstable-smoke test] 63001: trouble: broken/pass
@ 2015-10-16 12:27 osstest service owner
  0 siblings, 0 replies; only message in thread
From: osstest service owner @ 2015-10-16 12:27 UTC (permalink / raw)
  To: xen-devel, osstest-admin

[-- Warning: decoded text below may be mangled, UTF-8 assumed --]
[-- Attachment #1: Type: text/plain, Size: 3154 bytes --]

flight 63001 xen-unstable-smoke real [real]
http://logs.test-lab.xenproject.org/osstest/logs/63001/

Failures and problems with tests :-(

Tests which did not succeed and are blocking,
including tests which could not be run:
 test-amd64-amd64-xl-qemuu-debianhvm-i386 3 host-install(3) broken REGR. vs. 62985

Tests which did not succeed, but are not blocking:
 test-amd64-amd64-libvirt     12 migrate-support-check        fail   never pass
 test-armhf-armhf-xl          12 migrate-support-check        fail   never pass
 test-armhf-armhf-xl          13 saverestore-support-check    fail   never pass

version targeted for testing:
 xen                  c787425fdf2a4b42ffbff257123dfcb25528efbb
baseline version:
 xen                  c7e21966e6fe1e8640a4d1cb452118c43e27356d

Last test of basis    62985  2015-10-15 16:53:33 Z    0 days
Testing same since    63001  2015-10-16 10:53:13 Z    0 days    1 attempts

------------------------------------------------------------
People who touched revisions under test:
  Ian Campbell <ian.campbell@citrix.com>
  Roger Pau Monne <roger.pau@citrix.com>
  Roger Pau Monné <roger.pau@citrix.com>
  Wei Liu <wei.liu2@citrix.com>

jobs:
 build-amd64                                                  pass
 build-armhf                                                  pass
 build-amd64-libvirt                                          pass
 test-armhf-armhf-xl                                          pass
 test-amd64-amd64-xl-qemuu-debianhvm-i386                     broken
 test-amd64-amd64-libvirt                                     pass


------------------------------------------------------------
sg-report-flight on osstest.test-lab.xenproject.org
logs: /home/logs/logs
images: /home/logs/images

Logs, config files, etc. are available at
    http://logs.test-lab.xenproject.org/osstest/logs

Explanation of these reports, and of osstest in general, is at
    http://xenbits.xen.org/gitweb/?p=osstest.git;a=blob;f=README.email;hb=master
    http://xenbits.xen.org/gitweb/?p=osstest.git;a=blob;f=README;hb=master

Test harness code can be found at
    http://xenbits.xen.org/gitweb?p=osstest.git;a=summary

broken-step test-amd64-amd64-xl-qemuu-debianhvm-i386 host-install(3)

Not pushing.

------------------------------------------------------------
commit c787425fdf2a4b42ffbff257123dfcb25528efbb
Author: Roger Pau Monne <roger.pau@citrix.com>
Date:   Thu Oct 15 19:23:57 2015 +0200

    libxc: fix the types used in xc_dom_image to build HVM guests

    Fix the types used to store the memory parameters of an HVM guest,
    previously they defaulted to unsigned long on 32bit toolstack builds, which
    is wrong because a 32bit value cannot hold a 64bit memory address that
    crosses the 4GB boundary.

    Signed-off-by: Roger Pau Monné <roger.pau@citrix.com>
    Cc: Ian Jackson <ian.jackson@eu.citrix.com>
    Cc: Ian Campbell <ian.campbell@citrix.com>
    Cc: Wei Liu <wei.liu2@citrix.com>
    Acked-by: Ian Campbell <ian.campbell@citrix.com>
    Acked-by: Wei Liu <wei.liu2@citrix.com>
(qemu changes not included)


[-- Attachment #2: Type: text/plain, Size: 126 bytes --]

_______________________________________________
Xen-devel mailing list
Xen-devel@lists.xen.org
http://lists.xen.org/xen-devel

^ permalink raw reply	[flat|nested] only message in thread

only message in thread, other threads:[~2015-10-16 12:27 UTC | newest]

Thread overview: (only message) (download: mbox.gz follow: Atom feed
-- links below jump to the message on this page --
2015-10-16 12:27 [xen-unstable-smoke test] 63001: trouble: broken/pass osstest service owner

This is a public inbox, see mirroring instructions
for how to clone and mirror all data and code used for this inbox;
as well as URLs for NNTP newsgroup(s).