From mboxrd@z Thu Jan 1 00:00:00 1970 From: osstest service owner Subject: [xen-unstable-smoke test] 63001: trouble: broken/pass Date: Fri, 16 Oct 2015 12:27:20 +0000 Message-ID: Mime-Version: 1.0 Content-Type: multipart/mixed; boundary="===============3135282341085821386==" Return-path: List-Unsubscribe: , List-Post: List-Help: List-Subscribe: , Sender: xen-devel-bounces@lists.xen.org Errors-To: xen-devel-bounces@lists.xen.org To: xen-devel@lists.xensource.com, osstest-admin@xenproject.org List-Id: xen-devel@lists.xenproject.org --===============3135282341085821386== Content-Length: 3219 Content-Transfer-Encoding: quoted-printable flight 63001 xen-unstable-smoke real [real] http://logs.test-lab.xenproject.org/osstest/logs/63001/ Failures and problems with tests :-( Tests which did not succeed and are blocking, including tests which could not be run: test-amd64-amd64-xl-qemuu-debianhvm-i386 3 host-install(3) broken REGR. vs. 62985 Tests which did not succeed, but are not blocking: test-amd64-amd64-libvirt 12 migrate-support-check fail never pass test-armhf-armhf-xl 12 migrate-support-check fail never pass test-armhf-armhf-xl 13 saverestore-support-check fail never pass version targeted for testing: xen c787425fdf2a4b42ffbff257123dfcb25528efbb baseline version: xen c7e21966e6fe1e8640a4d1cb452118c43e27356d Last test of basis 62985 2015-10-15 16:53:33 Z 0 days Testing same since 63001 2015-10-16 10:53:13 Z 0 days 1 attempts ------------------------------------------------------------ People who touched revisions under test: Ian Campbell Roger Pau Monne Roger Pau Monn=C3=A9 Wei Liu jobs: build-amd64 pass build-armhf pass build-amd64-libvirt pass test-armhf-armhf-xl pass test-amd64-amd64-xl-qemuu-debianhvm-i386 broken test-amd64-amd64-libvirt pass ------------------------------------------------------------ sg-report-flight on osstest.test-lab.xenproject.org logs: /home/logs/logs images: /home/logs/images Logs, config files, etc. are available at http://logs.test-lab.xenproject.org/osstest/logs Explanation of these reports, and of osstest in general, is at http://xenbits.xen.org/gitweb/=3Fp=3Dosstest.git;a=3Dblob;f=3DREADME.email;hb=3Dmaster http://xenbits.xen.org/gitweb/=3Fp=3Dosstest.git;a=3Dblob;f=3DREADME;hb=3Dmaster Test harness code can be found at http://xenbits.xen.org/gitweb=3Fp=3Dosstest.git;a=3Dsummary broken-step test-amd64-amd64-xl-qemuu-debianhvm-i386 host-install(3) Not pushing. ------------------------------------------------------------ commit c787425fdf2a4b42ffbff257123dfcb25528efbb Author: Roger Pau Monne Date: Thu Oct 15 19:23:57 2015 +0200 libxc: fix the types used in xc_dom_image to build HVM guests Fix the types used to store the memory parameters of an HVM guest, previously they defaulted to unsigned long on 32bit toolstack builds, which is wrong because a 32bit value cannot hold a 64bit memory address that crosses the 4GB boundary. Signed-off-by: Roger Pau Monn=C3=A9 Cc: Ian Jackson Cc: Ian Campbell Cc: Wei Liu Acked-by: Ian Campbell Acked-by: Wei Liu (qemu changes not included) --===============3135282341085821386== Content-Type: text/plain; charset="us-ascii" MIME-Version: 1.0 Content-Transfer-Encoding: 7bit Content-Disposition: inline _______________________________________________ Xen-devel mailing list Xen-devel@lists.xen.org http://lists.xen.org/xen-devel --===============3135282341085821386==--