xen-devel.lists.xenproject.org archive mirror
 help / color / mirror / Atom feed
* [ovmf test] 63025: regressions - FAIL
@ 2015-10-18  8:50 osstest service owner
  0 siblings, 0 replies; only message in thread
From: osstest service owner @ 2015-10-18  8:50 UTC (permalink / raw)
  To: xen-devel, osstest-admin

flight 63025 ovmf real [real]
http://logs.test-lab.xenproject.org/osstest/logs/63025/

Regressions :-(

Tests which did not succeed and are blocking,
including tests which could not be run:
 test-amd64-i386-xl-qemuu-ovmf-amd64  9 debian-hvm-install fail REGR. vs. 62978
 test-amd64-amd64-xl-qemuu-ovmf-amd64 9 debian-hvm-install fail REGR. vs. 62978

version targeted for testing:
 ovmf                 fcb636ea4244cb29d3f6a6d938dd9f7692ecfa7c
baseline version:
 ovmf                 bf9f7cea98616e7b780946e61068bd345e454915

Last test of basis    62978  2015-10-15 09:13:57 Z    2 days
Failing since         62997  2015-10-16 07:12:40 Z    2 days    3 attempts
Testing same since    63025  2015-10-17 04:45:27 Z    1 days    1 attempts

------------------------------------------------------------
People who touched revisions under test:
  Fu Siyuan <siyuan.fu@intel.com>
  Laszlo Ersek <lersek@redhat.com>
  Mark Rutland <mark.rutland@arm.com>
  Michael Kinney <michael.d.kinney@intel.com>
  Star Zeng <star.zeng@intel.com>

jobs:
 build-amd64-xsm                                              pass    
 build-i386-xsm                                               pass    
 build-amd64                                                  pass    
 build-i386                                                   pass    
 build-amd64-libvirt                                          pass    
 build-i386-libvirt                                           pass    
 build-amd64-pvops                                            pass    
 build-i386-pvops                                             pass    
 test-amd64-amd64-xl-qemuu-ovmf-amd64                         fail    
 test-amd64-i386-xl-qemuu-ovmf-amd64                          fail    


------------------------------------------------------------
sg-report-flight on osstest.test-lab.xenproject.org
logs: /home/logs/logs
images: /home/logs/images

Logs, config files, etc. are available at
    http://logs.test-lab.xenproject.org/osstest/logs

Explanation of these reports, and of osstest in general, is at
    http://xenbits.xen.org/gitweb/?p=osstest.git;a=blob;f=README.email;hb=master
    http://xenbits.xen.org/gitweb/?p=osstest.git;a=blob;f=README;hb=master

Test harness code can be found at
    http://xenbits.xen.org/gitweb?p=osstest.git;a=summary


Not pushing.

(No revision log; it would be 339 lines long.)

^ permalink raw reply	[flat|nested] only message in thread

only message in thread, other threads:[~2015-10-18  8:50 UTC | newest]

Thread overview: (only message) (download: mbox.gz follow: Atom feed
-- links below jump to the message on this page --
2015-10-18  8:50 [ovmf test] 63025: regressions - FAIL osstest service owner

This is a public inbox, see mirroring instructions
for how to clone and mirror all data and code used for this inbox;
as well as URLs for NNTP newsgroup(s).