From mboxrd@z Thu Jan 1 00:00:00 1970 From: osstest service owner Subject: [xen-unstable test] 63046: tolerable trouble: broken/fail/pass - PUSHED Date: Mon, 19 Oct 2015 03:33:28 +0000 Message-ID: Mime-Version: 1.0 Content-Type: multipart/mixed; boundary="===============7305456895610650924==" Return-path: List-Unsubscribe: , List-Post: List-Help: List-Subscribe: , Sender: xen-devel-bounces@lists.xen.org Errors-To: xen-devel-bounces@lists.xen.org To: xen-devel@lists.xensource.com, osstest-admin@xenproject.org List-Id: xen-devel@lists.xenproject.org --===============7305456895610650924== Content-Length: 18920 Content-Transfer-Encoding: quoted-printable flight 63046 xen-unstable real [real] http://logs.test-lab.xenproject.org/osstest/logs/63046/ Failures :-/ but no regressions. Tests which are failing intermittently (not blocking): test-amd64-i386-libvirt-xsm 3 host-install(3) broken pass in 63024 test-amd64-i386-libvirt-pair 3 host-install/src_host(3) broken pass in 63024 test-amd64-amd64-xl-qemut-stubdom-debianhvm-amd64-xsm 3 host-install(3) broken pass in 63024 test-amd64-amd64-xl-rtds 3 host-install(3) broken pass in 63024 test-amd64-i386-xl-xsm 3 host-install(3) broken pass in 63024 test-amd64-i386-xl-qemut-debianhvm-amd64-xsm 3 host-install(3) broken pass in 63024 test-amd64-i386-xl-qemuu-winxpsp3-vcpus1 3 host-install(3) broken pass in 63024 test-amd64-i386-xl-qemuu-winxpsp3 3 host-install(3) broken pass in 63024 test-armhf-armhf-xl-xsm 16 guest-start/debian.repeat fail in 63024 pass in 63046 test-amd64-i386-rumpuserxen-i386 15 rumpuserxen-demo-xenstorels/xenstorels.repeat fail pass in 63024 Regressions which are regarded as allowable (not blocking): test-amd64-i386-libvirt-pair 21 guest-migrate/src_host/dst_host fail in 63024 REGR. vs. 62711 test-amd64-amd64-xl-qemut-stubdom-debianhvm-amd64-xsm 16 guest-localmigrate/x10 fail in 63024 blocked in 62711 test-amd64-i386-xl-qemut-stubdom-debianhvm-amd64-xsm 9 debian-hvm-install fail like 62711 test-armhf-armhf-xl-rtds 15 guest-start.2 fail like 62711 test-amd64-amd64-xl-qemut-win7-amd64 17 guest-stop fail like 62711 test-amd64-i386-xl-qemuu-win7-amd64 17 guest-stop fail like 62711 Tests which did not succeed, but are not blocking: test-amd64-i386-libvirt-xsm 12 migrate-support-check fail in 63024 never pass test-armhf-armhf-xl-rtds 16 guest-start/debian.repeat fail in 63024 never pass test-amd64-amd64-xl-pvh-amd 11 guest-start fail never pass test-amd64-amd64-xl-pvh-intel 11 guest-start fail never pass test-armhf-armhf-libvirt-qcow2 9 debian-di-install fail never pass test-armhf-armhf-libvirt-raw 9 debian-di-install fail never pass test-armhf-armhf-libvirt-xsm 12 migrate-support-check fail never pass test-armhf-armhf-libvirt-xsm 14 guest-saverestore fail never pass test-armhf-armhf-libvirt 14 guest-saverestore fail never pass test-armhf-armhf-libvirt 12 migrate-support-check fail never pass test-armhf-armhf-xl-arndale 12 migrate-support-check fail never pass test-armhf-armhf-xl-arndale 13 saverestore-support-check fail never pass test-armhf-armhf-xl-multivcpu 13 saverestore-support-check fail never pass test-armhf-armhf-xl-multivcpu 12 migrate-support-check fail never pass test-armhf-armhf-xl-xsm 13 saverestore-support-check fail never pass test-armhf-armhf-xl-xsm 12 migrate-support-check fail never pass test-amd64-i386-libvirt-qemuu-debianhvm-amd64-xsm 10 migrate-support-check fail never pass test-amd64-amd64-libvirt-xsm 12 migrate-support-check fail never pass test-amd64-amd64-libvirt 12 migrate-support-check fail never pass test-amd64-i386-libvirt 12 migrate-support-check fail never pass test-amd64-amd64-libvirt-vhd 11 migrate-support-check fail never pass test-armhf-armhf-xl-rtds 13 saverestore-support-check fail never pass test-armhf-armhf-xl-rtds 12 migrate-support-check fail never pass test-armhf-armhf-xl-credit2 13 saverestore-support-check fail never pass test-armhf-armhf-xl-credit2 12 migrate-support-check fail never pass test-armhf-armhf-xl-vhd 9 debian-di-install fail never pass test-armhf-armhf-xl 12 migrate-support-check fail never pass test-armhf-armhf-xl 13 saverestore-support-check fail never pass test-amd64-amd64-libvirt-qemuu-debianhvm-amd64-xsm 10 migrate-support-check fail never pass test-armhf-armhf-xl-cubietruck 12 migrate-support-check fail never pass test-armhf-armhf-xl-cubietruck 13 saverestore-support-check fail never pass test-amd64-i386-xl-qemut-win7-amd64 17 guest-stop fail never pass test-amd64-amd64-xl-qemuu-win7-amd64 17 guest-stop fail never pass version targeted for testing: xen 3a95c3f9c26a4b877598d45886eae95963c5d793 baseline version: xen a23ce429779011de127e8ff6c9bf3486d87154d5 Last test of basis 62711 2015-10-07 10:34:21 Z 11 days Failing since 62733 2015-10-08 22:34:06 Z 10 days 12 attempts Testing same since 63024 2015-10-17 04:41:57 Z 1 days 2 attempts ------------------------------------------------------------ People who touched revisions under test: Andrew Cooper Boris Ostrovsky Brijesh Singh Daniel Kiper Dario Faggioli Fabio Fantoni George Dunlap He Chen Ian Campbell Ian Jackson Jan Beulich Juergen Gross Julien Grall Mike Latimer Roger Pau Monne Roger Pau Monn=C3=A9 Sander Eikelenboom Tamas K Lengyel Tim Deegan Wei Liu Wei Wang Yang Zhang jobs: build-amd64-xsm pass build-armhf-xsm pass build-i386-xsm pass build-amd64 pass build-armhf pass build-i386 pass build-amd64-libvirt pass build-armhf-libvirt pass build-i386-libvirt pass build-amd64-oldkern pass build-i386-oldkern pass build-amd64-prev pass build-i386-prev pass build-amd64-pvops pass build-armhf-pvops pass build-i386-pvops pass build-amd64-rumpuserxen pass build-i386-rumpuserxen pass test-amd64-amd64-xl pass test-armhf-armhf-xl pass test-amd64-i386-xl pass test-amd64-amd64-xl-qemut-debianhvm-amd64-xsm pass test-amd64-i386-xl-qemut-debianhvm-amd64-xsm broken test-amd64-amd64-libvirt-qemuu-debianhvm-amd64-xsm pass test-amd64-i386-libvirt-qemuu-debianhvm-amd64-xsm pass test-amd64-amd64-xl-qemuu-debianhvm-amd64-xsm pass test-amd64-i386-xl-qemuu-debianhvm-amd64-xsm pass test-amd64-amd64-xl-qemut-stubdom-debianhvm-amd64-xsm broken test-amd64-i386-xl-qemut-stubdom-debianhvm-amd64-xsm fail test-amd64-amd64-libvirt-xsm pass test-armhf-armhf-libvirt-xsm fail test-amd64-i386-libvirt-xsm broken test-amd64-amd64-xl-xsm pass test-armhf-armhf-xl-xsm pass test-amd64-i386-xl-xsm broken test-amd64-amd64-xl-pvh-amd fail test-amd64-i386-qemut-rhel6hvm-amd pass test-amd64-i386-qemuu-rhel6hvm-amd pass test-amd64-amd64-xl-qemut-debianhvm-amd64 pass test-amd64-i386-xl-qemut-debianhvm-amd64 pass test-amd64-amd64-xl-qemuu-debianhvm-amd64 pass test-amd64-i386-xl-qemuu-debianhvm-amd64 pass test-amd64-i386-freebsd10-amd64 pass test-amd64-amd64-xl-qemuu-ovmf-amd64 pass test-amd64-i386-xl-qemuu-ovmf-amd64 pass test-amd64-amd64-rumpuserxen-amd64 pass test-amd64-amd64-xl-qemut-win7-amd64 fail test-amd64-i386-xl-qemut-win7-amd64 fail test-amd64-amd64-xl-qemuu-win7-amd64 fail test-amd64-i386-xl-qemuu-win7-amd64 fail test-armhf-armhf-xl-arndale pass test-amd64-amd64-xl-credit2 pass test-armhf-armhf-xl-credit2 pass test-armhf-armhf-xl-cubietruck pass test-amd64-i386-freebsd10-i386 pass test-amd64-i386-rumpuserxen-i386 fail test-amd64-amd64-xl-pvh-intel fail test-amd64-i386-qemut-rhel6hvm-intel pass test-amd64-i386-qemuu-rhel6hvm-intel pass test-amd64-amd64-libvirt pass test-armhf-armhf-libvirt fail test-amd64-i386-libvirt pass test-amd64-amd64-migrupgrade pass test-amd64-i386-migrupgrade pass test-amd64-amd64-xl-multivcpu pass test-armhf-armhf-xl-multivcpu pass test-amd64-amd64-pair pass test-amd64-i386-pair pass test-amd64-amd64-libvirt-pair pass test-amd64-i386-libvirt-pair broken test-amd64-amd64-amd64-pvgrub pass test-amd64-amd64-i386-pvgrub pass test-amd64-amd64-pygrub pass test-armhf-armhf-libvirt-qcow2 fail test-amd64-amd64-xl-qcow2 pass test-armhf-armhf-libvirt-raw fail test-amd64-i386-xl-raw pass test-amd64-amd64-xl-rtds broken test-armhf-armhf-xl-rtds fail test-amd64-i386-xl-qemut-winxpsp3-vcpus1 pass test-amd64-i386-xl-qemuu-winxpsp3-vcpus1 broken test-amd64-amd64-libvirt-vhd pass test-armhf-armhf-xl-vhd fail test-amd64-amd64-xl-qemut-winxpsp3 pass test-amd64-i386-xl-qemut-winxpsp3 pass test-amd64-amd64-xl-qemuu-winxpsp3 pass test-amd64-i386-xl-qemuu-winxpsp3 broken ------------------------------------------------------------ sg-report-flight on osstest.test-lab.xenproject.org logs: /home/logs/logs images: /home/logs/images Logs, config files, etc. are available at http://logs.test-lab.xenproject.org/osstest/logs Explanation of these reports, and of osstest in general, is at http://xenbits.xen.org/gitweb/=3Fp=3Dosstest.git;a=3Dblob;f=3DREADME.email;hb=3Dmaster http://xenbits.xen.org/gitweb/=3Fp=3Dosstest.git;a=3Dblob;f=3DREADME;hb=3Dmaster Test harness code can be found at http://xenbits.xen.org/gitweb=3Fp=3Dosstest.git;a=3Dsummary broken-step test-amd64-i386-libvirt-xsm host-install(3) broken-step test-amd64-i386-libvirt-pair host-install/src_host(3) broken-step test-amd64-amd64-xl-qemut-stubdom-debianhvm-amd64-xsm host-install(3) broken-step test-amd64-amd64-xl-rtds host-install(3) broken-step test-amd64-i386-xl-xsm host-install(3) broken-step test-amd64-i386-xl-qemut-debianhvm-amd64-xsm host-install(3) broken-step test-amd64-i386-xl-qemuu-winxpsp3-vcpus1 host-install(3) broken-step test-amd64-i386-xl-qemuu-winxpsp3 host-install(3) Pushing revision : + branch=3Dxen-unstable + revision=3D3a95c3f9c26a4b877598d45886eae95963c5d793 + . ./cri-lock-repos ++ . ./cri-common +++ . ./cri-getconfig +++ umask 002 +++ getrepos ++++ getconfig Repos ++++ perl -e ' use Osstest; readglobalconfig(); print $c{"Repos"} or die $!; ' +++ local repos=3D/home/osstest/repos +++ '[' -z /home/osstest/repos ']' +++ '[' '!' -d /home/osstest/repos ']' +++ echo /home/osstest/repos ++ repos=3D/home/osstest/repos ++ repos_lock=3D/home/osstest/repos/lock ++ '[' x '!=3D' x/home/osstest/repos/lock ']' ++ OSSTEST_REPOS_LOCK_LOCKED=3D/home/osstest/repos/lock ++ exec with-lock-ex -w /home/osstest/repos/lock ./ap-push xen-unstable 3a95c3f9c26a4b877598d45886eae95963c5d793 + branch=3Dxen-unstable + revision=3D3a95c3f9c26a4b877598d45886eae95963c5d793 + . ./cri-lock-repos ++ . ./cri-common +++ . ./cri-getconfig +++ umask 002 +++ getrepos ++++ getconfig Repos ++++ perl -e ' use Osstest; readglobalconfig(); print $c{"Repos"} or die $!; ' +++ local repos=3D/home/osstest/repos +++ '[' -z /home/osstest/repos ']' +++ '[' '!' -d /home/osstest/repos ']' +++ echo /home/osstest/repos ++ repos=3D/home/osstest/repos ++ repos_lock=3D/home/osstest/repos/lock ++ '[' x/home/osstest/repos/lock '!=3D' x/home/osstest/repos/lock ']' + . ./cri-common ++ . ./cri-getconfig ++ umask 002 + select_xenbranch + case "$branch" in + tree=3Dxen + xenbranch=3Dxen-unstable + '[' xxen =3D xlinux ']' + linuxbranch=3D + '[' x =3D x ']' + qemuubranch=3Dqemu-upstream-unstable + select_prevxenbranch ++ ./cri-getprevxenbranch xen-unstable + prevxenbranch=3Dxen-4.6-testing + : tested/2.6.39.x + . ./ap-common ++ xenbranch_forqemu=3Dxen-unstable ++ : osstest@xenbits.xen.org +++ getconfig OsstestUpstream +++ perl -e ' use Osstest; readglobalconfig(); print $c{"OsstestUpstream"} or die $!; ' ++ : ++ : git://xenbits.xen.org/xen.git ++ : osstest@xenbits.xen.org:/home/xen/git/xen.git ++ : git://xenbits.xen.org/staging/qemu-xen-unstable.git ++ : git://git.kernel.org ++ : git://git.kernel.org/pub/scm/linux/kernel/git ++ : git ++ : git://xenbits.xen.org/libvirt.git ++ : osstest@xenbits.xen.org:/home/xen/git/libvirt.git ++ : git://xenbits.xen.org/libvirt.git ++ : git://xenbits.xen.org/rumpuser-xen.git ++ : git ++ : git://xenbits.xen.org/rumpuser-xen.git ++ : osstest@xenbits.xen.org:/home/xen/git/rumpuser-xen.git +++ besteffort_repo https://github.com/rumpkernel/rumpkernel-netbsd-src +++ local repo=3Dhttps://github.com/rumpkernel/rumpkernel-netbsd-src +++ cached_repo https://github.com/rumpkernel/rumpkernel-netbsd-src '[fetch=3Dtry]' +++ local repo=3Dhttps://github.com/rumpkernel/rumpkernel-netbsd-src +++ local 'options=3D[fetch=3Dtry]' ++++ getconfig GitCacheProxy ++++ perl -e ' use Osstest; readglobalconfig(); print $c{"GitCacheProxy"} or die $!; ' +++ local cache=3Dgit://cache:9419/ +++ '[' xgit://cache:9419/ '!=3D' x ']' +++ echo 'git://cache:9419/https://github.com/rumpkernel/rumpkernel-netbsd-src%20[fetch=3Dtry]' ++ : 'git://cache:9419/https://github.com/rumpkernel/rumpkernel-netbsd-src%20[fetch=3Dtry]' ++ : git ++ : git://git.seabios.org/seabios.git ++ : osstest@xenbits.xen.org:/home/xen/git/osstest/seabios.git ++ : git://xenbits.xen.org/osstest/seabios.git ++ : https://github.com/tianocore/edk2.git ++ : osstest@xenbits.xen.org:/home/xen/git/osstest/ovmf.git ++ : git://xenbits.xen.org/osstest/ovmf.git ++ : git://xenbits.xen.org/osstest/linux-firmware.git ++ : osstest@xenbits.xen.org:/home/osstest/ext/linux-firmware.git ++ : git://git.kernel.org/pub/scm/linux/kernel/git/firmware/linux-firmware.git ++ : osstest@xenbits.xen.org:/home/xen/git/linux-pvops.git ++ : git://xenbits.xen.org/linux-pvops.git ++ : tested/linux-3.14 ++ : tested/linux-arm-xen ++ '[' xgit://xenbits.xen.org/linux-pvops.git =3D x ']' ++ '[' x =3D x ']' ++ : git://xenbits.xen.org/linux-pvops.git ++ : tested/linux-arm-xen ++ : git://git.kernel.org/pub/scm/linux/kernel/git/konrad/xen.git ++ : tested/2.6.39.x ++ : daily-cron.xen-unstable ++ : daily-cron.xen-unstable ++ : daily-cron.xen-unstable ++ : daily-cron.xen-unstable ++ : daily-cron.xen-unstable ++ : daily-cron.xen-unstable ++ : http://hg.uk.xensource.com/carbon/trunk/linux-2.6.27 ++ : git://xenbits.xen.org/staging/qemu-upstream-unstable.git ++ : daily-cron.xen-unstable ++ : git://git.qemu.org/qemu.git ++ : git://xenbits.xen.org/osstest/qemu.git ++ : osstest@xenbits.xen.org:/home/xen/git/osstest/qemu.git ++ : daily-cron.xen-unstable + TREE_LINUX=3Dosstest@xenbits.xen.org:/home/xen/git/linux-pvops.git + TREE_QEMU_MAINLINE=3Dosstest@xenbits.xen.org:/home/xen/git/osstest/qemu.git + TREE_QEMU_UPSTREAM=3Dosstest@xenbits.xen.org:/home/xen/git/qemu-upstream-unstable.git + TREE_XEN=3Dosstest@xenbits.xen.org:/home/xen/git/xen.git + TREE_LIBVIRT=3Dosstest@xenbits.xen.org:/home/xen/git/libvirt.git + TREE_RUMPUSERXEN=3Dosstest@xenbits.xen.org:/home/xen/git/rumpuser-xen.git + TREE_SEABIOS=3Dosstest@xenbits.xen.org:/home/xen/git/osstest/seabios.git + TREE_OVMF=3Dosstest@xenbits.xen.org:/home/xen/git/osstest/ovmf.git + info_linux_tree xen-unstable + case $1 in + return 1 + case "$branch" in + cd /home/osstest/repos/xen + git push osstest@xenbits.xen.org:/home/xen/git/xen.git 3a95c3f9c26a4b877598d45886eae95963c5d793:refs/heads/master To osstest@xenbits.xen.org:/home/xen/git/xen.git a23ce42..3a95c3f 3a95c3f9c26a4b877598d45886eae95963c5d793 -> master --===============7305456895610650924== Content-Type: text/plain; charset="us-ascii" MIME-Version: 1.0 Content-Transfer-Encoding: 7bit Content-Disposition: inline _______________________________________________ Xen-devel mailing list Xen-devel@lists.xen.org http://lists.xen.org/xen-devel --===============7305456895610650924==--