* [qemu-mainline test] 63304: tolerable trouble: broken/fail/pass - PUSHED
@ 2015-10-26 9:47 osstest service owner
0 siblings, 0 replies; only message in thread
From: osstest service owner @ 2015-10-26 9:47 UTC (permalink / raw)
To: xen-devel, osstest-admin
[-- Warning: decoded text below may be mangled, UTF-8 assumed --]
[-- Attachment #1: Type: text/plain, Size: 16201 bytes --]
flight 63304 qemu-mainline real [real]
http://logs.test-lab.xenproject.org/osstest/logs/63304/
Failures :-/ but no regressions.
Tests which are failing intermittently (not blocking):
test-amd64-amd64-libvirt 3 host-install(3) broken in 63275 pass in 63304
test-amd64-amd64-libvirt-qemuu-debianhvm-amd64-xsm 3 host-install(3) broken in 63275 pass in 63304
test-amd64-i386-xl-qemuu-debianhvm-amd64 3 host-install(3) broken in 63275 pass in 63304
test-amd64-amd64-xl-xsm 3 host-install(3) broken pass in 63275
test-amd64-amd64-xl-qemuu-debianhvm-amd64-xsm 3 host-install(3) broken pass in 63275
test-amd64-amd64-amd64-pvgrub 3 host-install(3) broken pass in 63275
test-armhf-armhf-xl-rtds 11 guest-start fail pass in 63275
Regressions which are regarded as allowable (not blocking):
test-armhf-armhf-xl-rtds 15 guest-start.2 fail in 63275 like 63117
Tests which did not succeed, but are not blocking:
test-armhf-armhf-xl-rtds 13 saverestore-support-check fail in 63275 never pass
test-armhf-armhf-xl-rtds 12 migrate-support-check fail in 63275 never pass
test-amd64-amd64-xl-pvh-amd 11 guest-start fail never pass
test-amd64-amd64-xl-pvh-intel 11 guest-start fail never pass
test-armhf-armhf-libvirt-qcow2 9 debian-di-install fail never pass
test-armhf-armhf-libvirt-raw 9 debian-di-install fail never pass
test-armhf-armhf-libvirt 14 guest-saverestore fail never pass
test-armhf-armhf-libvirt 12 migrate-support-check fail never pass
test-armhf-armhf-libvirt-xsm 12 migrate-support-check fail never pass
test-armhf-armhf-libvirt-xsm 14 guest-saverestore fail never pass
test-amd64-amd64-libvirt-xsm 12 migrate-support-check fail never pass
test-armhf-armhf-xl-multivcpu 13 saverestore-support-check fail never pass
test-armhf-armhf-xl-multivcpu 12 migrate-support-check fail never pass
test-amd64-i386-libvirt-xsm 12 migrate-support-check fail never pass
test-amd64-i386-libvirt 12 migrate-support-check fail never pass
test-armhf-armhf-xl-credit2 13 saverestore-support-check fail never pass
test-armhf-armhf-xl-credit2 12 migrate-support-check fail never pass
test-amd64-amd64-libvirt 12 migrate-support-check fail never pass
test-armhf-armhf-xl-xsm 13 saverestore-support-check fail never pass
test-armhf-armhf-xl-xsm 12 migrate-support-check fail never pass
test-armhf-armhf-xl-arndale 12 migrate-support-check fail never pass
test-armhf-armhf-xl-arndale 13 saverestore-support-check fail never pass
test-armhf-armhf-xl 12 migrate-support-check fail never pass
test-armhf-armhf-xl 13 saverestore-support-check fail never pass
test-amd64-i386-libvirt-qemuu-debianhvm-amd64-xsm 10 migrate-support-check fail never pass
test-armhf-armhf-xl-vhd 9 debian-di-install fail never pass
test-amd64-amd64-xl-qemuu-win7-amd64 17 guest-stop fail never pass
test-amd64-i386-xl-qemuu-win7-amd64 17 guest-stop fail never pass
test-amd64-amd64-libvirt-qemuu-debianhvm-amd64-xsm 10 migrate-support-check fail never pass
test-amd64-amd64-libvirt-vhd 9 debian-di-install fail never pass
test-armhf-armhf-xl-cubietruck 12 migrate-support-check fail never pass
test-armhf-armhf-xl-cubietruck 13 saverestore-support-check fail never pass
version targeted for testing:
qemuu bc79082e4cd12c1241fa03b0abceacf45f537740
baseline version:
qemuu 426c0df9e3e6e64c7ea489092c57088ca4d227d0
Last test of basis 63117 2015-10-21 13:12:41 Z 4 days
Failing since 63202 2015-10-22 01:09:34 Z 4 days 4 attempts
Testing same since 63275 2015-10-23 21:54:57 Z 2 days 2 attempts
------------------------------------------------------------
People who touched revisions under test:
Alexey Kardashevskiy <aik@ozlabs.ru>
Andreas Färber <afaerber@suse.de>
Andrew Jones <drjones@redhat.com>
Aurelien Jarno <aurelien@aurel32.net>
Benjamin Herrenschmidt <benh@kernel.crashing.org>
Bharata B Rao <bharata@linux.vnet.ibm.com>
Christian Borntraeger <borntraeger@de.ibm.com>
Cornelia Huck <cornelia.huck@de.ibm.com>
Daniel P. Berrange <berrange@redhat.com>
David Gibson <david@gibson.dropbear.id.au>
David Hildenbrand <dahi@linux.vnet.ibm.com>
Eduardo Habkost <ehabkost@redhat.com>
Eduardo Otubo <eduardo.otubo@profitbricks.com>
Igor Mammedov <imammedo@redhat.com>
James Hogan <james.hogan@imgtec.com>
Knut Omang <knut.omang@oracle.com>
Laszlo Ersek <lersek@redhat.com>
Laurent Vivier <laurent@vivier.eu>
Leon Alrae <leon.alrae@imgtec.com>
Marc-André Lureau <marcandre.lureau@redhat.com>
Max Filippov <jcmvbkbc@gmail.com>
Michael Roth <mdroth@linux.vnet.ibm.com>
Michael S. Tsirkin <mst@redhat.com>
Michael Walle <michael@walle.cc>
Paolo Bonzini <pbonzini@redhat.com>
Peter Crosthwaite <crosthwaite.peter@gmail.com>
Peter Crosthwaite <crosthwaitepeter@gmail.com>
Peter Maydell <peter.maydell@linaro.org>
Richard Henderson <rth@twiddle.net>
Thibaut Collet <thibaut.collet@6wind.com>
Thomas Huth <thuth@redhat.com>
Tony Krowiak <akrowiak@linux.vnet.ibm.com>
zhanghailiang <zhang.zhanghailiang@huawei.com>
Zhu Guihua <zhugh.fnst@cn.fujitsu.com>
jobs:
build-amd64-xsm pass
build-armhf-xsm pass
build-i386-xsm pass
build-amd64 pass
build-armhf pass
build-i386 pass
build-amd64-libvirt pass
build-armhf-libvirt pass
build-i386-libvirt pass
build-amd64-pvops pass
build-armhf-pvops pass
build-i386-pvops pass
test-amd64-amd64-xl pass
test-armhf-armhf-xl pass
test-amd64-i386-xl pass
test-amd64-amd64-libvirt-qemuu-debianhvm-amd64-xsm pass
test-amd64-i386-libvirt-qemuu-debianhvm-amd64-xsm pass
test-amd64-amd64-xl-qemuu-debianhvm-amd64-xsm broken
test-amd64-i386-xl-qemuu-debianhvm-amd64-xsm pass
test-amd64-amd64-libvirt-xsm pass
test-armhf-armhf-libvirt-xsm fail
test-amd64-i386-libvirt-xsm pass
test-amd64-amd64-xl-xsm broken
test-armhf-armhf-xl-xsm pass
test-amd64-i386-xl-xsm pass
test-amd64-amd64-xl-pvh-amd fail
test-amd64-i386-qemuu-rhel6hvm-amd pass
test-amd64-amd64-xl-qemuu-debianhvm-amd64 pass
test-amd64-i386-xl-qemuu-debianhvm-amd64 pass
test-amd64-i386-freebsd10-amd64 pass
test-amd64-amd64-xl-qemuu-ovmf-amd64 pass
test-amd64-i386-xl-qemuu-ovmf-amd64 pass
test-amd64-amd64-xl-qemuu-win7-amd64 fail
test-amd64-i386-xl-qemuu-win7-amd64 fail
test-armhf-armhf-xl-arndale pass
test-amd64-amd64-xl-credit2 pass
test-armhf-armhf-xl-credit2 pass
test-armhf-armhf-xl-cubietruck pass
test-amd64-i386-freebsd10-i386 pass
test-amd64-amd64-xl-pvh-intel fail
test-amd64-i386-qemuu-rhel6hvm-intel pass
test-amd64-amd64-libvirt pass
test-armhf-armhf-libvirt fail
test-amd64-i386-libvirt pass
test-amd64-amd64-xl-multivcpu pass
test-armhf-armhf-xl-multivcpu pass
test-amd64-amd64-pair pass
test-amd64-i386-pair pass
test-amd64-amd64-libvirt-pair pass
test-amd64-i386-libvirt-pair pass
test-amd64-amd64-amd64-pvgrub broken
test-amd64-amd64-i386-pvgrub pass
test-amd64-amd64-pygrub pass
test-armhf-armhf-libvirt-qcow2 fail
test-amd64-amd64-xl-qcow2 pass
test-armhf-armhf-libvirt-raw fail
test-amd64-i386-xl-raw pass
test-amd64-amd64-xl-rtds pass
test-armhf-armhf-xl-rtds fail
test-amd64-i386-xl-qemuu-winxpsp3-vcpus1 pass
test-amd64-amd64-libvirt-vhd fail
test-armhf-armhf-xl-vhd fail
test-amd64-amd64-xl-qemuu-winxpsp3 pass
test-amd64-i386-xl-qemuu-winxpsp3 pass
------------------------------------------------------------
sg-report-flight on osstest.test-lab.xenproject.org
logs: /home/logs/logs
images: /home/logs/images
Logs, config files, etc. are available at
http://logs.test-lab.xenproject.org/osstest/logs
Explanation of these reports, and of osstest in general, is at
http://xenbits.xen.org/gitweb/?p=osstest.git;a=blob;f=README.email;hb=master
http://xenbits.xen.org/gitweb/?p=osstest.git;a=blob;f=README;hb=master
Test harness code can be found at
http://xenbits.xen.org/gitweb?p=osstest.git;a=summary
broken-step test-amd64-amd64-xl-xsm host-install(3)
broken-step test-amd64-amd64-xl-qemuu-debianhvm-amd64-xsm host-install(3)
broken-step test-amd64-amd64-amd64-pvgrub host-install(3)
Pushing revision :
+ branch=qemu-mainline
+ revision=bc79082e4cd12c1241fa03b0abceacf45f537740
+ . ./cri-lock-repos
++ . ./cri-common
+++ . ./cri-getconfig
+++ umask 002
+++ getrepos
++++ getconfig Repos
++++ perl -e '
use Osstest;
readglobalconfig();
print $c{"Repos"} or die $!;
'
+++ local repos=/home/osstest/repos
+++ '[' -z /home/osstest/repos ']'
+++ '[' '!' -d /home/osstest/repos ']'
+++ echo /home/osstest/repos
++ repos=/home/osstest/repos
++ repos_lock=/home/osstest/repos/lock
++ '[' x '!=' x/home/osstest/repos/lock ']'
++ OSSTEST_REPOS_LOCK_LOCKED=/home/osstest/repos/lock
++ exec with-lock-ex -w /home/osstest/repos/lock ./ap-push qemu-mainline bc79082e4cd12c1241fa03b0abceacf45f537740
+ branch=qemu-mainline
+ revision=bc79082e4cd12c1241fa03b0abceacf45f537740
+ . ./cri-lock-repos
++ . ./cri-common
+++ . ./cri-getconfig
+++ umask 002
+++ getrepos
++++ getconfig Repos
++++ perl -e '
use Osstest;
readglobalconfig();
print $c{"Repos"} or die $!;
'
+++ local repos=/home/osstest/repos
+++ '[' -z /home/osstest/repos ']'
+++ '[' '!' -d /home/osstest/repos ']'
+++ echo /home/osstest/repos
++ repos=/home/osstest/repos
++ repos_lock=/home/osstest/repos/lock
++ '[' x/home/osstest/repos/lock '!=' x/home/osstest/repos/lock ']'
+ . ./cri-common
++ . ./cri-getconfig
++ umask 002
+ select_xenbranch
+ case "$branch" in
+ tree=qemuu
+ xenbranch=xen-unstable
+ qemuubranch=qemu-mainline
+ '[' xqemuu = xlinux ']'
+ linuxbranch=
+ '[' xqemu-mainline = x ']'
+ select_prevxenbranch
++ ./cri-getprevxenbranch xen-unstable
+ prevxenbranch=xen-4.6-testing
+ : tested/2.6.39.x
+ . ./ap-common
++ : osstest@xenbits.xen.org
+++ getconfig OsstestUpstream
+++ perl -e '
use Osstest;
readglobalconfig();
print $c{"OsstestUpstream"} or die $!;
'
++ :
++ : git://xenbits.xen.org/xen.git
++ : osstest@xenbits.xen.org:/home/xen/git/xen.git
++ : git://xenbits.xen.org/qemu-xen-traditional.git
++ : git://git.kernel.org
++ : git://git.kernel.org/pub/scm/linux/kernel/git
++ : git
++ : git://xenbits.xen.org/libvirt.git
++ : osstest@xenbits.xen.org:/home/xen/git/libvirt.git
++ : git://xenbits.xen.org/libvirt.git
++ : git://xenbits.xen.org/rumpuser-xen.git
++ : git
++ : git://xenbits.xen.org/rumpuser-xen.git
++ : osstest@xenbits.xen.org:/home/xen/git/rumpuser-xen.git
+++ besteffort_repo https://github.com/rumpkernel/rumpkernel-netbsd-src
+++ local repo=https://github.com/rumpkernel/rumpkernel-netbsd-src
+++ cached_repo https://github.com/rumpkernel/rumpkernel-netbsd-src '[fetch=try]'
+++ local repo=https://github.com/rumpkernel/rumpkernel-netbsd-src
+++ local 'options=[fetch=try]'
++++ getconfig GitCacheProxy
++++ perl -e '
use Osstest;
readglobalconfig();
print $c{"GitCacheProxy"} or die $!;
'
+++ local cache=git://cache:9419/
+++ '[' xgit://cache:9419/ '!=' x ']'
+++ echo 'git://cache:9419/https://github.com/rumpkernel/rumpkernel-netbsd-src%20[fetch=try]'
++ : 'git://cache:9419/https://github.com/rumpkernel/rumpkernel-netbsd-src%20[fetch=try]'
++ : git
++ : git://git.seabios.org/seabios.git
++ : osstest@xenbits.xen.org:/home/xen/git/osstest/seabios.git
++ : git://xenbits.xen.org/osstest/seabios.git
++ : https://github.com/tianocore/edk2.git
++ : osstest@xenbits.xen.org:/home/xen/git/osstest/ovmf.git
++ : git://xenbits.xen.org/osstest/ovmf.git
++ : git://xenbits.xen.org/osstest/linux-firmware.git
++ : osstest@xenbits.xen.org:/home/osstest/ext/linux-firmware.git
++ : git://git.kernel.org/pub/scm/linux/kernel/git/firmware/linux-firmware.git
++ : osstest@xenbits.xen.org:/home/xen/git/linux-pvops.git
++ : git://xenbits.xen.org/linux-pvops.git
++ : tested/linux-3.14
++ : tested/linux-arm-xen
++ '[' xgit://xenbits.xen.org/linux-pvops.git = x ']'
++ '[' x = x ']'
++ : git://xenbits.xen.org/linux-pvops.git
++ : tested/linux-arm-xen
++ : git://git.kernel.org/pub/scm/linux/kernel/git/konrad/xen.git
++ : tested/2.6.39.x
++ : daily-cron.qemu-mainline
++ : daily-cron.qemu-mainline
++ : daily-cron.qemu-mainline
++ : daily-cron.qemu-mainline
++ : daily-cron.qemu-mainline
++ : daily-cron.qemu-mainline
++ : http://hg.uk.xensource.com/carbon/trunk/linux-2.6.27
++ : git://xenbits.xen.org/qemu-xen.git
++ : osstest@xenbits.xen.org:/home/xen/git/qemu-xen.git
++ : daily-cron.qemu-mainline
++ : git://git.qemu.org/qemu.git
++ : git://git.qemu.org/qemu.git
+ TREE_LINUX=osstest@xenbits.xen.org:/home/xen/git/linux-pvops.git
+ TREE_QEMU_UPSTREAM=osstest@xenbits.xen.org:/home/xen/git/qemu-xen.git
+ TREE_XEN=osstest@xenbits.xen.org:/home/xen/git/xen.git
+ TREE_LIBVIRT=osstest@xenbits.xen.org:/home/xen/git/libvirt.git
+ TREE_RUMPUSERXEN=osstest@xenbits.xen.org:/home/xen/git/rumpuser-xen.git
+ TREE_SEABIOS=osstest@xenbits.xen.org:/home/xen/git/osstest/seabios.git
+ TREE_OVMF=osstest@xenbits.xen.org:/home/xen/git/osstest/ovmf.git
+ info_linux_tree qemu-mainline
+ case $1 in
+ return 1
+ case "$branch" in
+ cd /home/osstest/repos/qemu-mainline
+ git push osstest@xenbits.xen.org:/home/xen/git/qemu-xen.git bc79082e4cd12c1241fa03b0abceacf45f537740:refs/heads/upstream-tested
To osstest@xenbits.xen.org:/home/xen/git/qemu-xen.git
426c0df..bc79082 bc79082e4cd12c1241fa03b0abceacf45f537740 -> upstream-tested
[-- Attachment #2: Type: text/plain, Size: 126 bytes --]
_______________________________________________
Xen-devel mailing list
Xen-devel@lists.xen.org
http://lists.xen.org/xen-devel
^ permalink raw reply [flat|nested] only message in thread
only message in thread, other threads:[~2015-10-26 9:47 UTC | newest]
Thread overview: (only message) (download: mbox.gz follow: Atom feed
-- links below jump to the message on this page --
2015-10-26 9:47 [qemu-mainline test] 63304: tolerable trouble: broken/fail/pass - PUSHED osstest service owner
This is a public inbox, see mirroring instructions
for how to clone and mirror all data and code used for this inbox;
as well as URLs for NNTP newsgroup(s).