xen-devel.lists.xenproject.org archive mirror
 help / color / mirror / Atom feed
From: osstest service owner <osstest-admin@xenproject.org>
To: xen-devel@lists.xensource.com, osstest-admin@xenproject.org
Subject: [linux-3.4 test] 63310: regressions - trouble: broken/fail/pass
Date: Mon, 26 Oct 2015 20:13:58 +0000	[thread overview]
Message-ID: <osstest-63310-mainreport@xen.org> (raw)

[-- Warning: decoded text below may be mangled, UTF-8 assumed --]
[-- Attachment #1: Type: text/plain, Size: 14279 bytes --]

flight 63310 linux-3.4 real [real]
http://logs.test-lab.xenproject.org/osstest/logs/63310/

Regressions :-(

Tests which did not succeed and are blocking,
including tests which could not be run:
 test-amd64-i386-xl-qemuu-ovmf-amd64  6 xen-boot           fail REGR. vs. 62277
 test-amd64-i386-xl-qemuu-debianhvm-amd64-xsm  6 xen-boot  fail REGR. vs. 62277
 test-amd64-amd64-xl-xsm       6 xen-boot                  fail REGR. vs. 62277
 test-amd64-i386-xl            6 xen-boot                  fail REGR. vs. 62277
 test-amd64-i386-xl-qemuu-debianhvm-amd64  6 xen-boot      fail REGR. vs. 62277
 test-amd64-i386-rumpuserxen-i386  6 xen-boot              fail REGR. vs. 62277
 test-amd64-amd64-xl-qemuu-ovmf-amd64  6 xen-boot          fail REGR. vs. 62277
 test-amd64-i386-freebsd10-amd64  6 xen-boot               fail REGR. vs. 62277
 test-amd64-amd64-xl-qemut-debianhvm-amd64-xsm  6 xen-boot fail REGR. vs. 62277
 test-amd64-i386-qemut-rhel6hvm-intel  6 xen-boot          fail REGR. vs. 62277
 test-amd64-i386-qemuu-rhel6hvm-intel  6 xen-boot          fail REGR. vs. 62277
 test-amd64-i386-xl-qemuu-winxpsp3  6 xen-boot             fail REGR. vs. 62277
 test-amd64-i386-xl-qemut-debianhvm-amd64  6 xen-boot      fail REGR. vs. 62277
 test-amd64-amd64-xl-multivcpu  6 xen-boot                 fail REGR. vs. 62277
 test-amd64-amd64-xl-qemuu-debianhvm-amd64  6 xen-boot     fail REGR. vs. 62277
 test-amd64-amd64-xl-qemut-winxpsp3  6 xen-boot   fail in 63294 REGR. vs. 62277

Tests which are failing intermittently (not blocking):
 test-amd64-amd64-amd64-pvgrub  3 host-install(3) broken in 63294 pass in 63310
 test-amd64-amd64-xl-qemuu-winxpsp3 3 host-install(3) broken in 63294 pass in 63310
 test-amd64-i386-qemuu-rhel6hvm-amd  3 host-install(3)     broken pass in 63228
 test-amd64-i386-xl-qemut-stubdom-debianhvm-amd64-xsm 3 host-install(3) broken pass in 63228
 test-amd64-i386-xl-xsm        3 host-install(3)           broken pass in 63294
 test-amd64-amd64-xl-qcow2     3 host-install(3)           broken pass in 63294
 test-amd64-i386-libvirt-qemuu-debianhvm-amd64-xsm 3 host-install(3) broken pass in 63294
 test-amd64-amd64-xl-qemut-winxpsp3  3 host-install(3)     broken pass in 63294
 test-amd64-amd64-libvirt-qemuu-debianhvm-amd64-xsm 6 xen-boot fail pass in 63228
 test-amd64-amd64-xl-rtds      6 xen-boot                    fail pass in 63228
 test-amd64-amd64-i386-pvgrub  6 xen-boot                    fail pass in 63294
 test-amd64-amd64-xl-qemut-stubdom-debianhvm-amd64-xsm 15 guest-localmigrate.2 fail pass in 63294

Regressions which are regarded as allowable (not blocking):
 test-amd64-i386-libvirt-xsm   6 xen-boot                  fail REGR. vs. 62277
 test-amd64-amd64-libvirt-xsm  6 xen-boot                  fail REGR. vs. 62277
 test-amd64-i386-xl-qemut-stubdom-debianhvm-amd64-xsm 15 guest-localmigrate.2 fail in 63228 blocked in 62277
 test-amd64-amd64-rumpuserxen-amd64 15 rumpuserxen-demo-xenstorels/xenstorels.repeat fail in 63228 like 62277
 test-amd64-amd64-xl-qemut-win7-amd64 17 guest-stop             fail like 62277
 test-amd64-amd64-xl-qemuu-win7-amd64 17 guest-stop             fail like 62277
 test-amd64-i386-xl-qemut-win7-amd64 17 guest-stop              fail like 62277

Tests which did not succeed, but are not blocking:
 test-amd64-amd64-libvirt-qemuu-debianhvm-amd64-xsm 10 migrate-support-check fail in 63228 never pass
 test-amd64-i386-libvirt-qemuu-debianhvm-amd64-xsm 10 migrate-support-check fail in 63294 never pass
 test-amd64-amd64-xl-pvh-amd  11 guest-start                  fail   never pass
 test-amd64-amd64-xl-pvh-intel 11 guest-start                  fail  never pass
 test-amd64-amd64-libvirt     12 migrate-support-check        fail   never pass
 test-amd64-i386-libvirt      12 migrate-support-check        fail   never pass
 test-amd64-i386-xl-qemuu-win7-amd64 17 guest-stop              fail never pass
 test-amd64-amd64-libvirt-vhd 11 migrate-support-check        fail   never pass

version targeted for testing:
 linux                3edd6224c2a677bb59efe0b083a51fc2b3b5c64d
baseline version:
 linux                4a55c0cfdd8a8b0c39eba5e696c36c33d0879684

Last test of basis    62277  2015-09-22 10:38:22 Z   34 days
Testing same since    63203  2015-10-22 02:43:59 Z    4 days    4 attempts

------------------------------------------------------------
People who touched revisions under test:
  "Eric W. Biederman" <ebiederm@xmission.com>
  Al Viro <viro@zeniv.linux.org.uk>
  Alan Stern <stern@rowland.harvard.edu>
  Alex Deucher <alexander.deucher@amd.com>
  Alexander Sverdlin <alexander.sverdlin@nokia.com>
  Alexei Starovoitov <ast@plumgrid.com>
  Alexey Brodkin <abrodkin@synopsys.com>
  Alexey Brodkin <Alexey.Brodkin@synopsys.com>
  Andrew Morton <akpm@linux-foundation.org>
  Arnd Bergmann <arnd@arndb.de>
  Arun Chandran <achandran@mvista.com>
  Axel Lin <axel.lin@ingics.com>
  Ben Hutchings <ben@decadent.org.uk>
  Bjorn Helgaas <bhelgaas@google.com>
  Bob Moore <robert.moore@intel.com>
  Brian King <brking@linux.vnet.ibm.com>
  Brian Norris <computersforpeace@gmail.com>
  Catalin Marinas <catalin.marinas@arm.com>
  Charles Keepax <ckeepax@opensource.wolfsonmicro.com>
  Chris Metcalf <cmetcalf@ezchip.com>
  Chris Wilson <chris@chris-wilson.co.uk>
  Christian König <christian.koenig@amd.com>
  Chuck Lever <chuck.lever@oracle.com>
  Dan Carpenter <dan.carpenter@oracle.com>
  Darren Hart <dvhart@linux.intel.com>
  Darrick J. Wong <darrick.wong@oracle.com>
  David S. Miller <davem@davemloft.net>
  Ding Wang <justin.wang@spreadtrum.com>
  Dmitry Monakhov <dmonakhov@openvz.org>
  Dmitry Tunin <hanipouspilot@gmail.com>
  Dominik Brodowski <linux@dominikbrodowski.net>
  Doug Ledford <dledford@redhat.com>
  Eric Dumazet <edumazet@google.com>
  Eric W. Biederman <ebiederm@xmission.com>
  Eryu Guan <guaneryu@gmail.com>
  Felipe Balbi <balbi@ti.com>
  Felix Fietkau <nbd@openwrt.org>
  Giuseppe Cantavenera <giuseppe.cantavenera.ext@nokia.com>
  Greg Kroah-Hartman <gregkh@linuxfoundation.org>
  Haggai Eran <haggai.eran@gmail.com>
  Hannes Frederic Sowa <hannes@stressinduktion.org>
  Herbert Xu <herbert@gondor.apana.org.au>
  Horia Geant? <horia.geanta@freescale.com>
  Horia Geanta <horia.geanta@freescale.com>
  Huang Rui <ray.huang@amd.com>
  Ilya Dryomov <idryomov@gmail.com>
  James Bottomley <JBottomley@Odin.com>
  Jan Kara <jack@suse.com>
  Jani Nikula <jani.nikula@intel.com>
  Jeff Layton <jeff.layton@primarydata.com>
  Jeff Layton <jlayton@poochiereds.net>
  Jesper Dangaard Brouer <brouer@redhat.com>
  John Youn <John.Youn@synopsys.com>
  John Youn <johnyoun@synopsys.com>
  Joseph Qi <joseph.qi@huawei.com>
  Kalle Valo <kvalo@codeaurora.org>
  Larry Finger <Larry.Finger@lwfinger.net>
  Linus Torvalds <torvalds@linux-foundation.org>
  Lior Amsalem <alior@marvell.com>
  Lv Zheng <lv.zheng@intel.com>
  Marcel Holtmann <marcel@holtmann.org>
  Marcelo Ricardo Leitner <marcelo.leitner@gmail.com>
  Mark Brown <broonie@kernel.org>
  Maxime Ripard <maxime.ripard@free-electrons.com>
  Michal Hocko <mhocko@suse.cz>
  Mike Marciniszyn <mike.marciniszyn@intel.com>
  Miklos Szeredi <mszeredi@suse.cz>
  Nicolas Ferre <nicolas.ferre@atmel.com>
  Nikolay Aleksandrov <nikolay@cumulusnetworks.com>
  Nikolay Aleksandrov <razor@blackwall.org>
  Olga Kornievskaia <aglo@umich.edu>
  Olga Kornievskaia <kolga@netapp.com>
  Pali Rohár <pali.rohar@gmail.com>
  Paolo Bonzini <pbonzini@redhat.com>
  Paul E. McKenney <paulmck@linux.vnet.ibm.com>
  Peter Zijlstra (Intel) <peterz@infradead.org>
  Peter Zijlstra <peterz@infradead.org>
  Radim Krčmář <rkrcmar@redhat.com>
  Rafael J. Wysocki <rafael.j.wysocki@intel.com>
  Robert Schlabbach <Robert.Schlabbach@gmx.net>
  Robert Schlabbach <robert_s@gmx.net>
  Ryan C. Underwood <nemesis@icequake.net>
  Ryan Underwood <nemesis@icequake.net>
  Satish Ashok <sashok@cumulusnetworks.com>
  Stefan Wahren <stefan.wahren@i2se.com>
  Steven Rostedt (Red Hat) <rostedt@goodmis.org>
  Steven Rostedt <rostedt@goodmis.org>
  Subbaraya Sundeep Bhatta <sbhatta@xilinx.com>
  Subbaraya Sundeep Bhatta <subbaraya.sundeep.bhatta@xilinx.com>
  Theodore Ts'o <tytso@mit.edu>
  Thomas Gleixner <tglx@linutronix.de>
  Trond Myklebust <trond.myklebust@primarydata.com>
  Ulf Hansson <ulf.hansson@linaro.org>
  Uwe Kleine-König <u.kleine-koenig@pengutronix.de>
  Vignesh Radhakrishnan <vigneshr@codeaurora.org>
  Ville Syrjälä <ville.syrjala@linux.intel.com>
  Vinod Koul <vinod.koul@intel.com>
  Willem de Bruijn <willemb@google.com>
  Wim Van Sebroeck <wim@iguana.be>
  Yiwen Jiang <jiangyiwen@huawei.com>
  Zefan Li <lizefan@huawei.com>
  Zidan Wang <zidan.wang@freescale.com>

jobs:
 build-amd64-xsm                                              pass
 build-i386-xsm                                               pass
 build-amd64                                                  pass
 build-i386                                                   pass
 build-amd64-libvirt                                          pass
 build-i386-libvirt                                           pass
 build-amd64-pvops                                            pass
 build-i386-pvops                                             pass
 build-amd64-rumpuserxen                                      pass
 build-i386-rumpuserxen                                       pass
 test-amd64-amd64-xl                                          pass
 test-amd64-i386-xl                                           fail
 test-amd64-amd64-xl-qemut-debianhvm-amd64-xsm                fail
 test-amd64-i386-xl-qemut-debianhvm-amd64-xsm                 pass
 test-amd64-amd64-libvirt-qemuu-debianhvm-amd64-xsm           fail
 test-amd64-i386-libvirt-qemuu-debianhvm-amd64-xsm            broken
 test-amd64-amd64-xl-qemuu-debianhvm-amd64-xsm                pass
 test-amd64-i386-xl-qemuu-debianhvm-amd64-xsm                 fail
 test-amd64-amd64-xl-qemut-stubdom-debianhvm-amd64-xsm        fail
 test-amd64-i386-xl-qemut-stubdom-debianhvm-amd64-xsm         broken
 test-amd64-amd64-libvirt-xsm                                 fail
 test-amd64-i386-libvirt-xsm                                  fail
 test-amd64-amd64-xl-xsm                                      fail
 test-amd64-i386-xl-xsm                                       broken
 test-amd64-amd64-xl-pvh-amd                                  fail
 test-amd64-i386-qemut-rhel6hvm-amd                           pass
 test-amd64-i386-qemuu-rhel6hvm-amd                           broken
 test-amd64-amd64-xl-qemut-debianhvm-amd64                    pass
 test-amd64-i386-xl-qemut-debianhvm-amd64                     fail
 test-amd64-amd64-xl-qemuu-debianhvm-amd64                    fail
 test-amd64-i386-xl-qemuu-debianhvm-amd64                     fail
 test-amd64-i386-freebsd10-amd64                              fail
 test-amd64-amd64-xl-qemuu-ovmf-amd64                         fail
 test-amd64-i386-xl-qemuu-ovmf-amd64                          fail
 test-amd64-amd64-rumpuserxen-amd64                           pass
 test-amd64-amd64-xl-qemut-win7-amd64                         fail
 test-amd64-i386-xl-qemut-win7-amd64                          fail
 test-amd64-amd64-xl-qemuu-win7-amd64                         fail
 test-amd64-i386-xl-qemuu-win7-amd64                          fail
 test-amd64-amd64-xl-credit2                                  pass
 test-amd64-i386-freebsd10-i386                               pass
 test-amd64-i386-rumpuserxen-i386                             fail
 test-amd64-amd64-xl-pvh-intel                                fail
 test-amd64-i386-qemut-rhel6hvm-intel                         fail
 test-amd64-i386-qemuu-rhel6hvm-intel                         fail
 test-amd64-amd64-libvirt                                     pass
 test-amd64-i386-libvirt                                      pass
 test-amd64-amd64-xl-multivcpu                                fail
 test-amd64-amd64-pair                                        pass
 test-amd64-i386-pair                                         pass
 test-amd64-amd64-libvirt-pair                                pass
 test-amd64-i386-libvirt-pair                                 pass
 test-amd64-amd64-amd64-pvgrub                                pass
 test-amd64-amd64-i386-pvgrub                                 fail
 test-amd64-amd64-pygrub                                      pass
 test-amd64-amd64-xl-qcow2                                    broken
 test-amd64-i386-xl-raw                                       pass
 test-amd64-amd64-xl-rtds                                     fail
 test-amd64-i386-xl-qemut-winxpsp3-vcpus1                     pass
 test-amd64-i386-xl-qemuu-winxpsp3-vcpus1                     pass
 test-amd64-amd64-libvirt-vhd                                 pass
 test-amd64-amd64-xl-qemut-winxpsp3                           broken
 test-amd64-i386-xl-qemut-winxpsp3                            pass
 test-amd64-amd64-xl-qemuu-winxpsp3                           pass
 test-amd64-i386-xl-qemuu-winxpsp3                            fail


------------------------------------------------------------
sg-report-flight on osstest.test-lab.xenproject.org
logs: /home/logs/logs
images: /home/logs/images

Logs, config files, etc. are available at
    http://logs.test-lab.xenproject.org/osstest/logs

Explanation of these reports, and of osstest in general, is at
    http://xenbits.xen.org/gitweb/?p=osstest.git;a=blob;f=README.email;hb=master
    http://xenbits.xen.org/gitweb/?p=osstest.git;a=blob;f=README;hb=master

Test harness code can be found at
    http://xenbits.xen.org/gitweb?p=osstest.git;a=summary

broken-step test-amd64-i386-xl-xsm host-install(3)
broken-step test-amd64-i386-qemuu-rhel6hvm-amd host-install(3)
broken-step test-amd64-i386-xl-qemut-stubdom-debianhvm-amd64-xsm host-install(3)
broken-step test-amd64-amd64-xl-qcow2 host-install(3)
broken-step test-amd64-i386-libvirt-qemuu-debianhvm-amd64-xsm host-install(3)
broken-step test-amd64-amd64-xl-qemut-winxpsp3 host-install(3)

Not pushing.

(No revision log; it would be 1718 lines long.)


[-- Attachment #2: Type: text/plain, Size: 126 bytes --]

_______________________________________________
Xen-devel mailing list
Xen-devel@lists.xen.org
http://lists.xen.org/xen-devel

                 reply	other threads:[~2015-10-26 20:13 UTC|newest]

Thread overview: [no followups] expand[flat|nested]  mbox.gz  Atom feed

Reply instructions:

You may reply publicly to this message via plain-text email
using any one of the following methods:

* Save the following mbox file, import it into your mail client,
  and reply-to-all from there: mbox

  Avoid top-posting and favor interleaved quoting:
  https://en.wikipedia.org/wiki/Posting_style#Interleaved_style

* Reply using the --to, --cc, and --in-reply-to
  switches of git-send-email(1):

  git send-email \
    --in-reply-to=osstest-63310-mainreport@xen.org \
    --to=osstest-admin@xenproject.org \
    --cc=xen-devel@lists.xensource.com \
    /path/to/YOUR_REPLY

  https://kernel.org/pub/software/scm/git/docs/git-send-email.html

* If your mail client supports setting the In-Reply-To header
  via mailto: links, try the mailto: link
Be sure your reply has a Subject: header at the top and a blank line before the message body.
This is a public inbox, see mirroring instructions
for how to clone and mirror all data and code used for this inbox;
as well as URLs for NNTP newsgroup(s).