From mboxrd@z Thu Jan 1 00:00:00 1970 From: osstest service owner Subject: [linux-3.4 test] 63310: regressions - trouble: broken/fail/pass Date: Mon, 26 Oct 2015 20:13:58 +0000 Message-ID: Mime-Version: 1.0 Content-Type: multipart/mixed; boundary="===============8220306000732541723==" Return-path: List-Unsubscribe: , List-Post: List-Help: List-Subscribe: , Sender: xen-devel-bounces@lists.xen.org Errors-To: xen-devel-bounces@lists.xen.org To: xen-devel@lists.xensource.com, osstest-admin@xenproject.org List-Id: xen-devel@lists.xenproject.org --===============8220306000732541723== Content-Length: 14588 Content-Transfer-Encoding: quoted-printable flight 63310 linux-3.4 real [real] http://logs.test-lab.xenproject.org/osstest/logs/63310/ Regressions :-( Tests which did not succeed and are blocking, including tests which could not be run: test-amd64-i386-xl-qemuu-ovmf-amd64 6 xen-boot fail REGR. vs. 62277 test-amd64-i386-xl-qemuu-debianhvm-amd64-xsm 6 xen-boot fail REGR. vs. 62277 test-amd64-amd64-xl-xsm 6 xen-boot fail REGR. vs. 62277 test-amd64-i386-xl 6 xen-boot fail REGR. vs. 62277 test-amd64-i386-xl-qemuu-debianhvm-amd64 6 xen-boot fail REGR. vs. 62277 test-amd64-i386-rumpuserxen-i386 6 xen-boot fail REGR. vs. 62277 test-amd64-amd64-xl-qemuu-ovmf-amd64 6 xen-boot fail REGR. vs. 62277 test-amd64-i386-freebsd10-amd64 6 xen-boot fail REGR. vs. 62277 test-amd64-amd64-xl-qemut-debianhvm-amd64-xsm 6 xen-boot fail REGR. vs. 62277 test-amd64-i386-qemut-rhel6hvm-intel 6 xen-boot fail REGR. vs. 62277 test-amd64-i386-qemuu-rhel6hvm-intel 6 xen-boot fail REGR. vs. 62277 test-amd64-i386-xl-qemuu-winxpsp3 6 xen-boot fail REGR. vs. 62277 test-amd64-i386-xl-qemut-debianhvm-amd64 6 xen-boot fail REGR. vs. 62277 test-amd64-amd64-xl-multivcpu 6 xen-boot fail REGR. vs. 62277 test-amd64-amd64-xl-qemuu-debianhvm-amd64 6 xen-boot fail REGR. vs. 62277 test-amd64-amd64-xl-qemut-winxpsp3 6 xen-boot fail in 63294 REGR. vs. 62277 Tests which are failing intermittently (not blocking): test-amd64-amd64-amd64-pvgrub 3 host-install(3) broken in 63294 pass in 63310 test-amd64-amd64-xl-qemuu-winxpsp3 3 host-install(3) broken in 63294 pass in 63310 test-amd64-i386-qemuu-rhel6hvm-amd 3 host-install(3) broken pass in 63228 test-amd64-i386-xl-qemut-stubdom-debianhvm-amd64-xsm 3 host-install(3) broken pass in 63228 test-amd64-i386-xl-xsm 3 host-install(3) broken pass in 63294 test-amd64-amd64-xl-qcow2 3 host-install(3) broken pass in 63294 test-amd64-i386-libvirt-qemuu-debianhvm-amd64-xsm 3 host-install(3) broken pass in 63294 test-amd64-amd64-xl-qemut-winxpsp3 3 host-install(3) broken pass in 63294 test-amd64-amd64-libvirt-qemuu-debianhvm-amd64-xsm 6 xen-boot fail pass in 63228 test-amd64-amd64-xl-rtds 6 xen-boot fail pass in 63228 test-amd64-amd64-i386-pvgrub 6 xen-boot fail pass in 63294 test-amd64-amd64-xl-qemut-stubdom-debianhvm-amd64-xsm 15 guest-localmigrate.2 fail pass in 63294 Regressions which are regarded as allowable (not blocking): test-amd64-i386-libvirt-xsm 6 xen-boot fail REGR. vs. 62277 test-amd64-amd64-libvirt-xsm 6 xen-boot fail REGR. vs. 62277 test-amd64-i386-xl-qemut-stubdom-debianhvm-amd64-xsm 15 guest-localmigrate.2 fail in 63228 blocked in 62277 test-amd64-amd64-rumpuserxen-amd64 15 rumpuserxen-demo-xenstorels/xenstorels.repeat fail in 63228 like 62277 test-amd64-amd64-xl-qemut-win7-amd64 17 guest-stop fail like 62277 test-amd64-amd64-xl-qemuu-win7-amd64 17 guest-stop fail like 62277 test-amd64-i386-xl-qemut-win7-amd64 17 guest-stop fail like 62277 Tests which did not succeed, but are not blocking: test-amd64-amd64-libvirt-qemuu-debianhvm-amd64-xsm 10 migrate-support-check fail in 63228 never pass test-amd64-i386-libvirt-qemuu-debianhvm-amd64-xsm 10 migrate-support-check fail in 63294 never pass test-amd64-amd64-xl-pvh-amd 11 guest-start fail never pass test-amd64-amd64-xl-pvh-intel 11 guest-start fail never pass test-amd64-amd64-libvirt 12 migrate-support-check fail never pass test-amd64-i386-libvirt 12 migrate-support-check fail never pass test-amd64-i386-xl-qemuu-win7-amd64 17 guest-stop fail never pass test-amd64-amd64-libvirt-vhd 11 migrate-support-check fail never pass version targeted for testing: linux 3edd6224c2a677bb59efe0b083a51fc2b3b5c64d baseline version: linux 4a55c0cfdd8a8b0c39eba5e696c36c33d0879684 Last test of basis 62277 2015-09-22 10:38:22 Z 34 days Testing same since 63203 2015-10-22 02:43:59 Z 4 days 4 attempts ------------------------------------------------------------ People who touched revisions under test: "Eric W. Biederman" Al Viro Alan Stern Alex Deucher Alexander Sverdlin Alexei Starovoitov Alexey Brodkin Alexey Brodkin Andrew Morton Arnd Bergmann Arun Chandran Axel Lin Ben Hutchings Bjorn Helgaas Bob Moore Brian King Brian Norris Catalin Marinas Charles Keepax Chris Metcalf Chris Wilson Christian K=C3=B6nig Chuck Lever Dan Carpenter Darren Hart Darrick J. Wong David S. Miller Ding Wang Dmitry Monakhov Dmitry Tunin Dominik Brodowski Doug Ledford Eric Dumazet Eric W. Biederman Eryu Guan Felipe Balbi Felix Fietkau Giuseppe Cantavenera Greg Kroah-Hartman Haggai Eran Hannes Frederic Sowa Herbert Xu Horia Geant=3F Horia Geanta Huang Rui Ilya Dryomov James Bottomley Jan Kara Jani Nikula Jeff Layton Jeff Layton Jesper Dangaard Brouer John Youn John Youn Joseph Qi Kalle Valo Larry Finger Linus Torvalds Lior Amsalem Lv Zheng Marcel Holtmann Marcelo Ricardo Leitner Mark Brown Maxime Ripard Michal Hocko Mike Marciniszyn Miklos Szeredi Nicolas Ferre Nikolay Aleksandrov Nikolay Aleksandrov Olga Kornievskaia Olga Kornievskaia Pali Roh=C3=A1r Paolo Bonzini Paul E. McKenney Peter Zijlstra (Intel) Peter Zijlstra Radim Kr=C4=8Dm=C3=A1=C5=99 Rafael J. Wysocki Robert Schlabbach Robert Schlabbach Ryan C. Underwood Ryan Underwood Satish Ashok Stefan Wahren Steven Rostedt (Red Hat) Steven Rostedt Subbaraya Sundeep Bhatta Subbaraya Sundeep Bhatta Theodore Ts'o Thomas Gleixner Trond Myklebust Ulf Hansson Uwe Kleine-K=C3=B6nig Vignesh Radhakrishnan Ville Syrj=C3=A4l=C3=A4 Vinod Koul Willem de Bruijn Wim Van Sebroeck Yiwen Jiang Zefan Li Zidan Wang jobs: build-amd64-xsm pass build-i386-xsm pass build-amd64 pass build-i386 pass build-amd64-libvirt pass build-i386-libvirt pass build-amd64-pvops pass build-i386-pvops pass build-amd64-rumpuserxen pass build-i386-rumpuserxen pass test-amd64-amd64-xl pass test-amd64-i386-xl fail test-amd64-amd64-xl-qemut-debianhvm-amd64-xsm fail test-amd64-i386-xl-qemut-debianhvm-amd64-xsm pass test-amd64-amd64-libvirt-qemuu-debianhvm-amd64-xsm fail test-amd64-i386-libvirt-qemuu-debianhvm-amd64-xsm broken test-amd64-amd64-xl-qemuu-debianhvm-amd64-xsm pass test-amd64-i386-xl-qemuu-debianhvm-amd64-xsm fail test-amd64-amd64-xl-qemut-stubdom-debianhvm-amd64-xsm fail test-amd64-i386-xl-qemut-stubdom-debianhvm-amd64-xsm broken test-amd64-amd64-libvirt-xsm fail test-amd64-i386-libvirt-xsm fail test-amd64-amd64-xl-xsm fail test-amd64-i386-xl-xsm broken test-amd64-amd64-xl-pvh-amd fail test-amd64-i386-qemut-rhel6hvm-amd pass test-amd64-i386-qemuu-rhel6hvm-amd broken test-amd64-amd64-xl-qemut-debianhvm-amd64 pass test-amd64-i386-xl-qemut-debianhvm-amd64 fail test-amd64-amd64-xl-qemuu-debianhvm-amd64 fail test-amd64-i386-xl-qemuu-debianhvm-amd64 fail test-amd64-i386-freebsd10-amd64 fail test-amd64-amd64-xl-qemuu-ovmf-amd64 fail test-amd64-i386-xl-qemuu-ovmf-amd64 fail test-amd64-amd64-rumpuserxen-amd64 pass test-amd64-amd64-xl-qemut-win7-amd64 fail test-amd64-i386-xl-qemut-win7-amd64 fail test-amd64-amd64-xl-qemuu-win7-amd64 fail test-amd64-i386-xl-qemuu-win7-amd64 fail test-amd64-amd64-xl-credit2 pass test-amd64-i386-freebsd10-i386 pass test-amd64-i386-rumpuserxen-i386 fail test-amd64-amd64-xl-pvh-intel fail test-amd64-i386-qemut-rhel6hvm-intel fail test-amd64-i386-qemuu-rhel6hvm-intel fail test-amd64-amd64-libvirt pass test-amd64-i386-libvirt pass test-amd64-amd64-xl-multivcpu fail test-amd64-amd64-pair pass test-amd64-i386-pair pass test-amd64-amd64-libvirt-pair pass test-amd64-i386-libvirt-pair pass test-amd64-amd64-amd64-pvgrub pass test-amd64-amd64-i386-pvgrub fail test-amd64-amd64-pygrub pass test-amd64-amd64-xl-qcow2 broken test-amd64-i386-xl-raw pass test-amd64-amd64-xl-rtds fail test-amd64-i386-xl-qemut-winxpsp3-vcpus1 pass test-amd64-i386-xl-qemuu-winxpsp3-vcpus1 pass test-amd64-amd64-libvirt-vhd pass test-amd64-amd64-xl-qemut-winxpsp3 broken test-amd64-i386-xl-qemut-winxpsp3 pass test-amd64-amd64-xl-qemuu-winxpsp3 pass test-amd64-i386-xl-qemuu-winxpsp3 fail ------------------------------------------------------------ sg-report-flight on osstest.test-lab.xenproject.org logs: /home/logs/logs images: /home/logs/images Logs, config files, etc. are available at http://logs.test-lab.xenproject.org/osstest/logs Explanation of these reports, and of osstest in general, is at http://xenbits.xen.org/gitweb/=3Fp=3Dosstest.git;a=3Dblob;f=3DREADME.email;hb=3Dmaster http://xenbits.xen.org/gitweb/=3Fp=3Dosstest.git;a=3Dblob;f=3DREADME;hb=3Dmaster Test harness code can be found at http://xenbits.xen.org/gitweb=3Fp=3Dosstest.git;a=3Dsummary broken-step test-amd64-i386-xl-xsm host-install(3) broken-step test-amd64-i386-qemuu-rhel6hvm-amd host-install(3) broken-step test-amd64-i386-xl-qemut-stubdom-debianhvm-amd64-xsm host-install(3) broken-step test-amd64-amd64-xl-qcow2 host-install(3) broken-step test-amd64-i386-libvirt-qemuu-debianhvm-amd64-xsm host-install(3) broken-step test-amd64-amd64-xl-qemut-winxpsp3 host-install(3) Not pushing. (No revision log; it would be 1718 lines long.) --===============8220306000732541723== Content-Type: text/plain; charset="us-ascii" MIME-Version: 1.0 Content-Transfer-Encoding: 7bit Content-Disposition: inline _______________________________________________ Xen-devel mailing list Xen-devel@lists.xen.org http://lists.xen.org/xen-devel --===============8220306000732541723==--