* [linux-mingo-tip-master test] 63311: regressions - trouble: broken/fail/pass
@ 2015-10-26 18:42 osstest service owner
0 siblings, 0 replies; only message in thread
From: osstest service owner @ 2015-10-26 18:42 UTC (permalink / raw)
To: xen-devel, osstest-admin
flight 63311 linux-mingo-tip-master real [real]
http://logs.test-lab.xenproject.org/osstest/logs/63311/
Regressions :-(
Tests which did not succeed and are blocking,
including tests which could not be run:
test-amd64-amd64-rumpuserxen-amd64 3 host-install(3) broken REGR. vs. 60684
test-amd64-amd64-xl-qemuu-win7-amd64 3 host-install(3) broken REGR. vs. 60684
test-amd64-i386-xl-qemut-win7-amd64 3 host-install(3) broken REGR. vs. 60684
test-amd64-amd64-amd64-pvgrub 6 xen-boot fail REGR. vs. 60684
test-amd64-i386-xl-qemut-debianhvm-amd64 6 xen-boot fail REGR. vs. 60684
test-amd64-i386-xl-qemuu-ovmf-amd64 6 xen-boot fail REGR. vs. 60684
test-amd64-i386-xl-qemut-stubdom-debianhvm-amd64-xsm 6 xen-boot fail REGR. vs. 60684
test-amd64-amd64-pygrub 6 xen-boot fail REGR. vs. 60684
test-amd64-i386-xl-qemuu-winxpsp3-vcpus1 6 xen-boot fail REGR. vs. 60684
test-amd64-i386-qemuu-rhel6hvm-intel 6 xen-boot fail REGR. vs. 60684
test-amd64-amd64-xl-qemuu-winxpsp3 6 xen-boot fail REGR. vs. 60684
test-amd64-amd64-xl 6 xen-boot fail REGR. vs. 60684
test-amd64-i386-xl-qemut-winxpsp3-vcpus1 6 xen-boot fail REGR. vs. 60684
test-amd64-amd64-xl-qemuu-debianhvm-amd64 6 xen-boot fail REGR. vs. 60684
test-amd64-i386-xl-xsm 6 xen-boot fail REGR. vs. 60684
test-amd64-i386-xl-qemut-debianhvm-amd64-xsm 6 xen-boot fail REGR. vs. 60684
test-amd64-i386-xl-qemut-winxpsp3 6 xen-boot fail REGR. vs. 60684
test-amd64-amd64-xl-qemut-debianhvm-amd64-xsm 6 xen-boot fail REGR. vs. 60684
test-amd64-amd64-xl-qemuu-ovmf-amd64 6 xen-boot fail REGR. vs. 60684
test-amd64-i386-xl-qemuu-debianhvm-amd64 6 xen-boot fail REGR. vs. 60684
test-amd64-i386-xl-qemuu-win7-amd64 6 xen-boot fail REGR. vs. 60684
test-amd64-i386-rumpuserxen-i386 6 xen-boot fail REGR. vs. 60684
test-amd64-amd64-xl-qemut-debianhvm-amd64 6 xen-boot fail REGR. vs. 60684
test-amd64-amd64-xl-qemuu-debianhvm-amd64-xsm 6 xen-boot fail REGR. vs. 60684
test-amd64-i386-freebsd10-i386 6 xen-boot fail REGR. vs. 60684
test-amd64-amd64-xl-qcow2 6 xen-boot fail REGR. vs. 60684
test-amd64-amd64-xl-pvh-intel 6 xen-boot fail REGR. vs. 60684
test-amd64-i386-freebsd10-amd64 6 xen-boot fail REGR. vs. 60684
test-amd64-amd64-xl-qemut-winxpsp3 6 xen-boot fail REGR. vs. 60684
test-amd64-i386-xl-qemuu-debianhvm-amd64-xsm 6 xen-boot fail REGR. vs. 60684
test-amd64-amd64-i386-pvgrub 6 xen-boot fail REGR. vs. 60684
test-amd64-i386-xl 6 xen-boot fail REGR. vs. 60684
test-amd64-amd64-xl-qemut-stubdom-debianhvm-amd64-xsm 6 xen-boot fail REGR. vs. 60684
test-amd64-amd64-xl-pvh-amd 6 xen-boot fail REGR. vs. 60684
test-amd64-i386-xl-raw 6 xen-boot fail REGR. vs. 60684
test-amd64-amd64-xl-multivcpu 6 xen-boot fail REGR. vs. 60684
test-amd64-amd64-xl-qemut-win7-amd64 6 xen-boot fail REGR. vs. 60684
test-amd64-i386-qemut-rhel6hvm-intel 6 xen-boot fail REGR. vs. 60684
test-amd64-amd64-xl-credit2 6 xen-boot fail REGR. vs. 60684
test-amd64-i386-pair 10 xen-boot/dst_host fail REGR. vs. 60684
test-amd64-i386-pair 9 xen-boot/src_host fail REGR. vs. 60684
test-amd64-amd64-xl-xsm 6 xen-boot fail REGR. vs. 60684
test-amd64-amd64-pair 10 xen-boot/dst_host fail REGR. vs. 60684
test-amd64-amd64-pair 9 xen-boot/src_host fail REGR. vs. 60684
test-amd64-i386-xl-qemuu-winxpsp3 6 xen-boot fail REGR. vs. 60684
Regressions which are regarded as allowable (not blocking):
test-amd64-i386-libvirt-qemuu-debianhvm-amd64-xsm 6 xen-boot fail REGR. vs. 60684
test-amd64-amd64-libvirt-qemuu-debianhvm-amd64-xsm 6 xen-boot fail REGR. vs. 60684
test-amd64-amd64-libvirt 6 xen-boot fail REGR. vs. 60684
test-amd64-amd64-libvirt-vhd 6 xen-boot fail REGR. vs. 60684
test-amd64-amd64-libvirt-xsm 6 xen-boot fail REGR. vs. 60684
test-amd64-i386-libvirt-xsm 6 xen-boot fail REGR. vs. 60684
test-amd64-amd64-xl-rtds 6 xen-boot fail REGR. vs. 60684
test-amd64-i386-libvirt 6 xen-boot fail REGR. vs. 60684
test-amd64-i386-libvirt-pair 10 xen-boot/dst_host fail REGR. vs. 60684
test-amd64-i386-libvirt-pair 9 xen-boot/src_host fail REGR. vs. 60684
test-amd64-amd64-libvirt-pair 10 xen-boot/dst_host fail REGR. vs. 60684
test-amd64-amd64-libvirt-pair 9 xen-boot/src_host fail REGR. vs. 60684
version targeted for testing:
linux 7ff436e8bcc625e4c4333d2780a3c2ba7006376e
baseline version:
linux 69f75ebe3b1d1e636c4ce0a0ee248edacc69cbe0
Last test of basis 60684 2015-08-13 04:21:46 Z 74 days
Failing since 60712 2015-08-15 18:33:48 Z 72 days 43 attempts
Testing same since 63311 2015-10-25 22:42:57 Z 0 days 1 attempts
jobs:
build-amd64-xsm pass
build-i386-xsm pass
build-amd64 pass
build-i386 pass
build-amd64-libvirt pass
build-i386-libvirt pass
build-amd64-pvops pass
build-i386-pvops pass
build-amd64-rumpuserxen pass
build-i386-rumpuserxen pass
test-amd64-amd64-xl fail
test-amd64-i386-xl fail
test-amd64-amd64-xl-qemut-debianhvm-amd64-xsm fail
test-amd64-i386-xl-qemut-debianhvm-amd64-xsm fail
test-amd64-amd64-libvirt-qemuu-debianhvm-amd64-xsm fail
test-amd64-i386-libvirt-qemuu-debianhvm-amd64-xsm fail
test-amd64-amd64-xl-qemuu-debianhvm-amd64-xsm fail
test-amd64-i386-xl-qemuu-debianhvm-amd64-xsm fail
test-amd64-amd64-xl-qemut-stubdom-debianhvm-amd64-xsm fail
test-amd64-i386-xl-qemut-stubdom-debianhvm-amd64-xsm fail
test-amd64-amd64-libvirt-xsm fail
test-amd64-i386-libvirt-xsm fail
test-amd64-amd64-xl-xsm fail
test-amd64-i386-xl-xsm fail
test-amd64-amd64-xl-pvh-amd fail
test-amd64-i386-qemut-rhel6hvm-amd pass
test-amd64-i386-qemuu-rhel6hvm-amd pass
test-amd64-amd64-xl-qemut-debianhvm-amd64 fail
test-amd64-i386-xl-qemut-debianhvm-amd64 fail
test-amd64-amd64-xl-qemuu-debianhvm-amd64 fail
test-amd64-i386-xl-qemuu-debianhvm-amd64 fail
test-amd64-i386-freebsd10-amd64 fail
test-amd64-amd64-xl-qemuu-ovmf-amd64 fail
test-amd64-i386-xl-qemuu-ovmf-amd64 fail
test-amd64-amd64-rumpuserxen-amd64 broken
test-amd64-amd64-xl-qemut-win7-amd64 fail
test-amd64-i386-xl-qemut-win7-amd64 broken
test-amd64-amd64-xl-qemuu-win7-amd64 broken
test-amd64-i386-xl-qemuu-win7-amd64 fail
test-amd64-amd64-xl-credit2 fail
test-amd64-i386-freebsd10-i386 fail
test-amd64-i386-rumpuserxen-i386 fail
test-amd64-amd64-xl-pvh-intel fail
test-amd64-i386-qemut-rhel6hvm-intel fail
test-amd64-i386-qemuu-rhel6hvm-intel fail
test-amd64-amd64-libvirt fail
test-amd64-i386-libvirt fail
test-amd64-amd64-xl-multivcpu fail
test-amd64-amd64-pair fail
test-amd64-i386-pair fail
test-amd64-amd64-libvirt-pair fail
test-amd64-i386-libvirt-pair fail
test-amd64-amd64-amd64-pvgrub fail
test-amd64-amd64-i386-pvgrub fail
test-amd64-amd64-pygrub fail
test-amd64-amd64-xl-qcow2 fail
test-amd64-i386-xl-raw fail
test-amd64-amd64-xl-rtds fail
test-amd64-i386-xl-qemut-winxpsp3-vcpus1 fail
test-amd64-i386-xl-qemuu-winxpsp3-vcpus1 fail
test-amd64-amd64-libvirt-vhd fail
test-amd64-amd64-xl-qemut-winxpsp3 fail
test-amd64-i386-xl-qemut-winxpsp3 fail
test-amd64-amd64-xl-qemuu-winxpsp3 fail
test-amd64-i386-xl-qemuu-winxpsp3 fail
------------------------------------------------------------
sg-report-flight on osstest.test-lab.xenproject.org
logs: /home/logs/logs
images: /home/logs/images
Logs, config files, etc. are available at
http://logs.test-lab.xenproject.org/osstest/logs
Explanation of these reports, and of osstest in general, is at
http://xenbits.xen.org/gitweb/?p=osstest.git;a=blob;f=README.email;hb=master
http://xenbits.xen.org/gitweb/?p=osstest.git;a=blob;f=README;hb=master
Test harness code can be found at
http://xenbits.xen.org/gitweb?p=osstest.git;a=summary
Not pushing.
^ permalink raw reply [flat|nested] only message in thread
only message in thread, other threads:[~2015-10-26 18:42 UTC | newest]
Thread overview: (only message) (download: mbox.gz follow: Atom feed
-- links below jump to the message on this page --
2015-10-26 18:42 [linux-mingo-tip-master test] 63311: regressions - trouble: broken/fail/pass osstest service owner
This is a public inbox, see mirroring instructions
for how to clone and mirror all data and code used for this inbox;
as well as URLs for NNTP newsgroup(s).