* [linux-next test] 63316: regressions - trouble: blocked/broken/fail/pass
@ 2015-10-27 8:41 osstest service owner
0 siblings, 0 replies; only message in thread
From: osstest service owner @ 2015-10-27 8:41 UTC (permalink / raw)
To: xen-devel, osstest-admin
flight 63316 linux-next real [real]
http://logs.test-lab.xenproject.org/osstest/logs/63316/
Regressions :-(
Tests which did not succeed and are blocking,
including tests which could not be run:
test-amd64-i386-xl-qemut-stubdom-debianhvm-amd64-xsm 3 host-install(3) broken REGR. vs. 63240
test-amd64-amd64-xl-qemut-stubdom-debianhvm-amd64-xsm 6 xen-boot fail REGR. vs. 63208
test-amd64-i386-freebsd10-amd64 6 xen-boot fail REGR. vs. 63208
test-amd64-amd64-xl-multivcpu 6 xen-boot fail REGR. vs. 63240
test-amd64-amd64-pygrub 6 xen-boot fail REGR. vs. 63240
test-amd64-i386-rumpuserxen-i386 6 xen-boot fail REGR. vs. 63240
test-amd64-i386-xl-qemuu-ovmf-amd64 6 xen-boot fail REGR. vs. 63240
test-amd64-i386-freebsd10-i386 6 xen-boot fail REGR. vs. 63240
test-amd64-i386-qemut-rhel6hvm-intel 6 xen-boot fail REGR. vs. 63240
test-amd64-i386-xl-qemuu-winxpsp3-vcpus1 6 xen-boot fail REGR. vs. 63240
test-amd64-i386-xl-raw 6 xen-boot fail REGR. vs. 63240
test-amd64-amd64-xl-qemuu-debianhvm-amd64-xsm 6 xen-boot fail REGR. vs. 63240
test-amd64-i386-xl-qemuu-winxpsp3 6 xen-boot fail REGR. vs. 63240
test-amd64-amd64-xl-qcow2 6 xen-boot fail REGR. vs. 63240
test-amd64-i386-xl-qemut-debianhvm-amd64 6 xen-boot fail REGR. vs. 63240
test-amd64-i386-xl-xsm 6 xen-boot fail REGR. vs. 63240
test-amd64-amd64-xl-qemut-winxpsp3 6 xen-boot fail REGR. vs. 63240
test-amd64-amd64-xl-pvh-amd 6 xen-boot fail REGR. vs. 63240
test-amd64-amd64-xl-xsm 6 xen-boot fail REGR. vs. 63240
test-amd64-amd64-xl-credit2 6 xen-boot fail REGR. vs. 63240
test-amd64-amd64-xl 6 xen-boot fail REGR. vs. 63240
test-amd64-amd64-xl-qemuu-winxpsp3 6 xen-boot fail REGR. vs. 63240
test-amd64-i386-xl-qemuu-win7-amd64 6 xen-boot fail REGR. vs. 63240
test-amd64-i386-xl-qemut-winxpsp3-vcpus1 6 xen-boot fail REGR. vs. 63240
test-amd64-i386-xl-qemut-win7-amd64 6 xen-boot fail REGR. vs. 63240
test-amd64-i386-qemuu-rhel6hvm-intel 6 xen-boot fail REGR. vs. 63240
test-amd64-i386-xl-qemut-debianhvm-amd64-xsm 6 xen-boot fail REGR. vs. 63240
test-amd64-amd64-xl-qemuu-debianhvm-amd64 6 xen-boot fail REGR. vs. 63240
test-amd64-amd64-xl-qemut-debianhvm-amd64 6 xen-boot fail REGR. vs. 63240
test-amd64-amd64-xl-qemuu-win7-amd64 6 xen-boot fail REGR. vs. 63240
test-amd64-i386-xl 6 xen-boot fail REGR. vs. 63240
test-amd64-amd64-xl-qemut-win7-amd64 6 xen-boot fail REGR. vs. 63240
test-amd64-amd64-xl-qemut-debianhvm-amd64-xsm 6 xen-boot fail REGR. vs. 63240
test-amd64-amd64-xl-qemuu-ovmf-amd64 6 xen-boot fail REGR. vs. 63240
test-amd64-i386-xl-qemuu-debianhvm-amd64-xsm 6 xen-boot fail REGR. vs. 63240
test-amd64-amd64-rumpuserxen-amd64 6 xen-boot fail REGR. vs. 63240
test-amd64-amd64-xl-pvh-intel 6 xen-boot fail REGR. vs. 63240
test-amd64-amd64-i386-pvgrub 6 xen-boot fail REGR. vs. 63240
test-amd64-amd64-amd64-pvgrub 6 xen-boot fail REGR. vs. 63240
test-amd64-i386-xl-qemuu-debianhvm-amd64 6 xen-boot fail REGR. vs. 63240
test-amd64-i386-pair 10 xen-boot/dst_host fail REGR. vs. 63240
test-amd64-i386-pair 9 xen-boot/src_host fail REGR. vs. 63240
test-amd64-amd64-pair 10 xen-boot/dst_host fail REGR. vs. 63240
test-amd64-amd64-pair 9 xen-boot/src_host fail REGR. vs. 63240
build-armhf-pvops 4 host-build-prep fail REGR. vs. 63240
test-amd64-i386-xl-qemut-winxpsp3 6 xen-boot fail REGR. vs. 63240
Regressions which are regarded as allowable (not blocking):
test-amd64-i386-qemuu-rhel6hvm-amd 3 host-install(3) broken like 63240
test-amd64-i386-libvirt-xsm 6 xen-boot fail REGR. vs. 63208
test-amd64-amd64-libvirt-pair 10 xen-boot/dst_host fail REGR. vs. 63208
test-amd64-amd64-libvirt-pair 9 xen-boot/src_host fail REGR. vs. 63208
test-amd64-i386-libvirt-pair 10 xen-boot/dst_host fail REGR. vs. 63208
test-amd64-i386-libvirt-pair 9 xen-boot/src_host fail REGR. vs. 63208
test-amd64-i386-libvirt 6 xen-boot fail REGR. vs. 63240
test-amd64-amd64-libvirt-vhd 6 xen-boot fail REGR. vs. 63240
test-amd64-amd64-libvirt 6 xen-boot fail REGR. vs. 63240
test-amd64-amd64-libvirt-qemuu-debianhvm-amd64-xsm 6 xen-boot fail REGR. vs. 63240
test-amd64-i386-libvirt-qemuu-debianhvm-amd64-xsm 6 xen-boot fail REGR. vs. 63240
test-amd64-amd64-xl-rtds 6 xen-boot fail REGR. vs. 63240
test-amd64-amd64-libvirt-xsm 6 xen-boot fail REGR. vs. 63240
Tests which did not succeed, but are not blocking:
test-armhf-armhf-xl-vhd 1 build-check(1) blocked n/a
test-armhf-armhf-libvirt-qcow2 1 build-check(1) blocked n/a
test-armhf-armhf-libvirt 1 build-check(1) blocked n/a
test-armhf-armhf-libvirt-raw 1 build-check(1) blocked n/a
test-armhf-armhf-libvirt-xsm 1 build-check(1) blocked n/a
test-armhf-armhf-xl-credit2 1 build-check(1) blocked n/a
test-armhf-armhf-xl-xsm 1 build-check(1) blocked n/a
test-armhf-armhf-xl-rtds 1 build-check(1) blocked n/a
test-armhf-armhf-xl-multivcpu 1 build-check(1) blocked n/a
test-armhf-armhf-xl 1 build-check(1) blocked n/a
test-armhf-armhf-xl-cubietruck 1 build-check(1) blocked n/a
test-armhf-armhf-xl-arndale 1 build-check(1) blocked n/a
version targeted for testing:
linux 6dcf94ff0c9e28e5790799e53641dd256745f425
baseline version:
linux 8a70dd2669200ce83255ed8c5ebef7e59f9e8707
Last test of basis (not found)
Failing since 0 1970-01-01 00:00:00 Z 16735 days
Testing same since 63244 2015-10-23 09:20:39 Z 3 days 2 attempts
jobs:
build-amd64-xsm pass
build-armhf-xsm pass
build-i386-xsm pass
build-amd64 pass
build-armhf pass
build-i386 pass
build-amd64-libvirt pass
build-armhf-libvirt pass
build-i386-libvirt pass
build-amd64-pvops pass
build-armhf-pvops broken
build-i386-pvops pass
build-amd64-rumpuserxen pass
build-i386-rumpuserxen pass
test-amd64-amd64-xl fail
test-armhf-armhf-xl blocked
test-amd64-i386-xl fail
test-amd64-amd64-xl-qemut-debianhvm-amd64-xsm fail
test-amd64-i386-xl-qemut-debianhvm-amd64-xsm fail
test-amd64-amd64-libvirt-qemuu-debianhvm-amd64-xsm fail
test-amd64-i386-libvirt-qemuu-debianhvm-amd64-xsm fail
test-amd64-amd64-xl-qemuu-debianhvm-amd64-xsm fail
test-amd64-i386-xl-qemuu-debianhvm-amd64-xsm fail
test-amd64-amd64-xl-qemut-stubdom-debianhvm-amd64-xsm fail
test-amd64-i386-xl-qemut-stubdom-debianhvm-amd64-xsm broken
test-amd64-amd64-libvirt-xsm fail
test-armhf-armhf-libvirt-xsm blocked
test-amd64-i386-libvirt-xsm fail
test-amd64-amd64-xl-xsm fail
test-armhf-armhf-xl-xsm blocked
test-amd64-i386-xl-xsm fail
test-amd64-amd64-xl-pvh-amd fail
test-amd64-i386-qemut-rhel6hvm-amd pass
test-amd64-i386-qemuu-rhel6hvm-amd broken
test-amd64-amd64-xl-qemut-debianhvm-amd64 fail
test-amd64-i386-xl-qemut-debianhvm-amd64 fail
test-amd64-amd64-xl-qemuu-debianhvm-amd64 fail
test-amd64-i386-xl-qemuu-debianhvm-amd64 fail
test-amd64-i386-freebsd10-amd64 fail
test-amd64-amd64-xl-qemuu-ovmf-amd64 fail
test-amd64-i386-xl-qemuu-ovmf-amd64 fail
test-amd64-amd64-rumpuserxen-amd64 fail
test-amd64-amd64-xl-qemut-win7-amd64 fail
test-amd64-i386-xl-qemut-win7-amd64 fail
test-amd64-amd64-xl-qemuu-win7-amd64 fail
test-amd64-i386-xl-qemuu-win7-amd64 fail
test-armhf-armhf-xl-arndale blocked
test-amd64-amd64-xl-credit2 fail
test-armhf-armhf-xl-credit2 blocked
test-armhf-armhf-xl-cubietruck blocked
test-amd64-i386-freebsd10-i386 fail
test-amd64-i386-rumpuserxen-i386 fail
test-amd64-amd64-xl-pvh-intel fail
test-amd64-i386-qemut-rhel6hvm-intel fail
test-amd64-i386-qemuu-rhel6hvm-intel fail
test-amd64-amd64-libvirt fail
test-armhf-armhf-libvirt blocked
test-amd64-i386-libvirt fail
test-amd64-amd64-xl-multivcpu fail
test-armhf-armhf-xl-multivcpu blocked
test-amd64-amd64-pair fail
test-amd64-i386-pair fail
test-amd64-amd64-libvirt-pair fail
test-amd64-i386-libvirt-pair fail
test-amd64-amd64-amd64-pvgrub fail
test-amd64-amd64-i386-pvgrub fail
test-amd64-amd64-pygrub fail
test-armhf-armhf-libvirt-qcow2 blocked
test-amd64-amd64-xl-qcow2 fail
test-armhf-armhf-libvirt-raw blocked
test-amd64-i386-xl-raw fail
test-amd64-amd64-xl-rtds fail
test-armhf-armhf-xl-rtds blocked
test-amd64-i386-xl-qemut-winxpsp3-vcpus1 fail
test-amd64-i386-xl-qemuu-winxpsp3-vcpus1 fail
test-amd64-amd64-libvirt-vhd fail
test-armhf-armhf-xl-vhd blocked
test-amd64-amd64-xl-qemut-winxpsp3 fail
test-amd64-i386-xl-qemut-winxpsp3 fail
test-amd64-amd64-xl-qemuu-winxpsp3 fail
test-amd64-i386-xl-qemuu-winxpsp3 fail
------------------------------------------------------------
sg-report-flight on osstest.test-lab.xenproject.org
logs: /home/logs/logs
images: /home/logs/images
Logs, config files, etc. are available at
http://logs.test-lab.xenproject.org/osstest/logs
Explanation of these reports, and of osstest in general, is at
http://xenbits.xen.org/gitweb/?p=osstest.git;a=blob;f=README.email;hb=master
http://xenbits.xen.org/gitweb/?p=osstest.git;a=blob;f=README;hb=master
Test harness code can be found at
http://xenbits.xen.org/gitweb?p=osstest.git;a=summary
Push not applicable.
^ permalink raw reply [flat|nested] only message in thread
only message in thread, other threads:[~2015-10-27 8:41 UTC | newest]
Thread overview: (only message) (download: mbox.gz follow: Atom feed
-- links below jump to the message on this page --
2015-10-27 8:41 [linux-next test] 63316: regressions - trouble: blocked/broken/fail/pass osstest service owner
This is a public inbox, see mirroring instructions
for how to clone and mirror all data and code used for this inbox;
as well as URLs for NNTP newsgroup(s).