xen-devel.lists.xenproject.org archive mirror
 help / color / mirror / Atom feed
* [linux-3.10 test] 63318: regressions - trouble: broken/fail/pass
@ 2015-10-27 12:20 osstest service owner
  0 siblings, 0 replies; only message in thread
From: osstest service owner @ 2015-10-27 12:20 UTC (permalink / raw)
  To: xen-devel, osstest-admin

[-- Warning: decoded text below may be mangled, UTF-8 assumed --]
[-- Attachment #1: Type: text/plain, Size: 12058 bytes --]

flight 63318 linux-3.10 real [real]
http://logs.test-lab.xenproject.org/osstest/logs/63318/

Regressions :-(

Tests which did not succeed and are blocking,
including tests which could not be run:
 build-armhf-pvops             5 kernel-build              fail REGR. vs. 62642

Tests which are failing intermittently (not blocking):
 test-amd64-amd64-pygrub       3 host-install(3)  broken in 63306 pass in 63318
 test-amd64-amd64-libvirt-vhd  3 host-install(3)  broken in 63306 pass in 63318
 test-amd64-i386-qemut-rhel6hvm-amd 3 host-install(3) broken in 63306 pass in 63318
 test-amd64-i386-xl-qemut-debianhvm-amd64 3 host-install(3) broken in 63306 pass in 63318
 test-amd64-amd64-xl-qcow2     3 host-install(3)  broken in 63306 pass in 63318
 test-amd64-i386-xl-qemut-stubdom-debianhvm-amd64-xsm 3 host-install(3) broken pass in 63224
 test-amd64-i386-qemuu-rhel6hvm-amd  3 host-install(3)     broken pass in 63306
 test-amd64-amd64-libvirt-pair  4 host-install/dst_host(4) broken pass in 63306
 test-amd64-i386-rumpuserxen-i386 15 rumpuserxen-demo-xenstorels/xenstorels.repeat fail in 63306 pass in 63318

Regressions which are regarded as allowable (not blocking):
 test-amd64-i386-xl-qemut-stubdom-debianhvm-amd64-xsm 15 guest-localmigrate.2 fail in 63224 like 62642
 test-amd64-amd64-xl-qemuu-win7-amd64 17 guest-stop             fail like 62642
 test-amd64-i386-xl-qemuu-win7-amd64 17 guest-stop              fail like 62642

Tests which did not succeed, but are not blocking:
 test-amd64-amd64-xl-pvh-amd  11 guest-start                  fail   never pass
 test-amd64-amd64-xl-pvh-intel 11 guest-start                  fail  never pass
 test-amd64-amd64-libvirt     12 migrate-support-check        fail   never pass
 test-amd64-i386-libvirt-xsm  12 migrate-support-check        fail   never pass
 test-amd64-amd64-libvirt-xsm 12 migrate-support-check        fail   never pass
 test-amd64-amd64-libvirt-qemuu-debianhvm-amd64-xsm 10 migrate-support-check fail never pass
 test-amd64-amd64-libvirt-vhd 11 migrate-support-check        fail   never pass
 test-amd64-i386-libvirt-qemuu-debianhvm-amd64-xsm 10 migrate-support-check fail never pass
 test-amd64-i386-xl-qemut-win7-amd64 17 guest-stop              fail never pass
 test-amd64-amd64-xl-qemut-win7-amd64 17 guest-stop             fail never pass
 test-amd64-i386-libvirt      12 migrate-support-check        fail   never pass

version targeted for testing:
 linux                61ce1520149bb1cfdc9a2946a1b6a33119742881
baseline version:
 linux                f5552cd830e58c46dffae3617b3ce0c839771981

Last test of basis    62642  2015-10-03 17:59:45 Z   23 days
Testing same since    63224  2015-10-22 22:20:05 Z    4 days    4 attempts

------------------------------------------------------------
People who touched revisions under test:
  "Eric W. Biederman" <ebiederm@xmission.com>
  Adam Radford <aradford@gmail.com>
  Al Viro <viro@zeniv.linux.org.uk>
  Alexey Klimov <alexey.klimov@linaro.org>
  Andi Kleen <ak@linux.intel.com>
  Andreas Schwab <schwab@linux-m68k.org>
  Andrew Morton <akpm@linux-foundation.org>
  Ard Biesheuvel <ard.biesheuvel@linaro.org>
  Arnaldo Carvalho de Melo <acme@redhat.com>
  Ben Hutchings <ben@decadent.org.uk>
  Christoph Biedl <linux-kernel.bfrz@manchmal.in-ulm.de>
  Christoph Hellwig <hch@lst.de>
  covici@ccs.covici.com <covici@ccs.covici.com>
  Daniel Vetter <daniel.vetter@ffwll.ch>
  Daniel Vetter <daniel.vetter@intel.com>
  David S. Miller <davem@davemloft.net>
  David Vrabel <david.vrabel@citrix.com>
  David Woodhouse <David.Woodhouse@intel.com>
  David Woodhouse <dwmw2@infradead.org>
  Ding Tianhong <dingtianhong@huawei.com>
  dingtianhong <dingtianhong@huawei.com>
  Dirk Mueller <dmueller@suse.com>
  Dirk Müller <dmueller@suse.com>
  Doug Ledford <dledford@redhat.com>
  Eric W. Biederman <ebiederm@xmission.com>
  Geert Uytterhoeven <geert@linux-m68k.org>
  Greg Kroah-Hartman <gregkh@linuxfoundation.org>
  Guenter Roeck <linux@roeck-us.net>
  H. Peter Anvin <hpa@linux.intel.com>
  Ian Abbott <abbotti@mev.co.uk>
  Ingo Molnar <mingo@kernel.org>
  James Bottomley <JBottomley@Odin.com>
  James Hogan <james.hogan@imgtec.com>
  Jan Kara <jack@suse.cz>
  Jann Horn <jann@thejh.net>
  Jarkko Nikula <jarkko.nikula@linux.intel.com>
  Jeff Mahoney <jeffm@suse.com>
  Jiri Slaby <jslaby@suse.cz>
  Joe Stringer <joestringer@nicira.com>
  Joe Thornber <ejt@redhat.com>
  Johan Hovold <johan@kernel.org>
  John Covici <covici@ccs.covici.com>
  Julian Anastasov <ja@ssi.bg>
  Kees Cook <keescook@chromium.org>
  Linus Torvalds <torvalds@linux-foundation.org>
  Liu.Zhao <lzsos369@163.com>
  Mark Brown <broonie@kernel.org>
  Mark Salyzyn <salyzyn@android.com>
  Mathias Nyman <mathias.nyman@linux.intel.com>
  Mel Gorman <mgorman@techsingularity.net>
  Michael Ellerman <mpe@ellerman.id.au>
  Michal Hocko <mhocko@suse.com>
  Mike Marciniszyn <mike.marciniszyn@intel.com>
  Mike Snitzer <snitzer@redhat.com>
  Mikulas Patocka <mpatocka@redhat.com>
  Namhyung Kim <namhyung@kernel.org>
  NeilBrown <neilb@suse.com>
  Nicolas Pitre <nico@linaro.org>
  Nikolay Aleksandrov <nikolay@cumulusnetworks.com>
  Pablo Neira Ayuso <pablo@netfilter.org>
  Paolo Bonzini <pbonzini@redhat.com>
  Paul Bolle <pebolle@tiscali.nl>
  Paul Mackerras <paulus@ozlabs.org>
  Paul Mackerras <paulus@samba.org>
  Ralf Baechle <ralf@linux-mips.org>
  Reyad Attiyat <reyad.attiyat@gmail.com>
  Richard Weinberger <richard@nod.at>
  Riley Andrews <riandrews@android.com>
  Robert Jarzmik <robert.jarzmik@free.fr>
  Roger Quadros <rogerq@ti.com>
  Roland Dreier <roland@purestorage.com>
  Russell King <rmk+kernel@arm.linux.org.uk>
  Samuel Thibault <samuel.thibault@ens-lyon.org>
  Shaohua Li <shli@fb.com>
  Sheng Yong <shengyong1@huawei.com>
  shengyong <shengyong1@huawei.com>
  Simon Horman <horms@verge.net.au>
  Stephen Smalley <sds@tycho.nsa.gov>
  Steve French <smfrench@gmail.com>
  Steve French <steve.french@primarydata.com>
  Takashi Iwai <tiwai@suse.de>
  Tan, Jui Nee <jui.nee.tan@intel.com>
  Thomas Gleixner <tglx@linutronix.de>
  Tóth Attila <atoth@atoth.sote.hu>
  Vincent Palatin <vpalatin@chromium.org>
  Vitaly Kuznetsov <vkuznets@redhat.com>
  Will Deacon <will.deacon@arm.com>
  Yao-Wen Mao <yaowen@google.com>
  Yitian Bu <buyitian@gmail.com>
  Yitian Bu <yitian.bu@tangramtek.com>
  Zhang Zhen <zhenzhang.zhang@huawei.com>

jobs:
 build-amd64-xsm                                              pass
 build-armhf-xsm                                              pass
 build-i386-xsm                                               pass
 build-amd64                                                  pass
 build-armhf                                                  pass
 build-i386                                                   pass
 build-amd64-libvirt                                          pass
 build-armhf-libvirt                                          pass
 build-i386-libvirt                                           pass
 build-amd64-pvops                                            pass
 build-armhf-pvops                                            fail
 build-i386-pvops                                             pass
 build-amd64-rumpuserxen                                      pass
 build-i386-rumpuserxen                                       pass
 test-amd64-amd64-xl                                          pass
 test-amd64-i386-xl                                           pass
 test-amd64-amd64-xl-qemut-debianhvm-amd64-xsm                pass
 test-amd64-i386-xl-qemut-debianhvm-amd64-xsm                 pass
 test-amd64-amd64-libvirt-qemuu-debianhvm-amd64-xsm           pass
 test-amd64-i386-libvirt-qemuu-debianhvm-amd64-xsm            pass
 test-amd64-amd64-xl-qemuu-debianhvm-amd64-xsm                pass
 test-amd64-i386-xl-qemuu-debianhvm-amd64-xsm                 pass
 test-amd64-amd64-xl-qemut-stubdom-debianhvm-amd64-xsm        pass
 test-amd64-i386-xl-qemut-stubdom-debianhvm-amd64-xsm         broken
 test-amd64-amd64-libvirt-xsm                                 pass
 test-amd64-i386-libvirt-xsm                                  pass
 test-amd64-amd64-xl-xsm                                      pass
 test-amd64-i386-xl-xsm                                       pass
 test-amd64-amd64-xl-pvh-amd                                  fail
 test-amd64-i386-qemut-rhel6hvm-amd                           pass
 test-amd64-i386-qemuu-rhel6hvm-amd                           broken
 test-amd64-amd64-xl-qemut-debianhvm-amd64                    pass
 test-amd64-i386-xl-qemut-debianhvm-amd64                     pass
 test-amd64-amd64-xl-qemuu-debianhvm-amd64                    pass
 test-amd64-i386-xl-qemuu-debianhvm-amd64                     pass
 test-amd64-i386-freebsd10-amd64                              pass
 test-amd64-amd64-xl-qemuu-ovmf-amd64                         pass
 test-amd64-i386-xl-qemuu-ovmf-amd64                          pass
 test-amd64-amd64-rumpuserxen-amd64                           pass
 test-amd64-amd64-xl-qemut-win7-amd64                         fail
 test-amd64-i386-xl-qemut-win7-amd64                          fail
 test-amd64-amd64-xl-qemuu-win7-amd64                         fail
 test-amd64-i386-xl-qemuu-win7-amd64                          fail
 test-amd64-amd64-xl-credit2                                  pass
 test-amd64-i386-freebsd10-i386                               pass
 test-amd64-i386-rumpuserxen-i386                             pass
 test-amd64-amd64-xl-pvh-intel                                fail
 test-amd64-i386-qemut-rhel6hvm-intel                         pass
 test-amd64-i386-qemuu-rhel6hvm-intel                         pass
 test-amd64-amd64-libvirt                                     pass
 test-amd64-i386-libvirt                                      pass
 test-amd64-amd64-xl-multivcpu                                pass
 test-amd64-amd64-pair                                        pass
 test-amd64-i386-pair                                         pass
 test-amd64-amd64-libvirt-pair                                broken
 test-amd64-i386-libvirt-pair                                 pass
 test-amd64-amd64-amd64-pvgrub                                pass
 test-amd64-amd64-i386-pvgrub                                 pass
 test-amd64-amd64-pygrub                                      pass
 test-amd64-amd64-xl-qcow2                                    pass
 test-amd64-i386-xl-raw                                       pass
 test-amd64-amd64-xl-rtds                                     pass
 test-amd64-i386-xl-qemut-winxpsp3-vcpus1                     pass
 test-amd64-i386-xl-qemuu-winxpsp3-vcpus1                     pass
 test-amd64-amd64-libvirt-vhd                                 pass
 test-amd64-amd64-xl-qemut-winxpsp3                           pass
 test-amd64-i386-xl-qemut-winxpsp3                            pass
 test-amd64-amd64-xl-qemuu-winxpsp3                           pass
 test-amd64-i386-xl-qemuu-winxpsp3                            pass


------------------------------------------------------------
sg-report-flight on osstest.test-lab.xenproject.org
logs: /home/logs/logs
images: /home/logs/images

Logs, config files, etc. are available at
    http://logs.test-lab.xenproject.org/osstest/logs

Explanation of these reports, and of osstest in general, is at
    http://xenbits.xen.org/gitweb/?p=osstest.git;a=blob;f=README.email;hb=master
    http://xenbits.xen.org/gitweb/?p=osstest.git;a=blob;f=README;hb=master

Test harness code can be found at
    http://xenbits.xen.org/gitweb?p=osstest.git;a=summary

broken-step test-amd64-i386-qemuu-rhel6hvm-amd host-install(3)
broken-step test-amd64-i386-xl-qemut-stubdom-debianhvm-amd64-xsm host-install(3)
broken-step test-amd64-amd64-libvirt-pair host-install/dst_host(4)

Not pushing.

(No revision log; it would be 1478 lines long.)


[-- Attachment #2: Type: text/plain, Size: 126 bytes --]

_______________________________________________
Xen-devel mailing list
Xen-devel@lists.xen.org
http://lists.xen.org/xen-devel

^ permalink raw reply	[flat|nested] only message in thread

only message in thread, other threads:[~2015-10-27 12:20 UTC | newest]

Thread overview: (only message) (download: mbox.gz follow: Atom feed
-- links below jump to the message on this page --
2015-10-27 12:20 [linux-3.10 test] 63318: regressions - trouble: broken/fail/pass osstest service owner

This is a public inbox, see mirroring instructions
for how to clone and mirror all data and code used for this inbox;
as well as URLs for NNTP newsgroup(s).