From mboxrd@z Thu Jan 1 00:00:00 1970 From: osstest service owner Subject: [linux-3.10 test] 63318: regressions - trouble: broken/fail/pass Date: Tue, 27 Oct 2015 12:20:00 +0000 Message-ID: Mime-Version: 1.0 Content-Type: multipart/mixed; boundary="===============4896213686503445595==" Return-path: List-Unsubscribe: , List-Post: List-Help: List-Subscribe: , Sender: xen-devel-bounces@lists.xen.org Errors-To: xen-devel-bounces@lists.xen.org To: xen-devel@lists.xensource.com, osstest-admin@xenproject.org List-Id: xen-devel@lists.xenproject.org --===============4896213686503445595== Content-Length: 12363 Content-Transfer-Encoding: quoted-printable flight 63318 linux-3.10 real [real] http://logs.test-lab.xenproject.org/osstest/logs/63318/ Regressions :-( Tests which did not succeed and are blocking, including tests which could not be run: build-armhf-pvops 5 kernel-build fail REGR. vs. 62642 Tests which are failing intermittently (not blocking): test-amd64-amd64-pygrub 3 host-install(3) broken in 63306 pass in 63318 test-amd64-amd64-libvirt-vhd 3 host-install(3) broken in 63306 pass in 63318 test-amd64-i386-qemut-rhel6hvm-amd 3 host-install(3) broken in 63306 pass in 63318 test-amd64-i386-xl-qemut-debianhvm-amd64 3 host-install(3) broken in 63306 pass in 63318 test-amd64-amd64-xl-qcow2 3 host-install(3) broken in 63306 pass in 63318 test-amd64-i386-xl-qemut-stubdom-debianhvm-amd64-xsm 3 host-install(3) broken pass in 63224 test-amd64-i386-qemuu-rhel6hvm-amd 3 host-install(3) broken pass in 63306 test-amd64-amd64-libvirt-pair 4 host-install/dst_host(4) broken pass in 63306 test-amd64-i386-rumpuserxen-i386 15 rumpuserxen-demo-xenstorels/xenstorels.repeat fail in 63306 pass in 63318 Regressions which are regarded as allowable (not blocking): test-amd64-i386-xl-qemut-stubdom-debianhvm-amd64-xsm 15 guest-localmigrate.2 fail in 63224 like 62642 test-amd64-amd64-xl-qemuu-win7-amd64 17 guest-stop fail like 62642 test-amd64-i386-xl-qemuu-win7-amd64 17 guest-stop fail like 62642 Tests which did not succeed, but are not blocking: test-amd64-amd64-xl-pvh-amd 11 guest-start fail never pass test-amd64-amd64-xl-pvh-intel 11 guest-start fail never pass test-amd64-amd64-libvirt 12 migrate-support-check fail never pass test-amd64-i386-libvirt-xsm 12 migrate-support-check fail never pass test-amd64-amd64-libvirt-xsm 12 migrate-support-check fail never pass test-amd64-amd64-libvirt-qemuu-debianhvm-amd64-xsm 10 migrate-support-check fail never pass test-amd64-amd64-libvirt-vhd 11 migrate-support-check fail never pass test-amd64-i386-libvirt-qemuu-debianhvm-amd64-xsm 10 migrate-support-check fail never pass test-amd64-i386-xl-qemut-win7-amd64 17 guest-stop fail never pass test-amd64-amd64-xl-qemut-win7-amd64 17 guest-stop fail never pass test-amd64-i386-libvirt 12 migrate-support-check fail never pass version targeted for testing: linux 61ce1520149bb1cfdc9a2946a1b6a33119742881 baseline version: linux f5552cd830e58c46dffae3617b3ce0c839771981 Last test of basis 62642 2015-10-03 17:59:45 Z 23 days Testing same since 63224 2015-10-22 22:20:05 Z 4 days 4 attempts ------------------------------------------------------------ People who touched revisions under test: "Eric W. Biederman" Adam Radford Al Viro Alexey Klimov Andi Kleen Andreas Schwab Andrew Morton Ard Biesheuvel Arnaldo Carvalho de Melo Ben Hutchings Christoph Biedl Christoph Hellwig covici@ccs.covici.com Daniel Vetter Daniel Vetter David S. Miller David Vrabel David Woodhouse David Woodhouse Ding Tianhong dingtianhong Dirk Mueller Dirk M=C3=BCller Doug Ledford Eric W. Biederman Geert Uytterhoeven Greg Kroah-Hartman Guenter Roeck H. Peter Anvin Ian Abbott Ingo Molnar James Bottomley James Hogan Jan Kara Jann Horn Jarkko Nikula Jeff Mahoney Jiri Slaby Joe Stringer Joe Thornber Johan Hovold John Covici Julian Anastasov Kees Cook Linus Torvalds Liu.Zhao Mark Brown Mark Salyzyn Mathias Nyman Mel Gorman Michael Ellerman Michal Hocko Mike Marciniszyn Mike Snitzer Mikulas Patocka Namhyung Kim NeilBrown Nicolas Pitre Nikolay Aleksandrov Pablo Neira Ayuso Paolo Bonzini Paul Bolle Paul Mackerras Paul Mackerras Ralf Baechle Reyad Attiyat Richard Weinberger Riley Andrews Robert Jarzmik Roger Quadros Roland Dreier Russell King Samuel Thibault Shaohua Li Sheng Yong shengyong Simon Horman Stephen Smalley Steve French Steve French Takashi Iwai Tan, Jui Nee Thomas Gleixner T=C3=B3th Attila Vincent Palatin Vitaly Kuznetsov Will Deacon Yao-Wen Mao Yitian Bu Yitian Bu Zhang Zhen jobs: build-amd64-xsm pass build-armhf-xsm pass build-i386-xsm pass build-amd64 pass build-armhf pass build-i386 pass build-amd64-libvirt pass build-armhf-libvirt pass build-i386-libvirt pass build-amd64-pvops pass build-armhf-pvops fail build-i386-pvops pass build-amd64-rumpuserxen pass build-i386-rumpuserxen pass test-amd64-amd64-xl pass test-amd64-i386-xl pass test-amd64-amd64-xl-qemut-debianhvm-amd64-xsm pass test-amd64-i386-xl-qemut-debianhvm-amd64-xsm pass test-amd64-amd64-libvirt-qemuu-debianhvm-amd64-xsm pass test-amd64-i386-libvirt-qemuu-debianhvm-amd64-xsm pass test-amd64-amd64-xl-qemuu-debianhvm-amd64-xsm pass test-amd64-i386-xl-qemuu-debianhvm-amd64-xsm pass test-amd64-amd64-xl-qemut-stubdom-debianhvm-amd64-xsm pass test-amd64-i386-xl-qemut-stubdom-debianhvm-amd64-xsm broken test-amd64-amd64-libvirt-xsm pass test-amd64-i386-libvirt-xsm pass test-amd64-amd64-xl-xsm pass test-amd64-i386-xl-xsm pass test-amd64-amd64-xl-pvh-amd fail test-amd64-i386-qemut-rhel6hvm-amd pass test-amd64-i386-qemuu-rhel6hvm-amd broken test-amd64-amd64-xl-qemut-debianhvm-amd64 pass test-amd64-i386-xl-qemut-debianhvm-amd64 pass test-amd64-amd64-xl-qemuu-debianhvm-amd64 pass test-amd64-i386-xl-qemuu-debianhvm-amd64 pass test-amd64-i386-freebsd10-amd64 pass test-amd64-amd64-xl-qemuu-ovmf-amd64 pass test-amd64-i386-xl-qemuu-ovmf-amd64 pass test-amd64-amd64-rumpuserxen-amd64 pass test-amd64-amd64-xl-qemut-win7-amd64 fail test-amd64-i386-xl-qemut-win7-amd64 fail test-amd64-amd64-xl-qemuu-win7-amd64 fail test-amd64-i386-xl-qemuu-win7-amd64 fail test-amd64-amd64-xl-credit2 pass test-amd64-i386-freebsd10-i386 pass test-amd64-i386-rumpuserxen-i386 pass test-amd64-amd64-xl-pvh-intel fail test-amd64-i386-qemut-rhel6hvm-intel pass test-amd64-i386-qemuu-rhel6hvm-intel pass test-amd64-amd64-libvirt pass test-amd64-i386-libvirt pass test-amd64-amd64-xl-multivcpu pass test-amd64-amd64-pair pass test-amd64-i386-pair pass test-amd64-amd64-libvirt-pair broken test-amd64-i386-libvirt-pair pass test-amd64-amd64-amd64-pvgrub pass test-amd64-amd64-i386-pvgrub pass test-amd64-amd64-pygrub pass test-amd64-amd64-xl-qcow2 pass test-amd64-i386-xl-raw pass test-amd64-amd64-xl-rtds pass test-amd64-i386-xl-qemut-winxpsp3-vcpus1 pass test-amd64-i386-xl-qemuu-winxpsp3-vcpus1 pass test-amd64-amd64-libvirt-vhd pass test-amd64-amd64-xl-qemut-winxpsp3 pass test-amd64-i386-xl-qemut-winxpsp3 pass test-amd64-amd64-xl-qemuu-winxpsp3 pass test-amd64-i386-xl-qemuu-winxpsp3 pass ------------------------------------------------------------ sg-report-flight on osstest.test-lab.xenproject.org logs: /home/logs/logs images: /home/logs/images Logs, config files, etc. are available at http://logs.test-lab.xenproject.org/osstest/logs Explanation of these reports, and of osstest in general, is at http://xenbits.xen.org/gitweb/=3Fp=3Dosstest.git;a=3Dblob;f=3DREADME.email;hb=3Dmaster http://xenbits.xen.org/gitweb/=3Fp=3Dosstest.git;a=3Dblob;f=3DREADME;hb=3Dmaster Test harness code can be found at http://xenbits.xen.org/gitweb=3Fp=3Dosstest.git;a=3Dsummary broken-step test-amd64-i386-qemuu-rhel6hvm-amd host-install(3) broken-step test-amd64-i386-xl-qemut-stubdom-debianhvm-amd64-xsm host-install(3) broken-step test-amd64-amd64-libvirt-pair host-install/dst_host(4) Not pushing. (No revision log; it would be 1478 lines long.) --===============4896213686503445595== Content-Type: text/plain; charset="us-ascii" MIME-Version: 1.0 Content-Transfer-Encoding: 7bit Content-Disposition: inline _______________________________________________ Xen-devel mailing list Xen-devel@lists.xen.org http://lists.xen.org/xen-devel --===============4896213686503445595==--