* [seabios test] 63319: trouble: broken/fail/pass
@ 2015-10-27 13:29 osstest service owner
0 siblings, 0 replies; only message in thread
From: osstest service owner @ 2015-10-27 13:29 UTC (permalink / raw)
To: xen-devel, osstest-admin
flight 63319 seabios real [real]
http://logs.test-lab.xenproject.org/osstest/logs/63319/
Failures and problems with tests :-(
Tests which did not succeed and are blocking,
including tests which could not be run:
test-amd64-i386-xl-qemuu-debianhvm-amd64-xsm 3 host-install(3) broken REGR. vs. 63266
test-amd64-i386-xl-qemuu-ovmf-amd64 3 host-install(3) broken REGR. vs. 63266
Regressions which are regarded as allowable (not blocking):
test-amd64-amd64-xl-qemuu-win7-amd64 17 guest-stop fail like 63266
Tests which did not succeed, but are not blocking:
test-amd64-i386-libvirt-qemuu-debianhvm-amd64-xsm 10 migrate-support-check fail never pass
test-amd64-amd64-libvirt-qemuu-debianhvm-amd64-xsm 10 migrate-support-check fail never pass
test-amd64-i386-xl-qemuu-win7-amd64 17 guest-stop fail never pass
version targeted for testing:
seabios a7620df726c9a56af6dfdfb4690722945ce2a388
baseline version:
seabios 234210135f07cf29f8fbee687ef7bd8adcf566ef
Last test of basis 63266 2015-10-23 15:41:34 Z 3 days
Testing same since 63319 2015-10-26 13:41:36 Z 0 days 1 attempts
------------------------------------------------------------
People who touched revisions under test:
Kevin O'Connor <kevin@koconnor.net>
jobs:
build-amd64-xsm pass
build-i386-xsm pass
build-amd64 pass
build-i386 pass
build-amd64-libvirt pass
build-i386-libvirt pass
build-amd64-pvops pass
build-i386-pvops pass
test-amd64-amd64-libvirt-qemuu-debianhvm-amd64-xsm pass
test-amd64-i386-libvirt-qemuu-debianhvm-amd64-xsm pass
test-amd64-amd64-xl-qemuu-debianhvm-amd64-xsm pass
test-amd64-i386-xl-qemuu-debianhvm-amd64-xsm broken
test-amd64-i386-qemuu-rhel6hvm-amd pass
test-amd64-amd64-xl-qemuu-debianhvm-amd64 pass
test-amd64-i386-xl-qemuu-debianhvm-amd64 pass
test-amd64-amd64-xl-qemuu-ovmf-amd64 pass
test-amd64-i386-xl-qemuu-ovmf-amd64 broken
test-amd64-amd64-xl-qemuu-win7-amd64 fail
test-amd64-i386-xl-qemuu-win7-amd64 fail
test-amd64-i386-qemuu-rhel6hvm-intel pass
test-amd64-i386-xl-qemuu-winxpsp3-vcpus1 pass
test-amd64-amd64-xl-qemuu-winxpsp3 pass
test-amd64-i386-xl-qemuu-winxpsp3 pass
------------------------------------------------------------
sg-report-flight on osstest.test-lab.xenproject.org
logs: /home/logs/logs
images: /home/logs/images
Logs, config files, etc. are available at
http://logs.test-lab.xenproject.org/osstest/logs
Explanation of these reports, and of osstest in general, is at
http://xenbits.xen.org/gitweb/?p=osstest.git;a=blob;f=README.email;hb=master
http://xenbits.xen.org/gitweb/?p=osstest.git;a=blob;f=README;hb=master
Test harness code can be found at
http://xenbits.xen.org/gitweb?p=osstest.git;a=summary
broken-step test-amd64-i386-xl-qemuu-debianhvm-amd64-xsm host-install(3)
broken-step test-amd64-i386-xl-qemuu-ovmf-amd64 host-install(3)
Not pushing.
------------------------------------------------------------
commit a7620df726c9a56af6dfdfb4690722945ce2a388
Author: Kevin O'Connor <kevin@koconnor.net>
Date: Sun Oct 18 11:27:50 2015 -0400
virtio: Minor - replace tab characters with space
Signed-off-by: Kevin O'Connor <kevin@koconnor.net>
commit 528c9f8c5a238f5533cdb35cb1c53de7c58a53d7
Author: Kevin O'Connor <kevin@koconnor.net>
Date: Sun Oct 18 11:25:15 2015 -0400
biostables: Minor - fix incorrect indentation
Signed-off-by: Kevin O'Connor <kevin@koconnor.net>
commit 5ced3bb370f2221b886224c9c3816de490b2a5a9
Author: Kevin O'Connor <kevin@koconnor.net>
Date: Sun Oct 18 11:24:54 2015 -0400
coreboot: Minor - avoid K&R style function declaration
Signed-off-by: Kevin O'Connor <kevin@koconnor.net>
commit 98a100c24febc9e8bd677d65e808ad6cf83fb1ee
Author: Kevin O'Connor <kevin@koconnor.net>
Date: Thu Oct 22 11:59:47 2015 -0400
build: Allow official tarball builds to be considered "clean"
If building from an official tarball and EXTRAVERSION info is
provided, then consider the build to be "clean" (don't include
hostname/build timestamp). This is done on the expectation that
EXTRAVERSION will have enough information to allow developers to find
the builder and build environment should a defect be reported, and
therefore the hostname/timestamp is not necessary.
Signed-off-by: Kevin O'Connor <kevin@koconnor.net>
commit 08d39868d326c0a75a188639d86f1a248178d1c6
Author: Kevin O'Connor <kevin@koconnor.net>
Date: Thu Oct 22 11:58:16 2015 -0400
docs: Document 'make EXTRAVERSION=xyz' and scripts/tarball.sh
Document the existence of the EXTRAVERSION field and the information
expected to be present in it. Document the use of tarball.sh in build
environments that lack git.
Signed-off-by: Kevin O'Connor <kevin@koconnor.net>
^ permalink raw reply [flat|nested] only message in thread
only message in thread, other threads:[~2015-10-27 13:29 UTC | newest]
Thread overview: (only message) (download: mbox.gz follow: Atom feed
-- links below jump to the message on this page --
2015-10-27 13:29 [seabios test] 63319: trouble: broken/fail/pass osstest service owner
This is a public inbox, see mirroring instructions
for how to clone and mirror all data and code used for this inbox;
as well as URLs for NNTP newsgroup(s).