xen-devel.lists.xenproject.org archive mirror
 help / color / mirror / Atom feed
* [linux-3.14 test] 63321: regressions - trouble: blocked/broken/fail/pass
@ 2015-10-27 17:51 osstest service owner
  0 siblings, 0 replies; only message in thread
From: osstest service owner @ 2015-10-27 17:51 UTC (permalink / raw)
  To: xen-devel, osstest-admin

[-- Warning: decoded text below may be mangled, UTF-8 assumed --]
[-- Attachment #1: Type: text/plain, Size: 15367 bytes --]

flight 63321 linux-3.14 real [real]
http://logs.test-lab.xenproject.org/osstest/logs/63321/

Regressions :-(

Tests which did not succeed and are blocking,
including tests which could not be run:
 build-armhf-pvops             5 kernel-build              fail REGR. vs. 62648

Tests which are failing intermittently (not blocking):
 test-amd64-i386-qemuu-rhel6hvm-amd 3 host-install(3) broken in 63309 pass in 63321
 test-amd64-i386-libvirt-qemuu-debianhvm-amd64-xsm 3 host-install(3) broken in 63309 pass in 63321
 test-amd64-i386-xl-raw        3 host-install(3)  broken in 63309 pass in 63321
 test-amd64-amd64-libvirt-vhd  3 host-install(3)  broken in 63309 pass in 63321
 test-amd64-i386-rumpuserxen-i386  3 host-install(3)       broken pass in 63225
 test-amd64-i386-libvirt       3 host-install(3)           broken pass in 63309
 test-amd64-i386-xl            3 host-install(3)           broken pass in 63309
 test-amd64-amd64-i386-pvgrub  3 host-install(3)           broken pass in 63309
 test-amd64-i386-xl-qemut-debianhvm-amd64 3 host-install(3) broken pass in 63309
 test-amd64-amd64-xl-qemuu-ovmf-amd64  3 host-install(3)   broken pass in 63309
 test-amd64-amd64-xl-qemut-stubdom-debianhvm-amd64-xsm 13 guest-localmigrate fail in 63225 pass in 63321
 test-amd64-amd64-rumpuserxen-amd64 15 rumpuserxen-demo-xenstorels/xenstorels.repeat fail pass in 63309

Regressions which are regarded as allowable (not blocking):
 test-amd64-amd64-xl-qemuu-win7-amd64 17 guest-stop             fail like 62648
 test-amd64-amd64-xl-qemut-stubdom-debianhvm-amd64-xsm 15 guest-localmigrate.2 fail like 62648
 test-amd64-amd64-xl-qemut-win7-amd64 17 guest-stop             fail like 62648
 test-amd64-i386-xl-qemut-win7-amd64 17 guest-stop              fail like 62648

Tests which did not succeed, but are not blocking:
 test-armhf-armhf-libvirt-qcow2  1 build-check(1)               blocked  n/a
 test-armhf-armhf-xl-multivcpu  1 build-check(1)               blocked  n/a
 test-armhf-armhf-xl-credit2   1 build-check(1)               blocked  n/a
 test-armhf-armhf-libvirt      1 build-check(1)               blocked  n/a
 test-armhf-armhf-libvirt-raw  1 build-check(1)               blocked  n/a
 test-armhf-armhf-xl           1 build-check(1)               blocked  n/a
 test-armhf-armhf-xl-cubietruck  1 build-check(1)               blocked  n/a
 test-armhf-armhf-xl-rtds      1 build-check(1)               blocked  n/a
 test-armhf-armhf-xl-arndale   1 build-check(1)               blocked  n/a
 test-armhf-armhf-libvirt-xsm  1 build-check(1)               blocked  n/a
 test-armhf-armhf-xl-xsm       1 build-check(1)               blocked  n/a
 test-armhf-armhf-xl-vhd       1 build-check(1)               blocked  n/a
 test-amd64-i386-libvirt      12 migrate-support-check fail in 63225 never pass
 test-amd64-i386-xl-qemut-stubdom-debianhvm-amd64-xsm 9 debian-hvm-install fail never pass
 test-amd64-amd64-xl-pvh-intel 11 guest-start                  fail  never pass
 test-amd64-amd64-xl-pvh-amd  11 guest-start                  fail   never pass
 test-amd64-amd64-libvirt-xsm 12 migrate-support-check        fail   never pass
 test-amd64-i386-libvirt-xsm  12 migrate-support-check        fail   never pass
 test-amd64-amd64-libvirt-qemuu-debianhvm-amd64-xsm 10 migrate-support-check fail never pass
 test-amd64-i386-libvirt-qemuu-debianhvm-amd64-xsm 10 migrate-support-check fail never pass
 test-amd64-amd64-libvirt-vhd 11 migrate-support-check        fail   never pass
 test-amd64-amd64-libvirt     12 migrate-support-check        fail   never pass
 test-amd64-i386-xl-qemuu-win7-amd64 17 guest-stop              fail never pass

version targeted for testing:
 linux                67e128d68505fa37da2b9ae6b532f11db1624a2f
baseline version:
 linux                1230ae0e99e05ced8a945a1a2c5762ce5c6c97c9

Last test of basis    62648  2015-10-03 22:43:24 Z   23 days
Testing same since    63225  2015-10-22 22:20:24 Z    4 days    4 attempts

------------------------------------------------------------
People who touched revisions under test:
  "Eric W. Biederman" <ebiederm@xmission.com>
  Adam Radford <aradford@gmail.com>
  Adrian Hunter <adrian.hunter@intel.com>
  Al Viro <viro@zeniv.linux.org.uk>
  Alexey Klimov <alexey.klimov@linaro.org>
  Andreas Schwab <schwab@linux-m68k.org>
  Andrew Morton <akpm@linux-foundation.org>
  Andy Lutomirski <luto@kernel.org>
  Andy Shevchenko <andriy.shevchenko@linux.intel.com>
  Antoine Tenart <antoine.tenart@free-electrons.com>
  Antoine Ténart <antoine.tenart@free-electrons.com>
  Ard Biesheuvel <ard.biesheuvel@linaro.org>
  Arnaldo Carvalho de Melo <acme@redhat.com>
  Ben Dooks <ben.dooks@codethink.co.uk>
  Ben Hutchings <ben@decadent.org.uk>
  Brian Norris <computersforpeace@gmail.com>
  Christoph Biedl <linux-kernel.bfrz@manchmal.in-ulm.de>
  Christoph Hellwig <hch@lst.de>
  Christoph Lameter <cl@linux.com>
  covici@ccs.covici.com <covici@ccs.covici.com>
  Daniel Vetter <daniel.vetter@ffwll.ch>
  Daniel Vetter <daniel.vetter@intel.com>
  Dave Airlie <airlied@redhat.com>
  David Vrabel <david.vrabel@citrix.com>
  David Woodhouse <David.Woodhouse@intel.com>
  David Woodhouse <dwmw2@infradead.org>
  Dirk Mueller <dmueller@suse.com>
  Dirk Müller <dmueller@suse.com>
  Eric W. Biederman <ebiederm@xmission.com>
  Eryu Guan <guaneryu@gmail.com>
  Fabiano Fidêncio <fidencio@redhat.com>
  Filipe Manana <fdmanana@suse.com>
  Geert Uytterhoeven <geert@linux-m68k.org>
  Grazvydas Ignotas <notasas@gmail.com>
  Greg Kroah-Hartman <gregkh@linuxfoundation.org>
  Guenter Roeck <linux@roeck-us.net>
  H. Nikolaus Schaller <hns@goldelico.com>
  Ian Abbott <abbotti@mev.co.uk>
  Ingo Molnar <mingo@kernel.org>
  James Bottomley <JBottomley@Odin.com>
  James Hogan <james.hogan@imgtec.com>
  Jan Kara <jack@suse.com>
  Jann Horn <jann@thejh.net>
  Jarkko Nikula <jarkko.nikula@linux.intel.com>
  Jason Wang <jasowang@redhat.com>
  Jeff Mahoney <jeffm@suse.com>
  Jenny Derzhavetz <jennyf@mellanox.com>
  Jiri Olsa <jolsa@kernel.org>
  Joe Stringer <joestringer@nicira.com>
  Joe Thornber <ejt@redhat.com>
  Johan Hovold <johan@kernel.org>
  John Covici <covici@ccs.covici.com>
  John Flatness <john@zerocrates.org>
  Joonsoo Kim <iamjoonsoo.kim@lge.com>
  Joonsoo Kim <js1304@gmail.com>
  Julian Anastasov <ja@ssi.bg>
  Kan Liang <kan.liang@intel.com>
  Kees Cook <keescook@chromium.org>
  Linus Torvalds <torvalds@linux-foundation.org>
  Liu.Zhao <lzsos369@163.com>
  Mark Brown <broonie@kernel.org>
  Mark Salyzyn <salyzyn@android.com>
  Mathias Nyman <mathias.nyman@linux.intel.com>
  Matt Fleming <matt.fleming@intel.com>
  Mel Gorman <mgorman@techsingularity.net>
  Michael Ellerman <mpe@ellerman.id.au>
  Michal Hocko <mhocko@suse.com>
  Mike Snitzer <snitzer@redhat.com>
  Mikulas Patocka <mpatocka@redhat.com>
  Namhyung Kim <namhyung@kernel.org>
  NeilBrown <neilb@suse.com>
  Nicholas Bellinger <nab@linux-iscsi.org>
  Nicolas Pitre <nico@linaro.org>
  Pablo Neira Ayuso <pablo@netfilter.org>
  Paolo Bonzini <pbonzini@redhat.com>
  Paul Bolle <pebolle@tiscali.nl>
  Paul E. McKenney <paulmck@linux.vnet.ibm.com>
  Paul Mackerras <paulus@ozlabs.org>
  Paul Mackerras <paulus@samba.org>
  Peter Seiderer <ps.report@gmx.net>
  Peter Zijlstra (Intel) <peterz@infradead.org>
  Peter Zijlstra <peterz@infradead.org>
  Ralf Baechle <ralf@linux-mips.org>
  Reyad Attiyat <reyad.attiyat@gmail.com>
  Richard Weinberger <richard@nod.at>
  Riley Andrews <riandrews@android.com>
  Robert Jarzmik <robert.jarzmik@free.fr>
  Robert Jarzmik <robert.jarzmik@free>
  Roger Quadros <rogerq@ti.com>
  Roland Dreier <roland@purestorage.com>
  Russell King <rmk+kernel@arm.linux.org.uk>
  Sagi Grimberg <sagig@mellanox.com>
  Samuel Thibault <samuel.thibault@ens-lyon.org>
  Shaohua Li <shli@fb.com>
  Shawn Lin <shawn.lin@rock-chips.com>
  Sheng Yong <shengyong1@huawei.com>
  shengyong <shengyong1@huawei.com>
  Simon Horman <horms@verge.net.au>
  Stephane Eranian <eranian@google.com>
  Stephen Smalley <sds@tycho.nsa.gov>
  Steve French <smfrench@gmail.com>
  Steve French <steve.french@primarydata.com>
  Takashi Iwai <tiwai@suse.de>
  Tan, Jui Nee <jui.nee.tan@intel.com>
  Tero Kristo <t-kristo@ti.com>
  Theodore Ts'o <tytso@mit.edu>
  Thomas Gleixner <tglx@linutronix.de>
  Timofey Titovets <nefelim4ag@gmail.com>
  Tony Lindgren <tony@atomide.com>
  Tóth Attila <atoth@atoth.sote.hu>
  Vincent Palatin <vpalatin@chromium.org>
  Vinod Koul <vinod.koul@intel.com>
  Vitaly Kuznetsov <vkuznets@redhat.com>
  Will Deacon <will.deacon@arm.com>
  Yao-Wen Mao <yaowen@google.com>
  Yitian Bu <buyitian@gmail.com>
  Yitian Bu <yitian.bu@tangramtek.com>

jobs:
 build-amd64-xsm                                              pass
 build-armhf-xsm                                              pass
 build-i386-xsm                                               pass
 build-amd64                                                  pass
 build-armhf                                                  pass
 build-i386                                                   pass
 build-amd64-libvirt                                          pass
 build-armhf-libvirt                                          pass
 build-i386-libvirt                                           pass
 build-amd64-pvops                                            pass
 build-armhf-pvops                                            fail
 build-i386-pvops                                             pass
 build-amd64-rumpuserxen                                      pass
 build-i386-rumpuserxen                                       pass
 test-amd64-amd64-xl                                          pass
 test-armhf-armhf-xl                                          blocked
 test-amd64-i386-xl                                           broken
 test-amd64-amd64-xl-qemut-debianhvm-amd64-xsm                pass
 test-amd64-i386-xl-qemut-debianhvm-amd64-xsm                 pass
 test-amd64-amd64-libvirt-qemuu-debianhvm-amd64-xsm           pass
 test-amd64-i386-libvirt-qemuu-debianhvm-amd64-xsm            pass
 test-amd64-amd64-xl-qemuu-debianhvm-amd64-xsm                pass
 test-amd64-i386-xl-qemuu-debianhvm-amd64-xsm                 pass
 test-amd64-amd64-xl-qemut-stubdom-debianhvm-amd64-xsm        fail
 test-amd64-i386-xl-qemut-stubdom-debianhvm-amd64-xsm         fail
 test-amd64-amd64-libvirt-xsm                                 pass
 test-armhf-armhf-libvirt-xsm                                 blocked
 test-amd64-i386-libvirt-xsm                                  pass
 test-amd64-amd64-xl-xsm                                      pass
 test-armhf-armhf-xl-xsm                                      blocked
 test-amd64-i386-xl-xsm                                       pass
 test-amd64-amd64-xl-pvh-amd                                  fail
 test-amd64-i386-qemut-rhel6hvm-amd                           pass
 test-amd64-i386-qemuu-rhel6hvm-amd                           pass
 test-amd64-amd64-xl-qemut-debianhvm-amd64                    pass
 test-amd64-i386-xl-qemut-debianhvm-amd64                     broken
 test-amd64-amd64-xl-qemuu-debianhvm-amd64                    pass
 test-amd64-i386-xl-qemuu-debianhvm-amd64                     pass
 test-amd64-i386-freebsd10-amd64                              pass
 test-amd64-amd64-xl-qemuu-ovmf-amd64                         broken
 test-amd64-i386-xl-qemuu-ovmf-amd64                          pass
 test-amd64-amd64-rumpuserxen-amd64                           fail
 test-amd64-amd64-xl-qemut-win7-amd64                         fail
 test-amd64-i386-xl-qemut-win7-amd64                          fail
 test-amd64-amd64-xl-qemuu-win7-amd64                         fail
 test-amd64-i386-xl-qemuu-win7-amd64                          fail
 test-armhf-armhf-xl-arndale                                  blocked
 test-amd64-amd64-xl-credit2                                  pass
 test-armhf-armhf-xl-credit2                                  blocked
 test-armhf-armhf-xl-cubietruck                               blocked
 test-amd64-i386-freebsd10-i386                               pass
 test-amd64-i386-rumpuserxen-i386                             broken
 test-amd64-amd64-xl-pvh-intel                                fail
 test-amd64-i386-qemut-rhel6hvm-intel                         pass
 test-amd64-i386-qemuu-rhel6hvm-intel                         pass
 test-amd64-amd64-libvirt                                     pass
 test-armhf-armhf-libvirt                                     blocked
 test-amd64-i386-libvirt                                      broken
 test-amd64-amd64-xl-multivcpu                                pass
 test-armhf-armhf-xl-multivcpu                                blocked
 test-amd64-amd64-pair                                        pass
 test-amd64-i386-pair                                         pass
 test-amd64-amd64-libvirt-pair                                pass
 test-amd64-i386-libvirt-pair                                 pass
 test-amd64-amd64-amd64-pvgrub                                pass
 test-amd64-amd64-i386-pvgrub                                 broken
 test-amd64-amd64-pygrub                                      pass
 test-armhf-armhf-libvirt-qcow2                               blocked
 test-amd64-amd64-xl-qcow2                                    pass
 test-armhf-armhf-libvirt-raw                                 blocked
 test-amd64-i386-xl-raw                                       pass
 test-amd64-amd64-xl-rtds                                     pass
 test-armhf-armhf-xl-rtds                                     blocked
 test-amd64-i386-xl-qemut-winxpsp3-vcpus1                     pass
 test-amd64-i386-xl-qemuu-winxpsp3-vcpus1                     pass
 test-amd64-amd64-libvirt-vhd                                 pass
 test-armhf-armhf-xl-vhd                                      blocked
 test-amd64-amd64-xl-qemut-winxpsp3                           pass
 test-amd64-i386-xl-qemut-winxpsp3                            pass
 test-amd64-amd64-xl-qemuu-winxpsp3                           pass
 test-amd64-i386-xl-qemuu-winxpsp3                            pass


------------------------------------------------------------
sg-report-flight on osstest.test-lab.xenproject.org
logs: /home/logs/logs
images: /home/logs/images

Logs, config files, etc. are available at
    http://logs.test-lab.xenproject.org/osstest/logs

Explanation of these reports, and of osstest in general, is at
    http://xenbits.xen.org/gitweb/?p=osstest.git;a=blob;f=README.email;hb=master
    http://xenbits.xen.org/gitweb/?p=osstest.git;a=blob;f=README;hb=master

Test harness code can be found at
    http://xenbits.xen.org/gitweb?p=osstest.git;a=summary

broken-step test-amd64-i386-rumpuserxen-i386 host-install(3)
broken-step test-amd64-i386-libvirt host-install(3)
broken-step test-amd64-i386-xl host-install(3)
broken-step test-amd64-amd64-i386-pvgrub host-install(3)
broken-step test-amd64-i386-xl-qemut-debianhvm-amd64 host-install(3)
broken-step test-amd64-amd64-xl-qemuu-ovmf-amd64 host-install(3)

Not pushing.

(No revision log; it would be 2444 lines long.)


[-- Attachment #2: Type: text/plain, Size: 126 bytes --]

_______________________________________________
Xen-devel mailing list
Xen-devel@lists.xen.org
http://lists.xen.org/xen-devel

^ permalink raw reply	[flat|nested] only message in thread

only message in thread, other threads:[~2015-10-27 17:51 UTC | newest]

Thread overview: (only message) (download: mbox.gz follow: Atom feed
-- links below jump to the message on this page --
2015-10-27 17:51 [linux-3.14 test] 63321: regressions - trouble: blocked/broken/fail/pass osstest service owner

This is a public inbox, see mirroring instructions
for how to clone and mirror all data and code used for this inbox;
as well as URLs for NNTP newsgroup(s).