From mboxrd@z Thu Jan 1 00:00:00 1970 From: osstest service owner Subject: [linux-3.14 test] 63321: regressions - trouble: blocked/broken/fail/pass Date: Tue, 27 Oct 2015 17:51:28 +0000 Message-ID: Mime-Version: 1.0 Content-Type: multipart/mixed; boundary="===============5612982129485372025==" Return-path: List-Unsubscribe: , List-Post: List-Help: List-Subscribe: , Sender: xen-devel-bounces@lists.xen.org Errors-To: xen-devel-bounces@lists.xen.org To: xen-devel@lists.xensource.com, osstest-admin@xenproject.org List-Id: xen-devel@lists.xenproject.org --===============5612982129485372025== Content-Length: 15686 Content-Transfer-Encoding: quoted-printable flight 63321 linux-3.14 real [real] http://logs.test-lab.xenproject.org/osstest/logs/63321/ Regressions :-( Tests which did not succeed and are blocking, including tests which could not be run: build-armhf-pvops 5 kernel-build fail REGR. vs. 62648 Tests which are failing intermittently (not blocking): test-amd64-i386-qemuu-rhel6hvm-amd 3 host-install(3) broken in 63309 pass in 63321 test-amd64-i386-libvirt-qemuu-debianhvm-amd64-xsm 3 host-install(3) broken in 63309 pass in 63321 test-amd64-i386-xl-raw 3 host-install(3) broken in 63309 pass in 63321 test-amd64-amd64-libvirt-vhd 3 host-install(3) broken in 63309 pass in 63321 test-amd64-i386-rumpuserxen-i386 3 host-install(3) broken pass in 63225 test-amd64-i386-libvirt 3 host-install(3) broken pass in 63309 test-amd64-i386-xl 3 host-install(3) broken pass in 63309 test-amd64-amd64-i386-pvgrub 3 host-install(3) broken pass in 63309 test-amd64-i386-xl-qemut-debianhvm-amd64 3 host-install(3) broken pass in 63309 test-amd64-amd64-xl-qemuu-ovmf-amd64 3 host-install(3) broken pass in 63309 test-amd64-amd64-xl-qemut-stubdom-debianhvm-amd64-xsm 13 guest-localmigrate fail in 63225 pass in 63321 test-amd64-amd64-rumpuserxen-amd64 15 rumpuserxen-demo-xenstorels/xenstorels.repeat fail pass in 63309 Regressions which are regarded as allowable (not blocking): test-amd64-amd64-xl-qemuu-win7-amd64 17 guest-stop fail like 62648 test-amd64-amd64-xl-qemut-stubdom-debianhvm-amd64-xsm 15 guest-localmigrate.2 fail like 62648 test-amd64-amd64-xl-qemut-win7-amd64 17 guest-stop fail like 62648 test-amd64-i386-xl-qemut-win7-amd64 17 guest-stop fail like 62648 Tests which did not succeed, but are not blocking: test-armhf-armhf-libvirt-qcow2 1 build-check(1) blocked n/a test-armhf-armhf-xl-multivcpu 1 build-check(1) blocked n/a test-armhf-armhf-xl-credit2 1 build-check(1) blocked n/a test-armhf-armhf-libvirt 1 build-check(1) blocked n/a test-armhf-armhf-libvirt-raw 1 build-check(1) blocked n/a test-armhf-armhf-xl 1 build-check(1) blocked n/a test-armhf-armhf-xl-cubietruck 1 build-check(1) blocked n/a test-armhf-armhf-xl-rtds 1 build-check(1) blocked n/a test-armhf-armhf-xl-arndale 1 build-check(1) blocked n/a test-armhf-armhf-libvirt-xsm 1 build-check(1) blocked n/a test-armhf-armhf-xl-xsm 1 build-check(1) blocked n/a test-armhf-armhf-xl-vhd 1 build-check(1) blocked n/a test-amd64-i386-libvirt 12 migrate-support-check fail in 63225 never pass test-amd64-i386-xl-qemut-stubdom-debianhvm-amd64-xsm 9 debian-hvm-install fail never pass test-amd64-amd64-xl-pvh-intel 11 guest-start fail never pass test-amd64-amd64-xl-pvh-amd 11 guest-start fail never pass test-amd64-amd64-libvirt-xsm 12 migrate-support-check fail never pass test-amd64-i386-libvirt-xsm 12 migrate-support-check fail never pass test-amd64-amd64-libvirt-qemuu-debianhvm-amd64-xsm 10 migrate-support-check fail never pass test-amd64-i386-libvirt-qemuu-debianhvm-amd64-xsm 10 migrate-support-check fail never pass test-amd64-amd64-libvirt-vhd 11 migrate-support-check fail never pass test-amd64-amd64-libvirt 12 migrate-support-check fail never pass test-amd64-i386-xl-qemuu-win7-amd64 17 guest-stop fail never pass version targeted for testing: linux 67e128d68505fa37da2b9ae6b532f11db1624a2f baseline version: linux 1230ae0e99e05ced8a945a1a2c5762ce5c6c97c9 Last test of basis 62648 2015-10-03 22:43:24 Z 23 days Testing same since 63225 2015-10-22 22:20:24 Z 4 days 4 attempts ------------------------------------------------------------ People who touched revisions under test: "Eric W. Biederman" Adam Radford Adrian Hunter Al Viro Alexey Klimov Andreas Schwab Andrew Morton Andy Lutomirski Andy Shevchenko Antoine Tenart Antoine T=C3=A9nart Ard Biesheuvel Arnaldo Carvalho de Melo Ben Dooks Ben Hutchings Brian Norris Christoph Biedl Christoph Hellwig Christoph Lameter covici@ccs.covici.com Daniel Vetter Daniel Vetter Dave Airlie David Vrabel David Woodhouse David Woodhouse Dirk Mueller Dirk M=C3=BCller Eric W. Biederman Eryu Guan Fabiano Fid=C3=AAncio Filipe Manana Geert Uytterhoeven Grazvydas Ignotas Greg Kroah-Hartman Guenter Roeck H. Nikolaus Schaller Ian Abbott Ingo Molnar James Bottomley James Hogan Jan Kara Jann Horn Jarkko Nikula Jason Wang Jeff Mahoney Jenny Derzhavetz Jiri Olsa Joe Stringer Joe Thornber Johan Hovold John Covici John Flatness Joonsoo Kim Joonsoo Kim Julian Anastasov Kan Liang Kees Cook Linus Torvalds Liu.Zhao Mark Brown Mark Salyzyn Mathias Nyman Matt Fleming Mel Gorman Michael Ellerman Michal Hocko Mike Snitzer Mikulas Patocka Namhyung Kim NeilBrown Nicholas Bellinger Nicolas Pitre Pablo Neira Ayuso Paolo Bonzini Paul Bolle Paul E. McKenney Paul Mackerras Paul Mackerras Peter Seiderer Peter Zijlstra (Intel) Peter Zijlstra Ralf Baechle Reyad Attiyat Richard Weinberger Riley Andrews Robert Jarzmik Robert Jarzmik Roger Quadros Roland Dreier Russell King Sagi Grimberg Samuel Thibault Shaohua Li Shawn Lin Sheng Yong shengyong Simon Horman Stephane Eranian Stephen Smalley Steve French Steve French Takashi Iwai Tan, Jui Nee Tero Kristo Theodore Ts'o Thomas Gleixner Timofey Titovets Tony Lindgren T=C3=B3th Attila Vincent Palatin Vinod Koul Vitaly Kuznetsov Will Deacon Yao-Wen Mao Yitian Bu Yitian Bu jobs: build-amd64-xsm pass build-armhf-xsm pass build-i386-xsm pass build-amd64 pass build-armhf pass build-i386 pass build-amd64-libvirt pass build-armhf-libvirt pass build-i386-libvirt pass build-amd64-pvops pass build-armhf-pvops fail build-i386-pvops pass build-amd64-rumpuserxen pass build-i386-rumpuserxen pass test-amd64-amd64-xl pass test-armhf-armhf-xl blocked test-amd64-i386-xl broken test-amd64-amd64-xl-qemut-debianhvm-amd64-xsm pass test-amd64-i386-xl-qemut-debianhvm-amd64-xsm pass test-amd64-amd64-libvirt-qemuu-debianhvm-amd64-xsm pass test-amd64-i386-libvirt-qemuu-debianhvm-amd64-xsm pass test-amd64-amd64-xl-qemuu-debianhvm-amd64-xsm pass test-amd64-i386-xl-qemuu-debianhvm-amd64-xsm pass test-amd64-amd64-xl-qemut-stubdom-debianhvm-amd64-xsm fail test-amd64-i386-xl-qemut-stubdom-debianhvm-amd64-xsm fail test-amd64-amd64-libvirt-xsm pass test-armhf-armhf-libvirt-xsm blocked test-amd64-i386-libvirt-xsm pass test-amd64-amd64-xl-xsm pass test-armhf-armhf-xl-xsm blocked test-amd64-i386-xl-xsm pass test-amd64-amd64-xl-pvh-amd fail test-amd64-i386-qemut-rhel6hvm-amd pass test-amd64-i386-qemuu-rhel6hvm-amd pass test-amd64-amd64-xl-qemut-debianhvm-amd64 pass test-amd64-i386-xl-qemut-debianhvm-amd64 broken test-amd64-amd64-xl-qemuu-debianhvm-amd64 pass test-amd64-i386-xl-qemuu-debianhvm-amd64 pass test-amd64-i386-freebsd10-amd64 pass test-amd64-amd64-xl-qemuu-ovmf-amd64 broken test-amd64-i386-xl-qemuu-ovmf-amd64 pass test-amd64-amd64-rumpuserxen-amd64 fail test-amd64-amd64-xl-qemut-win7-amd64 fail test-amd64-i386-xl-qemut-win7-amd64 fail test-amd64-amd64-xl-qemuu-win7-amd64 fail test-amd64-i386-xl-qemuu-win7-amd64 fail test-armhf-armhf-xl-arndale blocked test-amd64-amd64-xl-credit2 pass test-armhf-armhf-xl-credit2 blocked test-armhf-armhf-xl-cubietruck blocked test-amd64-i386-freebsd10-i386 pass test-amd64-i386-rumpuserxen-i386 broken test-amd64-amd64-xl-pvh-intel fail test-amd64-i386-qemut-rhel6hvm-intel pass test-amd64-i386-qemuu-rhel6hvm-intel pass test-amd64-amd64-libvirt pass test-armhf-armhf-libvirt blocked test-amd64-i386-libvirt broken test-amd64-amd64-xl-multivcpu pass test-armhf-armhf-xl-multivcpu blocked test-amd64-amd64-pair pass test-amd64-i386-pair pass test-amd64-amd64-libvirt-pair pass test-amd64-i386-libvirt-pair pass test-amd64-amd64-amd64-pvgrub pass test-amd64-amd64-i386-pvgrub broken test-amd64-amd64-pygrub pass test-armhf-armhf-libvirt-qcow2 blocked test-amd64-amd64-xl-qcow2 pass test-armhf-armhf-libvirt-raw blocked test-amd64-i386-xl-raw pass test-amd64-amd64-xl-rtds pass test-armhf-armhf-xl-rtds blocked test-amd64-i386-xl-qemut-winxpsp3-vcpus1 pass test-amd64-i386-xl-qemuu-winxpsp3-vcpus1 pass test-amd64-amd64-libvirt-vhd pass test-armhf-armhf-xl-vhd blocked test-amd64-amd64-xl-qemut-winxpsp3 pass test-amd64-i386-xl-qemut-winxpsp3 pass test-amd64-amd64-xl-qemuu-winxpsp3 pass test-amd64-i386-xl-qemuu-winxpsp3 pass ------------------------------------------------------------ sg-report-flight on osstest.test-lab.xenproject.org logs: /home/logs/logs images: /home/logs/images Logs, config files, etc. are available at http://logs.test-lab.xenproject.org/osstest/logs Explanation of these reports, and of osstest in general, is at http://xenbits.xen.org/gitweb/=3Fp=3Dosstest.git;a=3Dblob;f=3DREADME.email;hb=3Dmaster http://xenbits.xen.org/gitweb/=3Fp=3Dosstest.git;a=3Dblob;f=3DREADME;hb=3Dmaster Test harness code can be found at http://xenbits.xen.org/gitweb=3Fp=3Dosstest.git;a=3Dsummary broken-step test-amd64-i386-rumpuserxen-i386 host-install(3) broken-step test-amd64-i386-libvirt host-install(3) broken-step test-amd64-i386-xl host-install(3) broken-step test-amd64-amd64-i386-pvgrub host-install(3) broken-step test-amd64-i386-xl-qemut-debianhvm-amd64 host-install(3) broken-step test-amd64-amd64-xl-qemuu-ovmf-amd64 host-install(3) Not pushing. (No revision log; it would be 2444 lines long.) --===============5612982129485372025== Content-Type: text/plain; charset="us-ascii" MIME-Version: 1.0 Content-Transfer-Encoding: 7bit Content-Disposition: inline _______________________________________________ Xen-devel mailing list Xen-devel@lists.xen.org http://lists.xen.org/xen-devel --===============5612982129485372025==--