* [xen-4.3-testing test] 66463: regressions - FAIL
@ 2015-12-18 15:44 osstest service owner
0 siblings, 0 replies; only message in thread
From: osstest service owner @ 2015-12-18 15:44 UTC (permalink / raw)
To: xen-devel, osstest-admin
flight 66463 xen-4.3-testing real [real]
http://logs.test-lab.xenproject.org/osstest/logs/66463/
Regressions :-(
Tests which did not succeed and are blocking,
including tests which could not be run:
test-amd64-i386-xl-qemuu-win7-amd64 15 guest-localmigrate/x10 fail REGR. vs. 65650
Regressions which are regarded as allowable (not blocking):
test-amd64-amd64-migrupgrade 21 guest-migrate/src_host/dst_host fail like 65650
test-amd64-amd64-xl-qemuu-win7-amd64 16 guest-stop fail like 65650
Tests which did not succeed, but are not blocking:
test-amd64-amd64-rumpuserxen-amd64 1 build-check(1) blocked n/a
test-amd64-i386-rumpuserxen-i386 1 build-check(1) blocked n/a
test-amd64-i386-xl-qemuu-ovmf-amd64 9 debian-hvm-install fail never pass
test-amd64-amd64-xl-qemuu-ovmf-amd64 9 debian-hvm-install fail never pass
build-i386-rumpuserxen 6 xen-build fail never pass
build-amd64-rumpuserxen 6 xen-build fail never pass
test-amd64-i386-libvirt 12 migrate-support-check fail never pass
test-armhf-armhf-libvirt 6 xen-boot fail never pass
test-armhf-armhf-xl 6 xen-boot fail never pass
test-amd64-i386-migrupgrade 21 guest-migrate/src_host/dst_host fail never pass
test-armhf-armhf-xl-multivcpu 6 xen-boot fail never pass
test-armhf-armhf-libvirt-qcow2 6 xen-boot fail never pass
test-armhf-armhf-xl-vhd 6 xen-boot fail never pass
test-amd64-amd64-libvirt 12 migrate-support-check fail never pass
test-armhf-armhf-libvirt-raw 6 xen-boot fail never pass
test-armhf-armhf-xl-cubietruck 6 xen-boot fail never pass
test-armhf-armhf-xl-credit2 6 xen-boot fail never pass
test-amd64-amd64-libvirt-vhd 11 migrate-support-check fail never pass
test-amd64-i386-xl-qemut-win7-amd64 16 guest-stop fail never pass
test-amd64-amd64-xl-qemut-win7-amd64 16 guest-stop fail never pass
test-armhf-armhf-xl-arndale 6 xen-boot fail never pass
test-amd64-i386-xend-qemut-winxpsp3 20 leak-check/check fail never pass
version targeted for testing:
xen 83349eede062fc636f89657628a772438012673a
baseline version:
xen 54dd84062d4e0f0298508826fc06990415da431e
Last test of basis 65650 2015-12-10 03:50:48 Z 8 days
Testing same since 66463 2015-12-17 13:41:33 Z 1 days 1 attempts
------------------------------------------------------------
People who touched revisions under test:
Ian Campbell <ian.campbell@citrix.com>
Jan Beulich <jbeulich@suse.com>
jobs:
build-amd64 pass
build-armhf pass
build-i386 pass
build-amd64-libvirt pass
build-armhf-libvirt pass
build-i386-libvirt pass
build-amd64-prev pass
build-i386-prev pass
build-amd64-pvops pass
build-armhf-pvops pass
build-i386-pvops pass
build-amd64-rumpuserxen fail
build-i386-rumpuserxen fail
test-amd64-amd64-xl pass
test-armhf-armhf-xl fail
test-amd64-i386-xl pass
test-amd64-i386-qemut-rhel6hvm-amd pass
test-amd64-i386-qemuu-rhel6hvm-amd pass
test-amd64-amd64-xl-qemut-debianhvm-amd64 pass
test-amd64-i386-xl-qemut-debianhvm-amd64 pass
test-amd64-amd64-xl-qemuu-debianhvm-amd64 pass
test-amd64-i386-xl-qemuu-debianhvm-amd64 pass
test-amd64-i386-freebsd10-amd64 pass
test-amd64-amd64-xl-qemuu-ovmf-amd64 fail
test-amd64-i386-xl-qemuu-ovmf-amd64 fail
test-amd64-amd64-rumpuserxen-amd64 blocked
test-amd64-amd64-xl-qemut-win7-amd64 fail
test-amd64-i386-xl-qemut-win7-amd64 fail
test-amd64-amd64-xl-qemuu-win7-amd64 fail
test-amd64-i386-xl-qemuu-win7-amd64 fail
test-armhf-armhf-xl-arndale fail
test-amd64-amd64-xl-credit2 pass
test-armhf-armhf-xl-credit2 fail
test-armhf-armhf-xl-cubietruck fail
test-amd64-i386-freebsd10-i386 pass
test-amd64-i386-rumpuserxen-i386 blocked
test-amd64-i386-qemut-rhel6hvm-intel pass
test-amd64-i386-qemuu-rhel6hvm-intel pass
test-amd64-amd64-libvirt pass
test-armhf-armhf-libvirt fail
test-amd64-i386-libvirt pass
test-amd64-amd64-migrupgrade fail
test-amd64-i386-migrupgrade fail
test-amd64-amd64-xl-multivcpu pass
test-armhf-armhf-xl-multivcpu fail
test-amd64-amd64-pair pass
test-amd64-i386-pair pass
test-amd64-amd64-pv pass
test-amd64-i386-pv pass
test-amd64-amd64-amd64-pvgrub pass
test-amd64-amd64-i386-pvgrub pass
test-amd64-amd64-pygrub pass
test-armhf-armhf-libvirt-qcow2 fail
test-amd64-amd64-xl-qcow2 pass
test-armhf-armhf-libvirt-raw fail
test-amd64-i386-xl-raw pass
test-amd64-i386-xl-qemut-winxpsp3-vcpus1 pass
test-amd64-i386-xl-qemuu-winxpsp3-vcpus1 pass
test-amd64-amd64-libvirt-vhd pass
test-armhf-armhf-xl-vhd fail
test-amd64-i386-xend-qemut-winxpsp3 fail
test-amd64-amd64-xl-qemut-winxpsp3 pass
test-amd64-amd64-xl-qemuu-winxpsp3 pass
------------------------------------------------------------
sg-report-flight on osstest.test-lab.xenproject.org
logs: /home/logs/logs
images: /home/logs/images
Logs, config files, etc. are available at
http://logs.test-lab.xenproject.org/osstest/logs
Explanation of these reports, and of osstest in general, is at
http://xenbits.xen.org/gitweb/?p=osstest.git;a=blob;f=README.email;hb=master
http://xenbits.xen.org/gitweb/?p=osstest.git;a=blob;f=README;hb=master
Test harness code can be found at
http://xenbits.xen.org/gitweb?p=osstest.git;a=summary
Not pushing.
------------------------------------------------------------
commit 83349eede062fc636f89657628a772438012673a
Author: Jan Beulich <jbeulich@suse.com>
Date: Thu Dec 17 14:33:22 2015 +0100
x86/HVM: avoid reading ioreq state more than once
Otherwise, especially when the compiler chooses to translate the
switch() to a jump table, unpredictable behavior (and in the jump table
case arbitrary code execution) can result.
This is XSA-166.
Signed-off-by: Jan Beulich <jbeulich@suse.com>
Acked-by: Ian Campbell <ian.campbell@citrix.com>
master commit: b452430a4cdfc801fa4bc391aed7522365e1deb6
master date: 2015-12-17 14:22:46 +0100
commit f5119912e9a5f888273306ff6b462d6fd1f7a6bd
Author: Jan Beulich <jbeulich@suse.com>
Date: Thu Dec 17 14:32:56 2015 +0100
x86: don't leak ST(n)/XMMn values to domains first using them
FNINIT doesn't alter these registers, and hence using it is
insufficient to initialize a guest's initial state.
This is CVE-2015-8555 / XSA-165.
Signed-off-by: Jan Beulich <jbeulich@suse.com>
Reviewed-by: Andrew Cooper <andrew.cooper3@citrix.com>
master commit: 81818b3f277544535974204f8d840da86fa8a44f
master date: 2015-12-17 14:22:13 +0100
========================================
^ permalink raw reply [flat|nested] only message in thread
only message in thread, other threads:[~2015-12-18 15:44 UTC | newest]
Thread overview: (only message) (download: mbox.gz follow: Atom feed
-- links below jump to the message on this page --
2015-12-18 15:44 [xen-4.3-testing test] 66463: regressions - FAIL osstest service owner
This is a public inbox, see mirroring instructions
for how to clone and mirror all data and code used for this inbox;
as well as URLs for NNTP newsgroup(s).