* [xen-4.5-testing baseline-only test] 66482: regressions - trouble: blocked/broken/fail/pass
@ 2016-07-01 19:37 Platform Team regression test user
0 siblings, 0 replies; only message in thread
From: Platform Team regression test user @ 2016-07-01 19:37 UTC (permalink / raw)
To: xen-devel, osstest-admin
This run is configured for baseline tests only.
flight 66482 xen-4.5-testing real [real]
http://osstest.xs.citrite.net/~osstest/testlogs/logs/66482/
Regressions :-(
Tests which did not succeed and are blocking,
including tests which could not be run:
build-armhf-pvops 4 capture-logs !broken [st=!broken!]
build-armhf 4 capture-logs !broken [st=!broken!]
test-amd64-amd64-amd64-pvgrub 3 host-install(3) broken REGR. vs. 44406
test-amd64-i386-qemut-rhel6hvm-amd 3 host-install(3) broken REGR. vs. 44406
test-amd64-i386-qemuu-rhel6hvm-amd 3 host-install(3) broken REGR. vs. 44406
test-amd64-i386-xl 3 host-install(3) broken REGR. vs. 44406
test-amd64-i386-xl-qemut-winxpsp3-vcpus1 3 host-install(3) broken REGR. vs. 44406
test-amd64-i386-qemut-rhel6hvm-intel 3 host-install(3) broken REGR. vs. 44406
test-amd64-i386-xl-qemut-winxpsp3 3 host-install(3) broken REGR. vs. 44406
test-amd64-i386-xl-qemut-debianhvm-amd64 3 host-install(3) broken REGR. vs. 44406
test-amd64-i386-xl-qemuu-debianhvm-amd64 3 host-install(3) broken REGR. vs. 44406
test-amd64-i386-xl-qemut-win7-amd64 3 host-install(3) broken REGR. vs. 44406
test-amd64-i386-migrupgrade 4 host-install/dst_host(4) broken REGR. vs. 44406
test-amd64-i386-migrupgrade 3 host-install/src_host(3) broken REGR. vs. 44406
test-amd64-amd64-libvirt 21 capture-logs(21) broken REGR. vs. 44406
test-amd64-amd64-rumpuserxen-amd64 17 capture-logs(17) broken REGR. vs. 44406
test-amd64-amd64-qemuu-nested-intel 13 xen-boot/l1 fail REGR. vs. 44406
Regressions which are regarded as allowable (not blocking):
test-amd64-i386-xl-qemut-winxpsp3-vcpus1 4 capture-logs(4) broken blocked in 44406
test-amd64-i386-xl-qemut-debianhvm-amd64 4 capture-logs(4) broken blocked in 44406
test-amd64-i386-xl-qemut-winxpsp3 4 capture-logs(4) broken blocked in 44406
test-amd64-i386-xl-qemut-win7-amd64 4 capture-logs(4) broken blocked in 44406
build-armhf-pvops 3 host-install(3) broken like 44406
build-armhf 3 host-install(3) broken like 44406
test-amd64-amd64-xl-rtds 6 xen-boot fail like 44406
test-amd64-amd64-xl-qemuu-win7-amd64 15 guest-localmigrate/x10 fail like 44406
test-amd64-amd64-xl-qemuu-winxpsp3 9 windows-install fail like 44406
test-amd64-amd64-xl-qemut-winxpsp3 9 windows-install fail like 44406
Tests which did not succeed, but are not blocking:
test-armhf-armhf-xl-multivcpu 1 build-check(1) blocked n/a
build-armhf-libvirt 1 build-check(1) blocked n/a
test-armhf-armhf-xl-vhd 1 build-check(1) blocked n/a
test-armhf-armhf-xl-rtds 1 build-check(1) blocked n/a
test-armhf-armhf-xl-midway 1 build-check(1) blocked n/a
test-armhf-armhf-libvirt 1 build-check(1) blocked n/a
test-armhf-armhf-libvirt-qcow2 1 build-check(1) blocked n/a
test-armhf-armhf-libvirt-raw 1 build-check(1) blocked n/a
test-armhf-armhf-xl 1 build-check(1) blocked n/a
test-armhf-armhf-xl-credit2 1 build-check(1) blocked n/a
test-amd64-amd64-amd64-pvgrub 4 capture-logs(4) broken never pass
test-amd64-i386-qemuu-rhel6hvm-amd 4 capture-logs(4) broken never pass
test-amd64-i386-qemut-rhel6hvm-amd 4 capture-logs(4) broken never pass
test-amd64-i386-xl 4 capture-logs(4) broken never pass
test-amd64-i386-qemut-rhel6hvm-intel 4 capture-logs(4) broken never pass
test-amd64-i386-xl-qemuu-debianhvm-amd64 4 capture-logs(4) broken never pass
test-amd64-i386-migrupgrade 6 capture-logs/dst_host(6) broken never pass
test-amd64-i386-migrupgrade 5 capture-logs/src_host(5) broken never pass
test-amd64-amd64-xl-pvh-intel 11 guest-start fail never pass
test-amd64-amd64-xl-pvh-amd 11 guest-start fail never pass
test-amd64-i386-libvirt 12 migrate-support-check fail never pass
test-amd64-amd64-libvirt 12 migrate-support-check fail never pass
test-amd64-amd64-qemuu-nested-amd 16 debian-hvm-install/l1/l2 fail never pass
test-amd64-amd64-libvirt-vhd 11 migrate-support-check fail never pass
test-amd64-i386-xl-qemuu-win7-amd64 16 guest-stop fail never pass
test-amd64-amd64-xl-qemut-win7-amd64 16 guest-stop fail never pass
version targeted for testing:
xen 818d58d65390e90b5996c4b2a8552cf076b8d74e
baseline version:
xen 2bc9bd9483b254a80b7f83408f45aa1c6ef17ef3
Last test of basis 44406 2016-05-11 13:21:34 Z 51 days
Testing same since 66482 2016-07-01 10:45:12 Z 0 days 1 attempts
------------------------------------------------------------
People who touched revisions under test:
Andrew Cooper <andrew.cooper3@citrix.com>
Dario Faggioli <dario.faggioli@citrix.com>
George Dunlap <george.dunlap@citrix.com>
Ian Jackson <ian.jackson@eu.citrix.com>
Jan Beulich <jbeulich@suse.com>
Julien Grall <julien.grall@arm.com>
Kyle J. Temkin <temkink@ainfosec.com>
Kyle Temkin <temkink@ainfosec.com>
Shanker Donthineni <shankerd@codeaurora.org>
Stefano Stabellini <sstabellini@kernel.org>
Vikram Sethi <vikrams@codeaurora.org>
Vitaly Kuznetsov <vkuznets@redhat.com>
Wei Chen <Wei.Chen@arm.com>
Wei Liu <wei.liu2@citrix.com>
jobs:
build-amd64 pass
build-armhf broken
build-i386 pass
build-amd64-libvirt pass
build-armhf-libvirt blocked
build-i386-libvirt pass
build-amd64-prev pass
build-i386-prev pass
build-amd64-pvops pass
build-armhf-pvops broken
build-i386-pvops pass
build-amd64-rumpuserxen pass
build-i386-rumpuserxen pass
test-amd64-amd64-xl pass
test-armhf-armhf-xl blocked
test-amd64-i386-xl broken
test-amd64-amd64-qemuu-nested-amd fail
test-amd64-amd64-xl-pvh-amd fail
test-amd64-i386-qemut-rhel6hvm-amd broken
test-amd64-i386-qemuu-rhel6hvm-amd broken
test-amd64-amd64-xl-qemut-debianhvm-amd64 pass
test-amd64-i386-xl-qemut-debianhvm-amd64 broken
test-amd64-amd64-xl-qemuu-debianhvm-amd64 pass
test-amd64-i386-xl-qemuu-debianhvm-amd64 broken
test-amd64-i386-freebsd10-amd64 pass
test-amd64-amd64-xl-qemuu-ovmf-amd64 pass
test-amd64-i386-xl-qemuu-ovmf-amd64 pass
test-amd64-amd64-rumpuserxen-amd64 broken
test-amd64-amd64-xl-qemut-win7-amd64 fail
test-amd64-i386-xl-qemut-win7-amd64 broken
test-amd64-amd64-xl-qemuu-win7-amd64 fail
test-amd64-i386-xl-qemuu-win7-amd64 fail
test-amd64-amd64-xl-credit2 pass
test-armhf-armhf-xl-credit2 blocked
test-amd64-i386-freebsd10-i386 pass
test-amd64-i386-rumpuserxen-i386 pass
test-amd64-amd64-qemuu-nested-intel fail
test-amd64-amd64-xl-pvh-intel fail
test-amd64-i386-qemut-rhel6hvm-intel broken
test-amd64-i386-qemuu-rhel6hvm-intel pass
test-amd64-amd64-libvirt broken
test-armhf-armhf-libvirt blocked
test-amd64-i386-libvirt pass
test-armhf-armhf-xl-midway blocked
test-amd64-amd64-migrupgrade pass
test-amd64-i386-migrupgrade broken
test-amd64-amd64-xl-multivcpu pass
test-armhf-armhf-xl-multivcpu blocked
test-amd64-amd64-pair pass
test-amd64-i386-pair pass
test-amd64-amd64-libvirt-pair pass
test-amd64-i386-libvirt-pair pass
test-amd64-amd64-amd64-pvgrub broken
test-amd64-amd64-i386-pvgrub pass
test-amd64-amd64-pygrub pass
test-armhf-armhf-libvirt-qcow2 blocked
test-amd64-amd64-xl-qcow2 pass
test-armhf-armhf-libvirt-raw blocked
test-amd64-i386-xl-raw pass
test-amd64-amd64-xl-rtds fail
test-armhf-armhf-xl-rtds blocked
test-amd64-i386-xl-qemut-winxpsp3-vcpus1 broken
test-amd64-i386-xl-qemuu-winxpsp3-vcpus1 pass
test-amd64-amd64-libvirt-vhd pass
test-armhf-armhf-xl-vhd blocked
test-amd64-amd64-xl-qemut-winxpsp3 fail
test-amd64-i386-xl-qemut-winxpsp3 broken
test-amd64-amd64-xl-qemuu-winxpsp3 fail
test-amd64-i386-xl-qemuu-winxpsp3 pass
------------------------------------------------------------
sg-report-flight on osstest.xs.citrite.net
logs: /home/osstest/logs
images: /home/osstest/images
Logs, config files, etc. are available at
http://osstest.xs.citrite.net/~osstest/testlogs/logs
Test harness code can be found at
http://xenbits.xensource.com/gitweb?p=osstest.git;a=summary
broken-step test-amd64-amd64-amd64-pvgrub host-install(3)
broken-step test-amd64-amd64-amd64-pvgrub capture-logs(4)
broken-step test-amd64-i386-qemut-rhel6hvm-amd host-install(3)
broken-step test-amd64-i386-qemuu-rhel6hvm-amd capture-logs(4)
broken-step test-amd64-i386-qemuu-rhel6hvm-amd host-install(3)
broken-step test-amd64-i386-qemut-rhel6hvm-amd capture-logs(4)
broken-step test-amd64-i386-xl host-install(3)
broken-step test-amd64-i386-xl-qemut-winxpsp3-vcpus1 host-install(3)
broken-step test-amd64-i386-xl capture-logs(4)
broken-step test-amd64-i386-xl-qemut-winxpsp3-vcpus1 capture-logs(4)
broken-step test-amd64-i386-qemut-rhel6hvm-intel capture-logs(4)
broken-step test-amd64-i386-qemut-rhel6hvm-intel host-install(3)
broken-step test-amd64-i386-xl-qemut-winxpsp3 host-install(3)
broken-step test-amd64-i386-xl-qemut-debianhvm-amd64 host-install(3)
broken-step test-amd64-i386-xl-qemut-debianhvm-amd64 capture-logs(4)
broken-step test-amd64-i386-xl-qemut-winxpsp3 capture-logs(4)
broken-step test-amd64-i386-xl-qemuu-debianhvm-amd64 host-install(3)
broken-step test-amd64-i386-xl-qemuu-debianhvm-amd64 capture-logs(4)
broken-step test-amd64-i386-xl-qemut-win7-amd64 host-install(3)
broken-step test-amd64-i386-xl-qemut-win7-amd64 capture-logs(4)
broken-step build-armhf-pvops host-install(3)
broken build-armhf-pvops capture-logs !broken
broken-step build-armhf host-install(3)
broken build-armhf capture-logs !broken
broken-step test-amd64-i386-migrupgrade host-install/dst_host(4)
broken-step test-amd64-i386-migrupgrade capture-logs/dst_host(6)
broken-step test-amd64-i386-migrupgrade host-install/src_host(3)
broken-step test-amd64-i386-migrupgrade capture-logs/src_host(5)
broken-step test-amd64-amd64-libvirt capture-logs(21)
broken-step test-amd64-amd64-rumpuserxen-amd64 capture-logs(17)
Push not applicable.
(No revision log; it would be 1380 lines long.)
_______________________________________________
Xen-devel mailing list
Xen-devel@lists.xen.org
http://lists.xen.org/xen-devel
^ permalink raw reply [flat|nested] only message in thread
only message in thread, other threads:[~2016-07-01 19:37 UTC | newest]
Thread overview: (only message) (download: mbox.gz follow: Atom feed
-- links below jump to the message on this page --
2016-07-01 19:37 [xen-4.5-testing baseline-only test] 66482: regressions - trouble: blocked/broken/fail/pass Platform Team regression test user
This is a public inbox, see mirroring instructions
for how to clone and mirror all data and code used for this inbox;
as well as URLs for NNTP newsgroup(s).