From mboxrd@z Thu Jan 1 00:00:00 1970 From: Platform Team regression test user Subject: [qemu-mainline baseline-only test] 66485: trouble: blocked/broken/fail/pass Date: Sat, 2 Jul 2016 04:24:21 +0100 Message-ID: Mime-Version: 1.0 Content-Type: multipart/mixed; boundary="===============2924913967620118021==" Return-path: List-Unsubscribe: , List-Post: List-Help: List-Subscribe: , Errors-To: xen-devel-bounces@lists.xen.org Sender: "Xen-devel" To: xen-devel@lists.xensource.com, osstest-admin@xenproject.org List-Id: xen-devel@lists.xenproject.org --===============2924913967620118021== Content-Type: text/plain This run is configured for baseline tests only. flight 66485 qemu-mainline real [real] http://osstest.xs.citrite.net/~osstest/testlogs/logs/66485/ Failures and problems with tests :-( Tests which did not succeed and are blocking, including tests which could not be run: build-armhf 4 capture-logs !broken [st=!broken!] build-armhf-xsm 4 capture-logs !broken [st=!broken!] build-armhf-pvops 4 capture-logs !broken [st=!broken!] Regressions which are regarded as allowable (not blocking): build-armhf 3 host-install(3) broken like 44425 build-armhf-xsm 3 host-install(3) broken like 44425 build-armhf-pvops 3 host-install(3) broken like 44425 test-amd64-amd64-qemuu-nested-intel 16 debian-hvm-install/l1/l2 fail blocked in 44425 test-amd64-amd64-amd64-pvgrub 10 guest-start fail like 44425 Tests which did not succeed, but are not blocking: build-armhf-libvirt 1 build-check(1) blocked n/a test-armhf-armhf-libvirt-xsm 1 build-check(1) blocked n/a test-armhf-armhf-xl-xsm 1 build-check(1) blocked n/a test-armhf-armhf-xl-multivcpu 1 build-check(1) blocked n/a test-armhf-armhf-xl-midway 1 build-check(1) blocked n/a test-armhf-armhf-xl-vhd 1 build-check(1) blocked n/a test-armhf-armhf-xl-rtds 1 build-check(1) blocked n/a test-armhf-armhf-libvirt 1 build-check(1) blocked n/a test-armhf-armhf-libvirt-qcow2 1 build-check(1) blocked n/a test-armhf-armhf-libvirt-raw 1 build-check(1) blocked n/a test-armhf-armhf-xl 1 build-check(1) blocked n/a test-armhf-armhf-xl-credit2 1 build-check(1) blocked n/a test-amd64-amd64-xl-pvh-intel 11 guest-start fail never pass test-amd64-amd64-xl-pvh-amd 11 guest-start fail never pass test-amd64-amd64-libvirt 12 migrate-support-check fail never pass test-amd64-amd64-libvirt-xsm 12 migrate-support-check fail never pass test-amd64-i386-libvirt 12 migrate-support-check fail never pass test-amd64-i386-libvirt-xsm 12 migrate-support-check fail never pass test-amd64-i386-libvirt-qemuu-debianhvm-amd64-xsm 10 migrate-support-check fail never pass test-amd64-amd64-qemuu-nested-amd 16 debian-hvm-install/l1/l2 fail never pass test-amd64-amd64-libvirt-qemuu-debianhvm-amd64-xsm 10 migrate-support-check fail never pass test-amd64-amd64-libvirt-vhd 11 migrate-support-check fail never pass test-amd64-i386-xl-qemuu-win7-amd64 16 guest-stop fail never pass test-amd64-amd64-xl-qemuu-win7-amd64 16 guest-stop fail never pass version targeted for testing: qemuu d6550e9ed2e1a60d889dfb721de00d9a4e3bafbe baseline version: qemuu c98e7937119503d06dbb494b7e4806ec66a27df0 Last test of basis 44425 2016-05-17 23:20:21 Z 45 days Testing same since 66485 2016-07-01 10:47:40 Z 0 days 1 attempts ------------------------------------------------------------ People who touched revisions under test: Alberto Garcia Alex Williamson Alexander Yarygin Alexey Kardashevskiy Amit Shah Andreas Färber Andreas Färber Anthony PERARD Bandan Das Cao jin Changlong Xie Chen Gang Chen Gang Christian Borntraeger Christopher Covington Cornelia Huck Daniel P. Berrange David Gibson Denis V. Lunev Dominik Dingel Eduardo Habkost Eric Blake Fam Zheng Fan Zhang Gerd Hoffmann Gonglei Greg Kurz Hollis Blanchard Igor Mammedov Jason J. Herne Jianjun Duan John Snow Juan Quintela Juergen Gross Kevin Wolf Laurent Vivier Li Zhijian Marc-André Lureau Mark Cave-Ayland Markus Armbruster Max Filippov Max Reitz Michael Tokarev Paolo Bonzini Peter Maydell Peter Xu Pranith Kumar Prasad J Pandit Richard Henderson Richard W.M. Jones Riku Voipio Sergey Fedorov Sergey Fedorov Stefan Hajnoczi Stefan Weil Thomas Huth Timothy E Baldwin Timothy Edward Baldwin Vadim Rozenfeld Wei Jiangang xiaoqiang zhao Yi Min Zhao Zhou Jie jobs: build-amd64-xsm pass build-armhf-xsm broken build-i386-xsm pass build-amd64 pass build-armhf broken build-i386 pass build-amd64-libvirt pass build-armhf-libvirt blocked build-i386-libvirt pass build-amd64-pvops pass build-armhf-pvops broken build-i386-pvops pass test-amd64-amd64-xl pass test-armhf-armhf-xl blocked test-amd64-i386-xl pass test-amd64-amd64-libvirt-qemuu-debianhvm-amd64-xsm pass test-amd64-i386-libvirt-qemuu-debianhvm-amd64-xsm pass test-amd64-amd64-xl-qemuu-debianhvm-amd64-xsm pass test-amd64-i386-xl-qemuu-debianhvm-amd64-xsm pass test-amd64-amd64-libvirt-xsm pass test-armhf-armhf-libvirt-xsm blocked test-amd64-i386-libvirt-xsm pass test-amd64-amd64-xl-xsm pass test-armhf-armhf-xl-xsm blocked test-amd64-i386-xl-xsm pass test-amd64-amd64-qemuu-nested-amd fail test-amd64-amd64-xl-pvh-amd fail test-amd64-i386-qemuu-rhel6hvm-amd pass test-amd64-amd64-xl-qemuu-debianhvm-amd64 pass test-amd64-i386-xl-qemuu-debianhvm-amd64 pass test-amd64-i386-freebsd10-amd64 pass test-amd64-amd64-xl-qemuu-ovmf-amd64 pass test-amd64-i386-xl-qemuu-ovmf-amd64 pass test-amd64-amd64-xl-qemuu-win7-amd64 fail test-amd64-i386-xl-qemuu-win7-amd64 fail test-amd64-amd64-xl-credit2 pass test-armhf-armhf-xl-credit2 blocked test-amd64-i386-freebsd10-i386 pass test-amd64-amd64-qemuu-nested-intel fail test-amd64-amd64-xl-pvh-intel fail test-amd64-i386-qemuu-rhel6hvm-intel pass test-amd64-amd64-libvirt pass test-armhf-armhf-libvirt blocked test-amd64-i386-libvirt pass test-armhf-armhf-xl-midway blocked test-amd64-amd64-xl-multivcpu pass test-armhf-armhf-xl-multivcpu blocked test-amd64-amd64-pair pass test-amd64-i386-pair pass test-amd64-amd64-libvirt-pair pass test-amd64-i386-libvirt-pair pass test-amd64-amd64-amd64-pvgrub fail test-amd64-amd64-i386-pvgrub pass test-amd64-amd64-pygrub pass test-armhf-armhf-libvirt-qcow2 blocked test-amd64-amd64-xl-qcow2 pass test-armhf-armhf-libvirt-raw blocked test-amd64-i386-xl-raw pass test-amd64-amd64-xl-rtds pass test-armhf-armhf-xl-rtds blocked test-amd64-i386-xl-qemuu-winxpsp3-vcpus1 pass test-amd64-amd64-libvirt-vhd pass test-armhf-armhf-xl-vhd blocked test-amd64-amd64-xl-qemuu-winxpsp3 pass test-amd64-i386-xl-qemuu-winxpsp3 pass ------------------------------------------------------------ sg-report-flight on osstest.xs.citrite.net logs: /home/osstest/logs images: /home/osstest/images Logs, config files, etc. are available at http://osstest.xs.citrite.net/~osstest/testlogs/logs Test harness code can be found at http://xenbits.xensource.com/gitweb?p=osstest.git;a=summary broken-step build-armhf host-install(3) broken build-armhf capture-logs !broken broken build-armhf-xsm capture-logs !broken broken-step build-armhf-xsm host-install(3) broken-step build-armhf-pvops host-install(3) broken build-armhf-pvops capture-logs !broken Push not applicable. (No revision log; it would be 5936 lines long.) --===============2924913967620118021== Content-Type: text/plain; charset="utf-8" MIME-Version: 1.0 Content-Transfer-Encoding: base64 Content-Disposition: inline X19fX19fX19fX19fX19fX19fX19fX19fX19fX19fX19fX19fX19fX19fX19fX18KWGVuLWRldmVs IG1haWxpbmcgbGlzdApYZW4tZGV2ZWxAbGlzdHMueGVuLm9yZwpodHRwOi8vbGlzdHMueGVuLm9y Zy94ZW4tZGV2ZWwK --===============2924913967620118021==--