* [qemu-mainline baseline-only test] 66485: trouble: blocked/broken/fail/pass
@ 2016-07-02 3:24 Platform Team regression test user
0 siblings, 0 replies; only message in thread
From: Platform Team regression test user @ 2016-07-02 3:24 UTC (permalink / raw)
To: xen-devel, osstest-admin
[-- Attachment #1: Type: text/plain, Size: 11184 bytes --]
This run is configured for baseline tests only.
flight 66485 qemu-mainline real [real]
http://osstest.xs.citrite.net/~osstest/testlogs/logs/66485/
Failures and problems with tests :-(
Tests which did not succeed and are blocking,
including tests which could not be run:
build-armhf 4 capture-logs !broken [st=!broken!]
build-armhf-xsm 4 capture-logs !broken [st=!broken!]
build-armhf-pvops 4 capture-logs !broken [st=!broken!]
Regressions which are regarded as allowable (not blocking):
build-armhf 3 host-install(3) broken like 44425
build-armhf-xsm 3 host-install(3) broken like 44425
build-armhf-pvops 3 host-install(3) broken like 44425
test-amd64-amd64-qemuu-nested-intel 16 debian-hvm-install/l1/l2 fail blocked in 44425
test-amd64-amd64-amd64-pvgrub 10 guest-start fail like 44425
Tests which did not succeed, but are not blocking:
build-armhf-libvirt 1 build-check(1) blocked n/a
test-armhf-armhf-libvirt-xsm 1 build-check(1) blocked n/a
test-armhf-armhf-xl-xsm 1 build-check(1) blocked n/a
test-armhf-armhf-xl-multivcpu 1 build-check(1) blocked n/a
test-armhf-armhf-xl-midway 1 build-check(1) blocked n/a
test-armhf-armhf-xl-vhd 1 build-check(1) blocked n/a
test-armhf-armhf-xl-rtds 1 build-check(1) blocked n/a
test-armhf-armhf-libvirt 1 build-check(1) blocked n/a
test-armhf-armhf-libvirt-qcow2 1 build-check(1) blocked n/a
test-armhf-armhf-libvirt-raw 1 build-check(1) blocked n/a
test-armhf-armhf-xl 1 build-check(1) blocked n/a
test-armhf-armhf-xl-credit2 1 build-check(1) blocked n/a
test-amd64-amd64-xl-pvh-intel 11 guest-start fail never pass
test-amd64-amd64-xl-pvh-amd 11 guest-start fail never pass
test-amd64-amd64-libvirt 12 migrate-support-check fail never pass
test-amd64-amd64-libvirt-xsm 12 migrate-support-check fail never pass
test-amd64-i386-libvirt 12 migrate-support-check fail never pass
test-amd64-i386-libvirt-xsm 12 migrate-support-check fail never pass
test-amd64-i386-libvirt-qemuu-debianhvm-amd64-xsm 10 migrate-support-check fail never pass
test-amd64-amd64-qemuu-nested-amd 16 debian-hvm-install/l1/l2 fail never pass
test-amd64-amd64-libvirt-qemuu-debianhvm-amd64-xsm 10 migrate-support-check fail never pass
test-amd64-amd64-libvirt-vhd 11 migrate-support-check fail never pass
test-amd64-i386-xl-qemuu-win7-amd64 16 guest-stop fail never pass
test-amd64-amd64-xl-qemuu-win7-amd64 16 guest-stop fail never pass
version targeted for testing:
qemuu d6550e9ed2e1a60d889dfb721de00d9a4e3bafbe
baseline version:
qemuu c98e7937119503d06dbb494b7e4806ec66a27df0
Last test of basis 44425 2016-05-17 23:20:21 Z 45 days
Testing same since 66485 2016-07-01 10:47:40 Z 0 days 1 attempts
------------------------------------------------------------
People who touched revisions under test:
Alberto Garcia <berto@igalia.com>
Alex Williamson <alex.williamson@redhat.com>
Alexander Yarygin <yarygin@linux.vnet.ibm.com>
Alexey Kardashevskiy <aik@ozlabs.ru>
Amit Shah <amit.shah@redhat.com>
Andreas Färber <afaerber@suse.de>
Andreas Färber <andreas.faerber@web.de>
Anthony PERARD <anthony.perard@citrix.com>
Bandan Das <bsd@redhat.com>
Cao jin <caoj.fnst@cn.fujitsu.com>
Changlong Xie <xiecl.fnst@cn.fujitsu.com>
Chen Gang <chengang@emindsoft.com.cn>
Chen Gang <gang.chen.5i5j@gmail.com>
Christian Borntraeger <borntraeger@de.ibm.com>
Christopher Covington <cov@codeaurora.org>
Cornelia Huck <cornelia.huck@de.ibm.com>
Daniel P. Berrange <berrange@redhat.com>
David Gibson <david@gibson.dropbear.id.au>
Denis V. Lunev <den@openvz.org>
Dominik Dingel <dingel@linux.vnet.ibm.com>
Eduardo Habkost <ehabkost@redhat.com>
Eric Blake <eblake@redhat.com>
Fam Zheng <famz@redhat.com>
Fan Zhang <zhangfan@linux.vnet.ibm.com>
Gerd Hoffmann <kraxel@redhat.com>
Gonglei <arei.gonglei@huawei.com>
Greg Kurz <gkurz@linux.vnet.ibm.com>
Hollis Blanchard <hollis_blanchard@mentor.com>
Igor Mammedov <imammedo@redhat.com>
Jason J. Herne <jjherne@linux.vnet.ibm.com>
Jianjun Duan <duanj@linux.vnet.ibm.com>
John Snow <jsnow@redhat.com>
Juan Quintela <quintela@redhat.com>
Juergen Gross <jgross@suse.com>
Kevin Wolf <kwolf@redhat.com>
Laurent Vivier <laurent@vivier.eu>
Li Zhijian <lizhijian@cn.fujitsu.com>
Marc-André Lureau <marcandre.lureau@redhat.com>
Mark Cave-Ayland <mark.cave-ayland@ilande.co.uk>
Markus Armbruster <armbru@redhat.com>
Max Filippov <jcmvbkbc@gmail.com>
Max Reitz <mreitz@redhat.com>
Michael Tokarev <mjt@tls.msk.ru>
Paolo Bonzini <pbonzini@redhat.com>
Peter Maydell <peter.maydell@linaro.org>
Peter Xu <peterx@redhat.com>
Pranith Kumar <bobby.prani@gmail.com>
Prasad J Pandit <pjp@fedoraproject.org>
Richard Henderson <rth@twiddle.net>
Richard W.M. Jones <rjones@redhat.com>
Riku Voipio <riku.voipio@linaro.org>
Sergey Fedorov <serge.fdrv@gmail.com>
Sergey Fedorov <sergey.fedorov@linaro.org>
Stefan Hajnoczi <stefanha@redhat.com>
Stefan Weil <sw@weilnetz.de>
Thomas Huth <thuth@redhat.com>
Timothy E Baldwin <T.E.Baldwin99@members.leeds.ac.uk>
Timothy Edward Baldwin <T.E.Baldwin99@members.leeds.ac.uk>
Vadim Rozenfeld <vrozenfe@redhat.com>
Wei Jiangang <weijg.fnst@cn.fujitsu.com>
xiaoqiang zhao <zxq_yx_007@163.com>
Yi Min Zhao <zyimin@linux.vnet.ibm.com>
Zhou Jie <zhoujie2011@cn.fujitsu.com>
jobs:
build-amd64-xsm pass
build-armhf-xsm broken
build-i386-xsm pass
build-amd64 pass
build-armhf broken
build-i386 pass
build-amd64-libvirt pass
build-armhf-libvirt blocked
build-i386-libvirt pass
build-amd64-pvops pass
build-armhf-pvops broken
build-i386-pvops pass
test-amd64-amd64-xl pass
test-armhf-armhf-xl blocked
test-amd64-i386-xl pass
test-amd64-amd64-libvirt-qemuu-debianhvm-amd64-xsm pass
test-amd64-i386-libvirt-qemuu-debianhvm-amd64-xsm pass
test-amd64-amd64-xl-qemuu-debianhvm-amd64-xsm pass
test-amd64-i386-xl-qemuu-debianhvm-amd64-xsm pass
test-amd64-amd64-libvirt-xsm pass
test-armhf-armhf-libvirt-xsm blocked
test-amd64-i386-libvirt-xsm pass
test-amd64-amd64-xl-xsm pass
test-armhf-armhf-xl-xsm blocked
test-amd64-i386-xl-xsm pass
test-amd64-amd64-qemuu-nested-amd fail
test-amd64-amd64-xl-pvh-amd fail
test-amd64-i386-qemuu-rhel6hvm-amd pass
test-amd64-amd64-xl-qemuu-debianhvm-amd64 pass
test-amd64-i386-xl-qemuu-debianhvm-amd64 pass
test-amd64-i386-freebsd10-amd64 pass
test-amd64-amd64-xl-qemuu-ovmf-amd64 pass
test-amd64-i386-xl-qemuu-ovmf-amd64 pass
test-amd64-amd64-xl-qemuu-win7-amd64 fail
test-amd64-i386-xl-qemuu-win7-amd64 fail
test-amd64-amd64-xl-credit2 pass
test-armhf-armhf-xl-credit2 blocked
test-amd64-i386-freebsd10-i386 pass
test-amd64-amd64-qemuu-nested-intel fail
test-amd64-amd64-xl-pvh-intel fail
test-amd64-i386-qemuu-rhel6hvm-intel pass
test-amd64-amd64-libvirt pass
test-armhf-armhf-libvirt blocked
test-amd64-i386-libvirt pass
test-armhf-armhf-xl-midway blocked
test-amd64-amd64-xl-multivcpu pass
test-armhf-armhf-xl-multivcpu blocked
test-amd64-amd64-pair pass
test-amd64-i386-pair pass
test-amd64-amd64-libvirt-pair pass
test-amd64-i386-libvirt-pair pass
test-amd64-amd64-amd64-pvgrub fail
test-amd64-amd64-i386-pvgrub pass
test-amd64-amd64-pygrub pass
test-armhf-armhf-libvirt-qcow2 blocked
test-amd64-amd64-xl-qcow2 pass
test-armhf-armhf-libvirt-raw blocked
test-amd64-i386-xl-raw pass
test-amd64-amd64-xl-rtds pass
test-armhf-armhf-xl-rtds blocked
test-amd64-i386-xl-qemuu-winxpsp3-vcpus1 pass
test-amd64-amd64-libvirt-vhd pass
test-armhf-armhf-xl-vhd blocked
test-amd64-amd64-xl-qemuu-winxpsp3 pass
test-amd64-i386-xl-qemuu-winxpsp3 pass
------------------------------------------------------------
sg-report-flight on osstest.xs.citrite.net
logs: /home/osstest/logs
images: /home/osstest/images
Logs, config files, etc. are available at
http://osstest.xs.citrite.net/~osstest/testlogs/logs
Test harness code can be found at
http://xenbits.xensource.com/gitweb?p=osstest.git;a=summary
broken-step build-armhf host-install(3)
broken build-armhf capture-logs !broken
broken build-armhf-xsm capture-logs !broken
broken-step build-armhf-xsm host-install(3)
broken-step build-armhf-pvops host-install(3)
broken build-armhf-pvops capture-logs !broken
Push not applicable.
(No revision log; it would be 5936 lines long.)
[-- Attachment #2: Type: text/plain, Size: 126 bytes --]
_______________________________________________
Xen-devel mailing list
Xen-devel@lists.xen.org
http://lists.xen.org/xen-devel
^ permalink raw reply [flat|nested] only message in thread
only message in thread, other threads:[~2016-07-02 3:24 UTC | newest]
Thread overview: (only message) (download: mbox.gz follow: Atom feed
-- links below jump to the message on this page --
2016-07-02 3:24 [qemu-mainline baseline-only test] 66485: trouble: blocked/broken/fail/pass Platform Team regression test user
This is a public inbox, see mirroring instructions
for how to clone and mirror all data and code used for this inbox;
as well as URLs for NNTP newsgroup(s).