* [qemu-upstream-4.4-testing baseline-only test] 66488: regressions - FAIL
@ 2016-07-02 22:43 Platform Team regression test user
0 siblings, 0 replies; only message in thread
From: Platform Team regression test user @ 2016-07-02 22:43 UTC (permalink / raw)
To: xen-devel, osstest-admin
This run is configured for baseline tests only.
flight 66488 qemu-upstream-4.4-testing real [real]
http://osstest.xs.citrite.net/~osstest/testlogs/logs/66488/
Regressions :-(
Tests which did not succeed and are blocking,
including tests which could not be run:
test-amd64-amd64-xl-qcow2 21 leak-check/check fail REGR. vs. 44411
test-amd64-amd64-i386-pvgrub 10 guest-start fail REGR. vs. 44411
test-amd64-amd64-xl-qemuu-win7-amd64 15 guest-localmigrate/x10 fail REGR. vs. 44411
Regressions which are regarded as allowable (not blocking):
test-amd64-amd64-xl-credit2 19 guest-start/debian.repeat fail like 44411
test-amd64-amd64-pv 17 guest-localmigrate/x10 fail like 44411
Tests which did not succeed, but are not blocking:
test-amd64-amd64-libvirt 12 migrate-support-check fail never pass
test-amd64-amd64-qemuu-nested-intel 16 debian-hvm-install/l1/l2 fail never pass
test-amd64-amd64-qemuu-nested-amd 16 debian-hvm-install/l1/l2 fail never pass
test-amd64-i386-libvirt 12 migrate-support-check fail never pass
test-amd64-i386-xl-qemuu-win7-amd64 16 guest-stop fail never pass
test-amd64-amd64-libvirt-vhd 11 migrate-support-check fail never pass
version targeted for testing:
qemuu ca3d95113903ccffe52af3922bbf7bd14a9acc78
baseline version:
qemuu a2fd7eba04d4c69e4ee18a43eb6cf32aaffb3c98
Last test of basis 44411 2016-05-12 23:20:28 Z 50 days
Testing same since 66488 2016-07-01 10:51:34 Z 1 days 1 attempts
------------------------------------------------------------
People who touched revisions under test:
Anthony PERARD <anthony.perard@citrix.com>
Gerd Hoffmann <kraxel@redhat.com>
Ian Jackson <ian.jackson@eu.citrix.com>
Wei Liu <wei.liu2@citrix.com>
jobs:
build-amd64-xend pass
build-i386-xend pass
build-amd64 pass
build-i386 pass
build-amd64-libvirt pass
build-i386-libvirt pass
build-amd64-pvops pass
build-i386-pvops pass
test-amd64-amd64-xl pass
test-amd64-i386-xl pass
test-amd64-amd64-qemuu-nested-amd fail
test-amd64-i386-qemuu-rhel6hvm-amd pass
test-amd64-amd64-xl-qemuu-debianhvm-amd64 pass
test-amd64-i386-xl-qemuu-debianhvm-amd64 pass
test-amd64-i386-freebsd10-amd64 pass
test-amd64-amd64-xl-qemuu-ovmf-amd64 pass
test-amd64-i386-xl-qemuu-ovmf-amd64 pass
test-amd64-amd64-xl-qemuu-win7-amd64 fail
test-amd64-i386-xl-qemuu-win7-amd64 fail
test-amd64-amd64-xl-credit2 fail
test-amd64-i386-freebsd10-i386 pass
test-amd64-amd64-qemuu-nested-intel fail
test-amd64-i386-qemuu-rhel6hvm-intel pass
test-amd64-amd64-libvirt pass
test-amd64-i386-libvirt pass
test-amd64-amd64-xl-multivcpu pass
test-amd64-amd64-pair pass
test-amd64-i386-pair pass
test-amd64-amd64-libvirt-pair pass
test-amd64-i386-libvirt-pair pass
test-amd64-amd64-pv fail
test-amd64-i386-pv pass
test-amd64-amd64-amd64-pvgrub pass
test-amd64-amd64-i386-pvgrub fail
test-amd64-amd64-pygrub pass
test-amd64-amd64-xl-qcow2 fail
test-amd64-i386-xl-raw pass
test-amd64-i386-xl-qemuu-winxpsp3-vcpus1 pass
test-amd64-amd64-libvirt-vhd pass
test-amd64-amd64-xl-qemuu-winxpsp3 pass
------------------------------------------------------------
sg-report-flight on osstest.xs.citrite.net
logs: /home/osstest/logs
images: /home/osstest/images
Logs, config files, etc. are available at
http://osstest.xs.citrite.net/~osstest/testlogs/logs
Test harness code can be found at
http://xenbits.xensource.com/gitweb?p=osstest.git;a=summary
Push not applicable.
------------------------------------------------------------
commit ca3d95113903ccffe52af3922bbf7bd14a9acc78
Author: Ian Jackson <ian.jackson@eu.citrix.com>
Date: Thu May 26 16:21:56 2016 +0100
main loop: Big hammer to fix logfile disk DoS in Xen setups
Each time round the main loop, we now fstat stderr. If it is too big,
we dup2 /dev/null onto it. This is not a very pretty patch but it is
very simple, easy to see that it's correct, and has a low risk of
collateral damage.
There is no limit by default but can be adjusted by setting a new
environment variable.
This fixes CVE-2014-3672.
Signed-off-by: Ian Jackson <Ian.Jackson@eu.citrix.com>
Tested-by: Ian Jackson <Ian.Jackson@eu.citrix.com>
Set the default to 0 so that it won't affect non-xen installation. The
limit will be set by Xen toolstack.
Signed-off-by: Wei Liu <wei.liu2@citrix.com>
Acked-by: Ian Jackson <ian.jackson@eu.citrix.com>
Acked-by: Anthony PERARD <anthony.perard@citrix.com>
(cherry picked from commit 44a072f0de0d57c95c2212bbce02888832b7b74f)
commit 215e147975de7a53f9828f027b8252628ea6d527
Author: Gerd Hoffmann <kraxel@redhat.com>
Date: Tue May 17 10:54:54 2016 +0200
vga: add sr_vbe register set
Commit "fd3c136 vga: make sure vga register setup for vbe stays intact
(CVE-2016-3712)." causes a regression. The win7 installer is unhappy
because it can't freely modify vga registers any more while in vbe mode.
This patch introduces a new sr_vbe register set. The vbe_update_vgaregs
will fill sr_vbe[] instead of sr[]. Normal vga register reads and
writes go to sr[]. Any sr register read access happens through a new
sr() helper function which will read from sr_vbe[] with vbe active and
from sr[] otherwise.
This way we can allow guests update sr[] registers as they want, without
allowing them disrupt vbe video modes that way.
upstream-commit-id: 94ef4f337fb614f18b765a8e0e878a4c23cdedcd
Cc: qemu-stable@nongnu.org
Reported-by: Thomas Lamprecht <thomas@lamprecht.org>
Signed-off-by: Gerd Hoffmann <kraxel@redhat.com>
Message-id: 1463475294-14119-1-git-send-email-kraxel@redhat.com
_______________________________________________
Xen-devel mailing list
Xen-devel@lists.xen.org
http://lists.xen.org/xen-devel
^ permalink raw reply [flat|nested] only message in thread
only message in thread, other threads:[~2016-07-02 22:43 UTC | newest]
Thread overview: (only message) (download: mbox.gz follow: Atom feed
-- links below jump to the message on this page --
2016-07-02 22:43 [qemu-upstream-4.4-testing baseline-only test] 66488: regressions - FAIL Platform Team regression test user
This is a public inbox, see mirroring instructions
for how to clone and mirror all data and code used for this inbox;
as well as URLs for NNTP newsgroup(s).