* [qemu-upstream-4.6-testing baseline-only test] 66491: regressions - trouble: blocked/broken/fail/pass
@ 2016-07-03 13:05 Platform Team regression test user
0 siblings, 0 replies; only message in thread
From: Platform Team regression test user @ 2016-07-03 13:05 UTC (permalink / raw)
To: xen-devel, osstest-admin
This run is configured for baseline tests only.
flight 66491 qemu-upstream-4.6-testing real [real]
http://osstest.xs.citrite.net/~osstest/testlogs/logs/66491/
Regressions :-(
Tests which did not succeed and are blocking,
including tests which could not be run:
build-armhf 4 capture-logs !broken [st=!broken!]
build-armhf-pvops 4 capture-logs !broken [st=!broken!]
build-armhf-xsm 4 capture-logs !broken [st=!broken!]
test-amd64-amd64-i386-pvgrub 10 guest-start fail REGR. vs. 44405
test-amd64-amd64-amd64-pvgrub 10 guest-start fail REGR. vs. 44405
Regressions which are regarded as allowable (not blocking):
build-armhf-pvops 3 host-install(3) broken like 44405
build-armhf 3 host-install(3) broken like 44405
build-armhf-xsm 3 host-install(3) broken like 44405
test-amd64-i386-xl-qemuu-win7-amd64 16 guest-stop fail REGR. vs. 44405
Tests which did not succeed, but are not blocking:
build-armhf-libvirt 1 build-check(1) blocked n/a
test-armhf-armhf-libvirt-xsm 1 build-check(1) blocked n/a
test-armhf-armhf-xl-xsm 1 build-check(1) blocked n/a
test-armhf-armhf-libvirt 1 build-check(1) blocked n/a
test-armhf-armhf-libvirt-raw 1 build-check(1) blocked n/a
test-armhf-armhf-xl 1 build-check(1) blocked n/a
test-armhf-armhf-xl-vhd 1 build-check(1) blocked n/a
test-armhf-armhf-xl-rtds 1 build-check(1) blocked n/a
test-armhf-armhf-xl-multivcpu 1 build-check(1) blocked n/a
test-armhf-armhf-xl-midway 1 build-check(1) blocked n/a
test-armhf-armhf-libvirt-qcow2 1 build-check(1) blocked n/a
test-armhf-armhf-xl-credit2 1 build-check(1) blocked n/a
test-amd64-amd64-xl-pvh-intel 11 guest-start fail never pass
test-amd64-amd64-xl-pvh-amd 11 guest-start fail never pass
test-amd64-i386-libvirt 12 migrate-support-check fail never pass
test-amd64-i386-libvirt-xsm 12 migrate-support-check fail never pass
test-amd64-amd64-libvirt 12 migrate-support-check fail never pass
test-amd64-amd64-libvirt-xsm 12 migrate-support-check fail never pass
test-amd64-amd64-qemuu-nested-amd 16 debian-hvm-install/l1/l2 fail never pass
test-amd64-i386-libvirt-qemuu-debianhvm-amd64-xsm 10 migrate-support-check fail never pass
test-amd64-amd64-libvirt-vhd 11 migrate-support-check fail never pass
test-amd64-amd64-libvirt-qemuu-debianhvm-amd64-xsm 10 migrate-support-check fail never pass
test-amd64-amd64-xl-qemuu-win7-amd64 16 guest-stop fail never pass
version targeted for testing:
qemuu 7a88f1257d5261a7bee98facdb97f50d5553060e
baseline version:
qemuu 14a60f98e0cd16e2636afb136129ed7f11cbfce0
Last test of basis 44405 2016-05-11 08:00:51 Z 53 days
Testing same since 66491 2016-07-01 10:53:57 Z 2 days 1 attempts
------------------------------------------------------------
People who touched revisions under test:
Anthony PERARD <anthony.perard@citrix.com>
Gerd Hoffmann <kraxel@redhat.com>
Ian Jackson <ian.jackson@eu.citrix.com>
Paolo Bonzini <pbonzini@redhat.com>
Stefan Hajnoczi <stefanha@redhat.com>
Wei Liu <wei.liu2@citrix.com>
jobs:
build-amd64-xsm pass
build-armhf-xsm broken
build-i386-xsm pass
build-amd64 pass
build-armhf broken
build-i386 pass
build-amd64-libvirt pass
build-armhf-libvirt blocked
build-i386-libvirt pass
build-amd64-pvops pass
build-armhf-pvops broken
build-i386-pvops pass
test-amd64-amd64-xl pass
test-armhf-armhf-xl blocked
test-amd64-i386-xl pass
test-amd64-amd64-libvirt-qemuu-debianhvm-amd64-xsm pass
test-amd64-i386-libvirt-qemuu-debianhvm-amd64-xsm pass
test-amd64-amd64-xl-qemuu-debianhvm-amd64-xsm pass
test-amd64-i386-xl-qemuu-debianhvm-amd64-xsm pass
test-amd64-amd64-libvirt-xsm pass
test-armhf-armhf-libvirt-xsm blocked
test-amd64-i386-libvirt-xsm pass
test-amd64-amd64-xl-xsm pass
test-armhf-armhf-xl-xsm blocked
test-amd64-i386-xl-xsm pass
test-amd64-amd64-qemuu-nested-amd fail
test-amd64-amd64-xl-pvh-amd fail
test-amd64-i386-qemuu-rhel6hvm-amd pass
test-amd64-amd64-xl-qemuu-debianhvm-amd64 pass
test-amd64-i386-xl-qemuu-debianhvm-amd64 pass
test-amd64-i386-freebsd10-amd64 pass
test-amd64-amd64-xl-qemuu-ovmf-amd64 pass
test-amd64-i386-xl-qemuu-ovmf-amd64 pass
test-amd64-amd64-xl-qemuu-win7-amd64 fail
test-amd64-i386-xl-qemuu-win7-amd64 fail
test-amd64-amd64-xl-credit2 pass
test-armhf-armhf-xl-credit2 blocked
test-amd64-i386-freebsd10-i386 pass
test-amd64-amd64-qemuu-nested-intel pass
test-amd64-amd64-xl-pvh-intel fail
test-amd64-i386-qemuu-rhel6hvm-intel pass
test-amd64-amd64-libvirt pass
test-armhf-armhf-libvirt blocked
test-amd64-i386-libvirt pass
test-armhf-armhf-xl-midway blocked
test-amd64-amd64-xl-multivcpu pass
test-armhf-armhf-xl-multivcpu blocked
test-amd64-amd64-pair pass
test-amd64-i386-pair pass
test-amd64-amd64-libvirt-pair pass
test-amd64-i386-libvirt-pair pass
test-amd64-amd64-amd64-pvgrub fail
test-amd64-amd64-i386-pvgrub fail
test-amd64-amd64-pygrub pass
test-armhf-armhf-libvirt-qcow2 blocked
test-amd64-amd64-xl-qcow2 pass
test-armhf-armhf-libvirt-raw blocked
test-amd64-i386-xl-raw pass
test-amd64-amd64-xl-rtds pass
test-armhf-armhf-xl-rtds blocked
test-amd64-i386-xl-qemuu-winxpsp3-vcpus1 pass
test-amd64-amd64-libvirt-vhd pass
test-armhf-armhf-xl-vhd blocked
test-amd64-amd64-xl-qemuu-winxpsp3 pass
test-amd64-i386-xl-qemuu-winxpsp3 pass
------------------------------------------------------------
sg-report-flight on osstest.xs.citrite.net
logs: /home/osstest/logs
images: /home/osstest/images
Logs, config files, etc. are available at
http://osstest.xs.citrite.net/~osstest/testlogs/logs
Test harness code can be found at
http://xenbits.xensource.com/gitweb?p=osstest.git;a=summary
broken-step build-armhf-pvops host-install(3)
broken-step build-armhf host-install(3)
broken build-armhf capture-logs !broken
broken build-armhf-pvops capture-logs !broken
broken build-armhf-xsm capture-logs !broken
broken-step build-armhf-xsm host-install(3)
Push not applicable.
------------------------------------------------------------
commit 7a88f1257d5261a7bee98facdb97f50d5553060e
Author: Paolo Bonzini <pbonzini@redhat.com>
Date: Wed Sep 16 17:38:44 2015 +0200
trace: remove malloc tracing
The malloc vtable is not supported anymore in glib, because it broke
when constructors called g_malloc. Remove tracing of g_malloc,
g_realloc and g_free calls.
Note that, for systemtap users, glib also provides tracepoints
glib.mem_alloc, glib.mem_free, glib.mem_realloc, glib.slice_alloc
and glib.slice_free.
Signed-off-by: Paolo Bonzini <pbonzini@redhat.com>
Reviewed-by: Alberto Garcia <berto@igalia.com>
Message-id: 1442417924-25831-1-git-send-email-pbonzini@redhat.com
Signed-off-by: Stefan Hajnoczi <stefanha@redhat.com>
upstream-commit-id: 98cf48f60aa4999f5b2808569a193a401a390e6a
commit aa38966b6fb6008c290f1c6af97af24906ee5159
Author: Ian Jackson <ian.jackson@eu.citrix.com>
Date: Thu May 26 16:21:56 2016 +0100
main loop: Big hammer to fix logfile disk DoS in Xen setups
Each time round the main loop, we now fstat stderr. If it is too big,
we dup2 /dev/null onto it. This is not a very pretty patch but it is
very simple, easy to see that it's correct, and has a low risk of
collateral damage.
There is no limit by default but can be adjusted by setting a new
environment variable.
This fixes CVE-2014-3672.
Signed-off-by: Ian Jackson <Ian.Jackson@eu.citrix.com>
Tested-by: Ian Jackson <Ian.Jackson@eu.citrix.com>
Set the default to 0 so that it won't affect non-xen installation. The
limit will be set by Xen toolstack.
Signed-off-by: Wei Liu <wei.liu2@citrix.com>
Acked-by: Ian Jackson <ian.jackson@eu.citrix.com>
Acked-by: Anthony PERARD <anthony.perard@citrix.com>
(cherry picked from commit 44a072f0de0d57c95c2212bbce02888832b7b74f)
commit c5fbb56ac828eb7080888fb2d8aa9faf370bdd5c
Author: Gerd Hoffmann <kraxel@redhat.com>
Date: Tue May 17 10:54:54 2016 +0200
vga: add sr_vbe register set
Commit "fd3c136 vga: make sure vga register setup for vbe stays intact
(CVE-2016-3712)." causes a regression. The win7 installer is unhappy
because it can't freely modify vga registers any more while in vbe mode.
This patch introduces a new sr_vbe register set. The vbe_update_vgaregs
will fill sr_vbe[] instead of sr[]. Normal vga register reads and
writes go to sr[]. Any sr register read access happens through a new
sr() helper function which will read from sr_vbe[] with vbe active and
from sr[] otherwise.
This way we can allow guests update sr[] registers as they want, without
allowing them disrupt vbe video modes that way.
upstream-commit-id: 94ef4f337fb614f18b765a8e0e878a4c23cdedcd
Cc: qemu-stable@nongnu.org
Reported-by: Thomas Lamprecht <thomas@lamprecht.org>
Signed-off-by: Gerd Hoffmann <kraxel@redhat.com>
Message-id: 1463475294-14119-1-git-send-email-kraxel@redhat.com
_______________________________________________
Xen-devel mailing list
Xen-devel@lists.xen.org
http://lists.xen.org/xen-devel
^ permalink raw reply [flat|nested] only message in thread
only message in thread, other threads:[~2016-07-03 13:05 UTC | newest]
Thread overview: (only message) (download: mbox.gz follow: Atom feed
-- links below jump to the message on this page --
2016-07-03 13:05 [qemu-upstream-4.6-testing baseline-only test] 66491: regressions - trouble: blocked/broken/fail/pass Platform Team regression test user
This is a public inbox, see mirroring instructions
for how to clone and mirror all data and code used for this inbox;
as well as URLs for NNTP newsgroup(s).