From mboxrd@z Thu Jan 1 00:00:00 1970 From: Platform Team regression test user Subject: [linux-3.18 baseline-only test] 66492: trouble: blocked/broken/fail/pass Date: Wed, 6 Jul 2016 16:13:55 +0100 Message-ID: Mime-Version: 1.0 Content-Type: multipart/mixed; boundary="===============9088165266237513071==" Return-path: List-Unsubscribe: , List-Post: List-Help: List-Subscribe: , Errors-To: xen-devel-bounces@lists.xen.org Sender: "Xen-devel" To: xen-devel@lists.xensource.com, osstest-admin@xenproject.org List-Id: xen-devel@lists.xenproject.org --===============9088165266237513071== Content-Type: text/plain This run is configured for baseline tests only. flight 66492 linux-3.18 real [real] http://osstest.xs.citrite.net/~osstest/testlogs/logs/66492/ Failures and problems with tests :-( Tests which did not succeed and are blocking, including tests which could not be run: build-amd64-rumpuserxen 4 capture-logs !broken [st=!broken!] build-armhf-pvops 4 capture-logs !broken [st=!broken!] build-armhf-xsm 4 capture-logs !broken [st=!broken!] build-armhf 4 capture-logs !broken [st=!broken!] build-amd64-rumpuserxen 3 host-install(3) broken REGR. vs. 44416 Regressions which are regarded as allowable (not blocking): build-armhf-pvops 3 host-install(3) broken like 44416 build-armhf-xsm 3 host-install(3) broken like 44416 build-armhf 3 host-install(3) broken like 44416 build-i386-rumpuserxen 6 xen-build fail like 44416 Tests which did not succeed, but are not blocking: build-armhf-libvirt 1 build-check(1) blocked n/a test-armhf-armhf-xl 1 build-check(1) blocked n/a test-armhf-armhf-xl-xsm 1 build-check(1) blocked n/a test-armhf-armhf-xl-multivcpu 1 build-check(1) blocked n/a test-armhf-armhf-libvirt 1 build-check(1) blocked n/a test-armhf-armhf-libvirt-qcow2 1 build-check(1) blocked n/a test-armhf-armhf-libvirt-raw 1 build-check(1) blocked n/a test-armhf-armhf-xl-vhd 1 build-check(1) blocked n/a test-armhf-armhf-xl-credit2 1 build-check(1) blocked n/a test-armhf-armhf-xl-rtds 1 build-check(1) blocked n/a test-armhf-armhf-libvirt-xsm 1 build-check(1) blocked n/a test-armhf-armhf-xl-midway 1 build-check(1) blocked n/a test-amd64-amd64-rumpuserxen-amd64 1 build-check(1) blocked n/a test-amd64-i386-rumpuserxen-i386 1 build-check(1) blocked n/a test-amd64-amd64-xl-pvh-intel 14 guest-saverestore fail never pass test-amd64-amd64-xl-pvh-amd 11 guest-start fail never pass test-amd64-i386-libvirt 12 migrate-support-check fail never pass test-amd64-amd64-libvirt 12 migrate-support-check fail never pass test-amd64-i386-libvirt-xsm 12 migrate-support-check fail never pass test-amd64-amd64-libvirt-xsm 12 migrate-support-check fail never pass test-amd64-i386-libvirt-qemuu-debianhvm-amd64-xsm 10 migrate-support-check fail never pass test-amd64-amd64-qemuu-nested-amd 16 debian-hvm-install/l1/l2 fail never pass test-amd64-amd64-xl-qemut-win7-amd64 16 guest-stop fail never pass test-amd64-amd64-libvirt-qemuu-debianhvm-amd64-xsm 10 migrate-support-check fail never pass test-amd64-i386-xl-qemuu-win7-amd64 16 guest-stop fail never pass test-amd64-amd64-libvirt-vhd 11 migrate-support-check fail never pass test-amd64-amd64-xl-qemuu-win7-amd64 16 guest-stop fail never pass test-amd64-i386-xl-qemut-win7-amd64 16 guest-stop fail never pass version targeted for testing: linux d420f00c7bfb405884dd71fb7f87974f0d1be455 baseline version: linux 6b12ebc0ecce75d7bd3660cd85f8b47a615c2071 Last test of basis 44416 2016-05-14 19:20:44 Z 52 days Testing same since 66492 2016-07-01 10:54:36 Z 5 days 1 attempts ------------------------------------------------------------ People who touched revisions under test: "Eric W. Biederman" "Kirill A. Shutemov" AceLan Kao Adrian Hunter Al Viro Alan Stern Alex Deucher Andre Przywara Andreas Noever Andreas Werner Andrew Donnellan Andrew Jeffery Andrew Morton Andy Lutomirski # On a Dell XPS 13 9350 Anton Blanchard Aristeu Rozanski Arnaldo Carvalho de Melo Arnd Bergmann Artem Bityutskiy Axel Lin Ben Dooks Ben Skeggs Bjorn Helgaas Bob Copeland Bob Moore Bobi Mihalca Borislav Petkov Brian Norris Catalin Marinas Catalin Vasile Chen Yu Chris Bainbridge Chris Wilson Christoffer Dall Christopher Oo Chunyu Hu Conrad Kostecki cpaul@redhat.com Damien Wyart Dan Carpenter Daniel Lezcano Daniel Vetter Daniel Vetter Dave Airlie Dave Chinner Dave Chinner Dave Gerlach David S. Miller David Sterba David Vrabel Dexuan Cui Dibyajyoti Ghosh Dinh Nguyen Dmitry Torokhov Dmitry V. Levin Doug Ledford Eric Dumazet Eric Sandeen Eric W. Biederman Ewan D. Milne Ezequiel Garcia Felipe Balbi Felipe Balbi Fengwei Yin Fred Veldini Gavin Shan Geert Uytterhoeven Greg Kroah-Hartman Gregor Boirie Grygorii Strashko H. Nikolaus Schaller H. Peter Anvin Hans Verkuil Hans Verkuil Hans-Christoph Schemmel Hari Bathini Helge Deller Herbert Xu Hugh Dickins Ian Munsie Imre Deak Ingo Molnar Itai Handler J. Bruce Fields Jack Pham Jack Wang James Bottomley James E.J. Bottomley James Hogan Jan Kara Jan Stancek Jani Nikula Jann Horn Jasem Mutlaq Jason Gunthorpe Javier Martinez Canillas Jeff Layton Jiang Liu Jiri Slaby Johan Hovold Johannes Berg Johannes Thumshirn Jonathan Cameron Joonsoo Kim Joseph Salisbury Junxiao Bi K. Y. Srinivasan Kaho Ng Kalle Valo Kalle Valo Kevin Hilman Kirill A. Shutemov Kirill A. Shutemov Konstantin Khlebnikov ( backport for 3.18 ) Konstantin Khlebnikov Konstantin Shkolnyy Krzysztof Kozlowski Kuninori Morimoto Larry Finger Laszlo Ersek Lee Jones Lei Liu lei liu Linus Torvalds Linus Walleij Lukas Wunner Luke Dashjr Luke Dashjr Lv Zheng Lyude Maarten Lankhorst Maciej W. Rozycki Mahesh Salgaonkar Marc Kleine-Budde Marc Zyngier Marcel Holtmann Marek Szyprowski Mark Brown Martin K. Petersen Martin Willi Mathias Nyman Mathieu Malaterre Matt Fleming Matt Gumbel Matt Roper Matthew Giassa Matthias Schiffer Mauro Carvalho Chehab Maxim Patlasov Michael Ellerman Michael Neuling Michal Marek Michal Nazarewicz Mike Frysinger Mike Manning Miklos Szeredi Namhyung Kim Nicolai Stange Oleg Nesterov Oliver Hartkopp Olof Johansson Paolo Bonzini Patrik Jakobsson Paul Burton Paul Mackerras Peter Chen Peter Oberparleiter Peter Zijlstra (Intel) Prarit Bhargava Prasun Maiti Radim Krčmář Rafael J. Wysocki Raghava Aditya Renukunta Ralf Baechle Ray Jui Ricardo Ribalda Delgado Richard Weinberger Ricky Liang Rob Herring Robin Gong Roger Quadros Roman Pen Ross Lagerwall Russell Currey Russell King Sachin Prabhu Sander Eikelenboom Sascha Hauer Sasha Levin Schemmel Hans-Christoph Sergei Shtylyov Seth Forshee Shaohua Li Shyam Kaushik Simon Marchi Srinivas Eeda Srinivas Kandagatla Srinivas Pandruvada Stefan Metzmacher Stefano Stabellini Steve French Steve French Steven Rostedt (Red Hat) Steven Rostedt Sugar Zhang Takashi Iwai Tariq Saeed Tejun Heo Theodore Ts'o Thierry Reding Thomas Gleixner Thomas Huth Tom Lendacky Tomasz Figa Tomáš Trnka Tony Luck Tyler Hicks Ujjal Roy Ulf Hansson Vaibhav Jain Vik Heyndrickx Ville Syrjälä Vinod Koul Vitaly Kuznetsov Vittorio Gambaletta (VittGam) Vittorio Gambaletta Vlastimil Babka Wang YanQing Wanpeng Li Will Deacon Wolfram Sang Yura Pakhuchiy Zhao Qiang jobs: build-amd64-xsm pass build-armhf-xsm broken build-i386-xsm pass build-amd64 pass build-armhf broken build-i386 pass build-amd64-libvirt pass build-armhf-libvirt blocked build-i386-libvirt pass build-amd64-pvops pass build-armhf-pvops broken build-i386-pvops pass build-amd64-rumpuserxen broken build-i386-rumpuserxen fail test-amd64-amd64-xl pass test-armhf-armhf-xl blocked test-amd64-i386-xl pass test-amd64-amd64-xl-qemut-debianhvm-amd64-xsm pass test-amd64-i386-xl-qemut-debianhvm-amd64-xsm pass test-amd64-amd64-libvirt-qemuu-debianhvm-amd64-xsm pass test-amd64-i386-libvirt-qemuu-debianhvm-amd64-xsm pass test-amd64-amd64-xl-qemuu-debianhvm-amd64-xsm pass test-amd64-i386-xl-qemuu-debianhvm-amd64-xsm pass test-amd64-amd64-xl-qemut-stubdom-debianhvm-amd64-xsm pass test-amd64-i386-xl-qemut-stubdom-debianhvm-amd64-xsm pass test-amd64-amd64-libvirt-xsm pass test-armhf-armhf-libvirt-xsm blocked test-amd64-i386-libvirt-xsm pass test-amd64-amd64-xl-xsm pass test-armhf-armhf-xl-xsm blocked test-amd64-i386-xl-xsm pass test-amd64-amd64-qemuu-nested-amd fail test-amd64-amd64-xl-pvh-amd fail test-amd64-i386-qemut-rhel6hvm-amd pass test-amd64-i386-qemuu-rhel6hvm-amd pass test-amd64-amd64-xl-qemut-debianhvm-amd64 pass test-amd64-i386-xl-qemut-debianhvm-amd64 pass test-amd64-amd64-xl-qemuu-debianhvm-amd64 pass test-amd64-i386-xl-qemuu-debianhvm-amd64 pass test-amd64-i386-freebsd10-amd64 pass test-amd64-amd64-xl-qemuu-ovmf-amd64 pass test-amd64-i386-xl-qemuu-ovmf-amd64 pass test-amd64-amd64-rumpuserxen-amd64 blocked test-amd64-amd64-xl-qemut-win7-amd64 fail test-amd64-i386-xl-qemut-win7-amd64 fail test-amd64-amd64-xl-qemuu-win7-amd64 fail test-amd64-i386-xl-qemuu-win7-amd64 fail test-amd64-amd64-xl-credit2 pass test-armhf-armhf-xl-credit2 blocked test-amd64-i386-freebsd10-i386 pass test-amd64-i386-rumpuserxen-i386 blocked test-amd64-amd64-qemuu-nested-intel pass test-amd64-amd64-xl-pvh-intel fail test-amd64-i386-qemut-rhel6hvm-intel pass test-amd64-i386-qemuu-rhel6hvm-intel pass test-amd64-amd64-libvirt pass test-armhf-armhf-libvirt blocked test-amd64-i386-libvirt pass test-armhf-armhf-xl-midway blocked test-amd64-amd64-xl-multivcpu pass test-armhf-armhf-xl-multivcpu blocked test-amd64-amd64-pair pass test-amd64-i386-pair pass test-amd64-amd64-libvirt-pair pass test-amd64-i386-libvirt-pair pass test-amd64-amd64-amd64-pvgrub pass test-amd64-amd64-i386-pvgrub pass test-amd64-amd64-pygrub pass test-armhf-armhf-libvirt-qcow2 blocked test-amd64-amd64-xl-qcow2 pass test-armhf-armhf-libvirt-raw blocked test-amd64-i386-xl-raw pass test-amd64-amd64-xl-rtds pass test-armhf-armhf-xl-rtds blocked test-amd64-i386-xl-qemut-winxpsp3-vcpus1 pass test-amd64-i386-xl-qemuu-winxpsp3-vcpus1 pass test-amd64-amd64-libvirt-vhd pass test-armhf-armhf-xl-vhd blocked test-amd64-amd64-xl-qemut-winxpsp3 pass test-amd64-i386-xl-qemut-winxpsp3 pass test-amd64-amd64-xl-qemuu-winxpsp3 pass test-amd64-i386-xl-qemuu-winxpsp3 pass ------------------------------------------------------------ sg-report-flight on osstest.xs.citrite.net logs: /home/osstest/logs images: /home/osstest/images Logs, config files, etc. are available at http://osstest.xs.citrite.net/~osstest/testlogs/logs Test harness code can be found at http://xenbits.xensource.com/gitweb?p=osstest.git;a=summary broken build-amd64-rumpuserxen capture-logs !broken broken-step build-amd64-rumpuserxen host-install(3) broken-step build-armhf-pvops host-install(3) broken build-armhf-pvops capture-logs !broken broken build-armhf-xsm capture-logs !broken broken-step build-armhf-xsm host-install(3) broken-step build-armhf host-install(3) broken build-armhf capture-logs !broken Push not applicable. (No revision log; it would be 6330 lines long.) --===============9088165266237513071== Content-Type: text/plain; charset="utf-8" MIME-Version: 1.0 Content-Transfer-Encoding: base64 Content-Disposition: inline X19fX19fX19fX19fX19fX19fX19fX19fX19fX19fX19fX19fX19fX19fX19fX18KWGVuLWRldmVs IG1haWxpbmcgbGlzdApYZW4tZGV2ZWxAbGlzdHMueGVuLm9yZwpodHRwczovL2xpc3RzLnhlbi5v cmcveGVuLWRldmVsCg== --===============9088165266237513071==--