From mboxrd@z Thu Jan 1 00:00:00 1970 From: Platform Team regression test user Subject: [linux-3.14 baseline-only test] 66493: regressions - FAIL Date: Mon, 4 Jul 2016 04:28:12 +0100 Message-ID: Mime-Version: 1.0 Content-Type: multipart/mixed; boundary="===============6942150560877984195==" Return-path: List-Unsubscribe: , List-Post: List-Help: List-Subscribe: , Errors-To: xen-devel-bounces@lists.xen.org Sender: "Xen-devel" To: xen-devel@lists.xensource.com, osstest-admin@xenproject.org List-Id: xen-devel@lists.xenproject.org --===============6942150560877984195== Content-Type: text/plain This run is configured for baseline tests only. flight 66493 linux-3.14 real [real] http://osstest.xs.citrite.net/~osstest/testlogs/logs/66493/ Regressions :-( Tests which did not succeed and are blocking, including tests which could not be run: test-amd64-amd64-xl-qemut-debianhvm-amd64 6 xen-boot fail REGR. vs. 44408 test-amd64-amd64-xl-qemuu-winxpsp3 6 xen-boot fail REGR. vs. 44408 test-amd64-amd64-qemuu-nested-intel 16 debian-hvm-install/l1/l2 fail REGR. vs. 44408 Regressions which are regarded as allowable (not blocking): build-amd64-rumpuserxen 6 xen-build fail like 44408 build-i386-rumpuserxen 6 xen-build fail like 44408 test-amd64-i386-xl-qemuu-win7-amd64 16 guest-stop fail like 44408 test-amd64-amd64-xl-qemut-win7-amd64 16 guest-stop fail like 44408 test-amd64-amd64-xl-qemuu-win7-amd64 16 guest-stop fail like 44408 Tests which did not succeed, but are not blocking: test-amd64-amd64-rumpuserxen-amd64 1 build-check(1) blocked n/a test-amd64-i386-rumpuserxen-i386 1 build-check(1) blocked n/a test-amd64-amd64-xl-pvh-intel 11 guest-start fail never pass test-amd64-amd64-xl-pvh-amd 11 guest-start fail never pass test-amd64-i386-libvirt 12 migrate-support-check fail never pass test-amd64-amd64-libvirt-xsm 12 migrate-support-check fail never pass test-amd64-amd64-qemuu-nested-amd 16 debian-hvm-install/l1/l2 fail never pass test-amd64-amd64-libvirt 12 migrate-support-check fail never pass test-amd64-amd64-libvirt-qemuu-debianhvm-amd64-xsm 10 migrate-support-check fail never pass test-amd64-i386-libvirt-xsm 12 migrate-support-check fail never pass test-amd64-i386-libvirt-qemuu-debianhvm-amd64-xsm 10 migrate-support-check fail never pass test-amd64-i386-xl-qemut-win7-amd64 16 guest-stop fail never pass test-amd64-amd64-libvirt-vhd 11 migrate-support-check fail never pass version targeted for testing: linux 44dd5e6b1cf505485d839bd62d47e29a36232d67 baseline version: linux 1c767107ef341cdc080d44d3ee1c9ca1b6957ce0 Last test of basis 44408 2016-05-12 04:24:42 Z 52 days Testing same since 66493 2016-07-01 10:54:57 Z 2 days 1 attempts ------------------------------------------------------------ People who touched revisions under test: Adrian Hunter Al Viro Alex Deucher Allain Legacy Andi Kleen Andrew Morton Ben Hutchings Bernhard Thaler Bjorn Helgaas Catalin Vasile Chanwoo Choi Chas Williams <3chas3@gmail.com> Chen Yu Chris Friesen Chris Wilson Christoffer Dall Cong Wang Daniel Lezcano Daniel Vetter Daniel Vetter Dave Chinner Dave Chinner Dave Gerlach Dave Jones David S. Miller David Sterba David Vrabel Dibyajyoti Ghosh Dmitry Torokhov Edward Cree Florian Westphal Gavin Shan Greg Kroah-Hartman H. Nikolaus Schaller H. Peter Anvin Hans-Christoph Schemmel Hari Bathini Helge Deller Herbert Xu Ian Campbell Itai Handler J. Bruce Fields James Hogan Jani Nikula Jann Horn Jeff Layton Jiri Slaby Johan Hovold Johannes Berg John Stultz Josef Bacik Joseph Salisbury Joshua Henderson Kalle Valo Kalle Valo Kangjie Lu Kangjie Lu Kevin Hilman Krzysztof Kozlowski Larry Finger Lee Jones Linus Torvalds Lucas Stach Luis Henriques Lukas Wunner Lv Zheng Lyude Maarten Lankhorst Mahesh Salgaonkar Marc Zyngier Marcel Holtmann Marek Szyprowski Martin K. Petersen Mathias Krause Matt Gumbel Matthias Schiffer Michael Ellerman Neal Cardwell Nicolai Stange Nikolay Aleksandrov Pablo Neira Ayuso Paolo Bonzini Patrik Jakobsson Paul Burton Paul Mackerras Pavel Emelyanov Prarit Bhargava Prasun Maiti Radim Krčmář Rafael J. Wysocki Raghava Aditya Renukunta Ralf Baechle Ricky Liang Roger Quadros Ross Lagerwall Russell Currey Russell King Sachin Prabhu Schemmel Hans-Christoph Shyam Kaushik Simon Marchi Stefan Metzmacher Steve French Steve French Steven Rostedt (Red Hat) Steven Rostedt Theodore Ts'o Thomas Huth Tom Lendacky Tomáš Trnka Tony Lindgren Tyler Hicks Ujjal Roy Ulf Hansson Ville Syrjälä Wang YanQing Will Deacon Willy Tarreau Yuchung Cheng jobs: build-amd64-xsm pass build-i386-xsm pass build-amd64 pass build-i386 pass build-amd64-libvirt pass build-i386-libvirt pass build-amd64-pvops pass build-i386-pvops pass build-amd64-rumpuserxen fail build-i386-rumpuserxen fail test-amd64-amd64-xl pass test-amd64-i386-xl pass test-amd64-amd64-xl-qemut-debianhvm-amd64-xsm pass test-amd64-i386-xl-qemut-debianhvm-amd64-xsm pass test-amd64-amd64-libvirt-qemuu-debianhvm-amd64-xsm pass test-amd64-i386-libvirt-qemuu-debianhvm-amd64-xsm pass test-amd64-amd64-xl-qemuu-debianhvm-amd64-xsm pass test-amd64-i386-xl-qemuu-debianhvm-amd64-xsm pass test-amd64-amd64-xl-qemut-stubdom-debianhvm-amd64-xsm pass test-amd64-i386-xl-qemut-stubdom-debianhvm-amd64-xsm pass test-amd64-amd64-libvirt-xsm pass test-amd64-i386-libvirt-xsm pass test-amd64-amd64-xl-xsm pass test-amd64-i386-xl-xsm pass test-amd64-amd64-qemuu-nested-amd fail test-amd64-amd64-xl-pvh-amd fail test-amd64-i386-qemut-rhel6hvm-amd pass test-amd64-i386-qemuu-rhel6hvm-amd pass test-amd64-amd64-xl-qemut-debianhvm-amd64 fail test-amd64-i386-xl-qemut-debianhvm-amd64 pass test-amd64-amd64-xl-qemuu-debianhvm-amd64 pass test-amd64-i386-xl-qemuu-debianhvm-amd64 pass test-amd64-i386-freebsd10-amd64 pass test-amd64-amd64-xl-qemuu-ovmf-amd64 pass test-amd64-i386-xl-qemuu-ovmf-amd64 pass test-amd64-amd64-rumpuserxen-amd64 blocked test-amd64-amd64-xl-qemut-win7-amd64 fail test-amd64-i386-xl-qemut-win7-amd64 fail test-amd64-amd64-xl-qemuu-win7-amd64 fail test-amd64-i386-xl-qemuu-win7-amd64 fail test-amd64-amd64-xl-credit2 pass test-amd64-i386-freebsd10-i386 pass test-amd64-i386-rumpuserxen-i386 blocked test-amd64-amd64-qemuu-nested-intel fail test-amd64-amd64-xl-pvh-intel fail test-amd64-i386-qemut-rhel6hvm-intel pass test-amd64-i386-qemuu-rhel6hvm-intel pass test-amd64-amd64-libvirt pass test-amd64-i386-libvirt pass test-amd64-amd64-xl-multivcpu pass test-amd64-amd64-pair pass test-amd64-i386-pair pass test-amd64-amd64-libvirt-pair pass test-amd64-i386-libvirt-pair pass test-amd64-amd64-amd64-pvgrub pass test-amd64-amd64-i386-pvgrub pass test-amd64-amd64-pygrub pass test-amd64-amd64-xl-qcow2 pass test-amd64-i386-xl-raw pass test-amd64-amd64-xl-rtds pass test-amd64-i386-xl-qemut-winxpsp3-vcpus1 pass test-amd64-i386-xl-qemuu-winxpsp3-vcpus1 pass test-amd64-amd64-libvirt-vhd pass test-amd64-amd64-xl-qemut-winxpsp3 pass test-amd64-i386-xl-qemut-winxpsp3 pass test-amd64-amd64-xl-qemuu-winxpsp3 fail test-amd64-i386-xl-qemuu-winxpsp3 pass ------------------------------------------------------------ sg-report-flight on osstest.xs.citrite.net logs: /home/osstest/logs images: /home/osstest/images Logs, config files, etc. are available at http://osstest.xs.citrite.net/~osstest/testlogs/logs Test harness code can be found at http://xenbits.xensource.com/gitweb?p=osstest.git;a=summary Push not applicable. (No revision log; it would be 2728 lines long.) --===============6942150560877984195== Content-Type: text/plain; charset="utf-8" MIME-Version: 1.0 Content-Transfer-Encoding: base64 Content-Disposition: inline X19fX19fX19fX19fX19fX19fX19fX19fX19fX19fX19fX19fX19fX19fX19fX18KWGVuLWRldmVs IG1haWxpbmcgbGlzdApYZW4tZGV2ZWxAbGlzdHMueGVuLm9yZwpodHRwOi8vbGlzdHMueGVuLm9y Zy94ZW4tZGV2ZWwK --===============6942150560877984195==--