xen-devel.lists.xenproject.org archive mirror
 help / color / mirror / Atom feed
From: Platform Team regression test user <citrix-osstest@xenproject.org>
To: xen-devel@lists.xensource.com, osstest-admin@xenproject.org
Subject: [xen-4.5-testing baseline-only test] 66514: regressions - trouble: blocked/broken/fail/pass
Date: Mon, 4 Jul 2016 21:25:37 +0100	[thread overview]
Message-ID: <osstest-66514-mainreport@xen.org> (raw)

This run is configured for baseline tests only.

flight 66514 xen-4.5-testing real [real]
http://osstest.xs.citrite.net/~osstest/testlogs/logs/66514/

Regressions :-(

Tests which did not succeed and are blocking,
including tests which could not be run:
 build-armhf-pvops             4 capture-logs             !broken [st=!broken!]
 build-armhf                   4 capture-logs             !broken [st=!broken!]
 test-amd64-amd64-xl-multivcpu  3 host-install(3)        broken REGR. vs. 66482
 test-amd64-amd64-pair        3 host-install/src_host(3) broken REGR. vs. 66482
 test-amd64-amd64-pair        4 host-install/dst_host(4) broken REGR. vs. 66482
 test-amd64-amd64-libvirt-pair 4 host-install/dst_host(4) broken REGR. vs. 66482
 test-amd64-amd64-libvirt-pair 3 host-install/src_host(3) broken REGR. vs. 66482
 test-amd64-i386-libvirt      14 guest-saverestore         fail REGR. vs. 66482
 test-amd64-amd64-libvirt-vhd 14 guest-saverestore.2       fail REGR. vs. 66482
 test-amd64-i386-xl-qemuu-winxpsp3-vcpus1 15 guest-localmigrate/x10 fail REGR. vs. 66482

Regressions which are regarded as allowable (not blocking):
 test-amd64-amd64-xl-multivcpu  4 capture-logs(4)       broken blocked in 66482
 build-armhf-pvops             3 host-install(3)              broken like 66482
 build-armhf                   3 host-install(3)              broken like 66482
 test-amd64-i386-xl-qemuu-win7-amd64 13 guest-localmigrate fail REGR. vs. 66482
 test-amd64-i386-qemuu-rhel6hvm-amd  9 redhat-install     fail blocked in 66482
 test-amd64-amd64-amd64-pvgrub 10 guest-start             fail blocked in 66482
 test-amd64-amd64-xl-qemuu-win7-amd64 16 guest-stop       fail blocked in 66482
 test-amd64-amd64-xl-rtds      6 xen-boot                     fail   like 66482
 test-amd64-amd64-qemuu-nested-intel 13 xen-boot/l1             fail like 66482
 test-amd64-amd64-xl-qemuu-winxpsp3  9 windows-install          fail like 66482
 test-amd64-amd64-xl-qemut-winxpsp3  9 windows-install          fail like 66482

Tests which did not succeed, but are not blocking:
 test-armhf-armhf-xl-multivcpu  1 build-check(1)               blocked  n/a
 build-armhf-libvirt           1 build-check(1)               blocked  n/a
 test-armhf-armhf-xl-vhd       1 build-check(1)               blocked  n/a
 test-armhf-armhf-xl-rtds      1 build-check(1)               blocked  n/a
 test-armhf-armhf-xl-midway    1 build-check(1)               blocked  n/a
 test-armhf-armhf-libvirt      1 build-check(1)               blocked  n/a
 test-armhf-armhf-libvirt-qcow2  1 build-check(1)               blocked  n/a
 test-armhf-armhf-libvirt-raw  1 build-check(1)               blocked  n/a
 test-armhf-armhf-xl           1 build-check(1)               blocked  n/a
 test-armhf-armhf-xl-credit2   1 build-check(1)               blocked  n/a
 test-amd64-amd64-pair         5 capture-logs/src_host(5)     broken never pass
 test-amd64-amd64-pair         6 capture-logs/dst_host(6)     broken never pass
 test-amd64-amd64-libvirt-pair  6 capture-logs/dst_host(6)    broken never pass
 test-amd64-amd64-libvirt-pair  5 capture-logs/src_host(5)    broken never pass
 test-amd64-amd64-xl-pvh-intel 11 guest-start                  fail  never pass
 test-amd64-amd64-xl-pvh-amd  11 guest-start                  fail   never pass
 test-amd64-i386-libvirt      12 migrate-support-check        fail   never pass
 test-amd64-amd64-libvirt     12 migrate-support-check        fail   never pass
 test-amd64-amd64-qemuu-nested-amd 16 debian-hvm-install/l1/l2  fail never pass
 test-amd64-amd64-libvirt-vhd 11 migrate-support-check        fail   never pass
 test-amd64-amd64-xl-qemut-win7-amd64 16 guest-stop             fail never pass
 test-amd64-i386-xl-qemut-win7-amd64 16 guest-stop              fail never pass

version targeted for testing:
 xen                  eadd6636fae2abe1608207569e32c8457e37c653
baseline version:
 xen                  818d58d65390e90b5996c4b2a8552cf076b8d74e

Last test of basis    66482  2016-07-01 10:45:12 Z    3 days
Testing same since    66514  2016-07-02 17:20:25 Z    2 days    1 attempts

------------------------------------------------------------
People who touched revisions under test:
  Ian Jackson <Ian.Jackson@eu.citrix.com>

jobs:
 build-amd64                                                  pass    
 build-armhf                                                  broken  
 build-i386                                                   pass    
 build-amd64-libvirt                                          pass    
 build-armhf-libvirt                                          blocked 
 build-i386-libvirt                                           pass    
 build-amd64-prev                                             pass    
 build-i386-prev                                              pass    
 build-amd64-pvops                                            pass    
 build-armhf-pvops                                            broken  
 build-i386-pvops                                             pass    
 build-amd64-rumpuserxen                                      pass    
 build-i386-rumpuserxen                                       pass    
 test-amd64-amd64-xl                                          pass    
 test-armhf-armhf-xl                                          blocked 
 test-amd64-i386-xl                                           pass    
 test-amd64-amd64-qemuu-nested-amd                            fail    
 test-amd64-amd64-xl-pvh-amd                                  fail    
 test-amd64-i386-qemut-rhel6hvm-amd                           pass    
 test-amd64-i386-qemuu-rhel6hvm-amd                           fail    
 test-amd64-amd64-xl-qemut-debianhvm-amd64                    pass    
 test-amd64-i386-xl-qemut-debianhvm-amd64                     pass    
 test-amd64-amd64-xl-qemuu-debianhvm-amd64                    pass    
 test-amd64-i386-xl-qemuu-debianhvm-amd64                     pass    
 test-amd64-i386-freebsd10-amd64                              pass    
 test-amd64-amd64-xl-qemuu-ovmf-amd64                         pass    
 test-amd64-i386-xl-qemuu-ovmf-amd64                          pass    
 test-amd64-amd64-rumpuserxen-amd64                           pass    
 test-amd64-amd64-xl-qemut-win7-amd64                         fail    
 test-amd64-i386-xl-qemut-win7-amd64                          fail    
 test-amd64-amd64-xl-qemuu-win7-amd64                         fail    
 test-amd64-i386-xl-qemuu-win7-amd64                          fail    
 test-amd64-amd64-xl-credit2                                  pass    
 test-armhf-armhf-xl-credit2                                  blocked 
 test-amd64-i386-freebsd10-i386                               pass    
 test-amd64-i386-rumpuserxen-i386                             pass    
 test-amd64-amd64-qemuu-nested-intel                          fail    
 test-amd64-amd64-xl-pvh-intel                                fail    
 test-amd64-i386-qemut-rhel6hvm-intel                         pass    
 test-amd64-i386-qemuu-rhel6hvm-intel                         pass    
 test-amd64-amd64-libvirt                                     pass    
 test-armhf-armhf-libvirt                                     blocked 
 test-amd64-i386-libvirt                                      fail    
 test-armhf-armhf-xl-midway                                   blocked 
 test-amd64-amd64-migrupgrade                                 pass    
 test-amd64-i386-migrupgrade                                  pass    
 test-amd64-amd64-xl-multivcpu                                broken  
 test-armhf-armhf-xl-multivcpu                                blocked 
 test-amd64-amd64-pair                                        broken  
 test-amd64-i386-pair                                         pass    
 test-amd64-amd64-libvirt-pair                                broken  
 test-amd64-i386-libvirt-pair                                 pass    
 test-amd64-amd64-amd64-pvgrub                                fail    
 test-amd64-amd64-i386-pvgrub                                 pass    
 test-amd64-amd64-pygrub                                      pass    
 test-armhf-armhf-libvirt-qcow2                               blocked 
 test-amd64-amd64-xl-qcow2                                    pass    
 test-armhf-armhf-libvirt-raw                                 blocked 
 test-amd64-i386-xl-raw                                       pass    
 test-amd64-amd64-xl-rtds                                     fail    
 test-armhf-armhf-xl-rtds                                     blocked 
 test-amd64-i386-xl-qemut-winxpsp3-vcpus1                     pass    
 test-amd64-i386-xl-qemuu-winxpsp3-vcpus1                     fail    
 test-amd64-amd64-libvirt-vhd                                 fail    
 test-armhf-armhf-xl-vhd                                      blocked 
 test-amd64-amd64-xl-qemut-winxpsp3                           fail    
 test-amd64-i386-xl-qemut-winxpsp3                            pass    
 test-amd64-amd64-xl-qemuu-winxpsp3                           fail    
 test-amd64-i386-xl-qemuu-winxpsp3                            pass    


------------------------------------------------------------
sg-report-flight on osstest.xs.citrite.net
logs: /home/osstest/logs
images: /home/osstest/images

Logs, config files, etc. are available at
    http://osstest.xs.citrite.net/~osstest/testlogs/logs

Test harness code can be found at
    http://xenbits.xensource.com/gitweb?p=osstest.git;a=summary

broken-step build-armhf-pvops host-install(3)
broken build-armhf-pvops capture-logs !broken
broken-step build-armhf host-install(3)
broken build-armhf capture-logs !broken
broken-step test-amd64-amd64-xl-multivcpu host-install(3)
broken-step test-amd64-amd64-xl-multivcpu capture-logs(4)
broken-step test-amd64-amd64-pair capture-logs/src_host(5)
broken-step test-amd64-amd64-pair host-install/src_host(3)
broken-step test-amd64-amd64-pair host-install/dst_host(4)
broken-step test-amd64-amd64-pair capture-logs/dst_host(6)
broken-step test-amd64-amd64-libvirt-pair host-install/dst_host(4)
broken-step test-amd64-amd64-libvirt-pair host-install/src_host(3)
broken-step test-amd64-amd64-libvirt-pair capture-logs/dst_host(6)
broken-step test-amd64-amd64-libvirt-pair capture-logs/src_host(5)

Push not applicable.

------------------------------------------------------------
commit eadd6636fae2abe1608207569e32c8457e37c653
Author: Ian Jackson <ian.jackson@eu.citrix.com>
Date:   Tue Jun 14 18:37:35 2016 +0100

    QEMU_UPSTREAM_REVISION update
    
    Includes XSA-180 fix and Ubuntu build fix.
    
    Signed-off-by: Ian Jackson <Ian.Jackson@eu.citrix.com>
(qemu changes not included)

_______________________________________________
Xen-devel mailing list
Xen-devel@lists.xen.org
https://lists.xen.org/xen-devel

                 reply	other threads:[~2016-07-04 20:25 UTC|newest]

Thread overview: [no followups] expand[flat|nested]  mbox.gz  Atom feed

Reply instructions:

You may reply publicly to this message via plain-text email
using any one of the following methods:

* Save the following mbox file, import it into your mail client,
  and reply-to-all from there: mbox

  Avoid top-posting and favor interleaved quoting:
  https://en.wikipedia.org/wiki/Posting_style#Interleaved_style

* Reply using the --to, --cc, and --in-reply-to
  switches of git-send-email(1):

  git send-email \
    --in-reply-to=osstest-66514-mainreport@xen.org \
    --to=citrix-osstest@xenproject.org \
    --cc=osstest-admin@xenproject.org \
    --cc=xen-devel@lists.xensource.com \
    /path/to/YOUR_REPLY

  https://kernel.org/pub/software/scm/git/docs/git-send-email.html

* If your mail client supports setting the In-Reply-To header
  via mailto: links, try the mailto: link
Be sure your reply has a Subject: header at the top and a blank line before the message body.
This is a public inbox, see mirroring instructions
for how to clone and mirror all data and code used for this inbox;
as well as URLs for NNTP newsgroup(s).