xen-devel.lists.xenproject.org archive mirror
 help / color / mirror / Atom feed
From: osstest service owner <osstest-admin@xenproject.org>
To: xen-devel@lists.xensource.com, osstest-admin@xenproject.org
Subject: [linux-3.16 test] 66559: regressions - FAIL
Date: Sun, 20 Dec 2015 05:55:09 +0000	[thread overview]
Message-ID: <osstest-66559-mainreport@xen.org> (raw)

[-- Warning: decoded text below may be mangled, UTF-8 assumed --]
[-- Attachment #1: Type: text/plain, Size: 18067 bytes --]

flight 66559 linux-3.16 real [real]
http://logs.test-lab.xenproject.org/osstest/logs/66559/

Regressions :-(

Tests which did not succeed and are blocking,
including tests which could not be run:
 test-amd64-i386-rumpuserxen-i386 10 guest-start           fail REGR. vs. 64969

Tests which are failing intermittently (not blocking):
 test-armhf-armhf-xl-vhd       5 xen-install        fail in 66479 pass in 66559
 test-amd64-i386-xl-qemut-stubdom-debianhvm-amd64-xsm 9 debian-hvm-install fail pass in 66479

Regressions which are regarded as allowable (not blocking):
 test-amd64-amd64-libvirt-vhd  9 debian-di-install         fail REGR. vs. 64969
 test-armhf-armhf-xl-rtds 15 guest-start/debian.repeat fail in 66479 like 64969
 test-amd64-amd64-xl-credit2  17 guest-localmigrate/x10       fail   like 64969
 test-amd64-amd64-xl-qemut-win7-amd64 16 guest-stop             fail like 64969

Tests which did not succeed, but are not blocking:
 test-amd64-amd64-xl-pvh-amd  11 guest-start                  fail   never pass
 test-amd64-amd64-xl-pvh-intel 11 guest-start                  fail  never pass
 test-amd64-amd64-xl-multivcpu 17 guest-localmigrate/x10       fail  never pass
 test-armhf-armhf-libvirt-qcow2  9 debian-di-install            fail never pass
 test-armhf-armhf-libvirt-raw  9 debian-di-install            fail   never pass
 test-amd64-amd64-xl-rtds     17 guest-localmigrate/x10       fail   never pass
 test-armhf-armhf-libvirt-xsm 12 migrate-support-check        fail   never pass
 test-armhf-armhf-libvirt-xsm 14 guest-saverestore            fail   never pass
 test-armhf-armhf-libvirt     14 guest-saverestore            fail   never pass
 test-armhf-armhf-libvirt     12 migrate-support-check        fail   never pass
 test-amd64-amd64-libvirt     12 migrate-support-check        fail   never pass
 test-amd64-amd64-libvirt-xsm 12 migrate-support-check        fail   never pass
 test-amd64-i386-libvirt      12 migrate-support-check        fail   never pass
 test-amd64-i386-libvirt-xsm  12 migrate-support-check        fail   never pass
 test-amd64-amd64-qemuu-nested-amd 16 debian-hvm-install/l1/l2  fail never pass
 test-armhf-armhf-xl-arndale  12 migrate-support-check        fail   never pass
 test-armhf-armhf-xl-arndale  13 saverestore-support-check    fail   never pass
 test-armhf-armhf-xl-xsm      13 saverestore-support-check    fail   never pass
 test-armhf-armhf-xl-xsm      12 migrate-support-check        fail   never pass
 test-armhf-armhf-xl          12 migrate-support-check        fail   never pass
 test-armhf-armhf-xl          13 saverestore-support-check    fail   never pass
 test-armhf-armhf-xl-credit2  13 saverestore-support-check    fail   never pass
 test-armhf-armhf-xl-credit2  12 migrate-support-check        fail   never pass
 test-amd64-amd64-libvirt-qemuu-debianhvm-amd64-xsm 10 migrate-support-check fail never pass
 test-armhf-armhf-xl-multivcpu 13 saverestore-support-check    fail  never pass
 test-armhf-armhf-xl-multivcpu 12 migrate-support-check        fail  never pass
 test-amd64-amd64-xl-qemuu-win7-amd64 16 guest-stop             fail never pass
 test-amd64-i386-libvirt-qemuu-debianhvm-amd64-xsm 10 migrate-support-check fail never pass
 test-amd64-i386-xl-qemut-win7-amd64 16 guest-stop              fail never pass
 test-armhf-armhf-xl-rtds     13 saverestore-support-check    fail   never pass
 test-armhf-armhf-xl-rtds     12 migrate-support-check        fail   never pass
 test-amd64-i386-xl-qemuu-win7-amd64 16 guest-stop              fail never pass
 test-armhf-armhf-xl-cubietruck 12 migrate-support-check        fail never pass
 test-armhf-armhf-xl-cubietruck 13 saverestore-support-check    fail never pass
 test-armhf-armhf-xl-vhd       9 debian-di-install            fail   never pass

version targeted for testing:
 linux                70a95b3e395fa9f5a5cf531c56ae7e5b6ed37e32
baseline version:
 linux                a11efd7b42bf716f528b4f163cd86ba1e499354a

Last test of basis    64969  2015-11-20 22:00:18 Z   29 days
Testing same since    66400  2015-12-15 18:22:25 Z    4 days    4 attempts

------------------------------------------------------------
People who touched revisions under test:
  "Eric W. Biederman" <ebiederm@xmission.com>
  Al Viro <viro@zeniv.linux.org.uk>
  Alan Stern <stern@rowland.harvard.edu>
  Alex Deucher <alexander.deucher@amd.com>
  Alexandra Yates <alexandra.yates@linux.intel.com>
  Alexandre Belloni <alexandre.belloni@free-electrons.com>
  Amitkumar Karwar <akarwar@marvell.com>
  Andrew Morton <akpm@linux-foundation.org>
  Andrey Ryabinin <aryabinin@virtuozzo.com>
  Andrzej Hajda <a.hajda@samsung.com>
  Andy Leiserson <andy@leiserson.org>
  Andy Shevchenko <andriy.shevchenko@linux.intel.com>
  Ani Sinha <ani@arista.com>
  Anna Schumaker <Anna.Schumaker@Netapp.com>
  Arik Nemtsov <arik@wizery.com>
  Arik Nemtsov <arikx.nemtsov@intel.com>
  Arnaldo Carvalho de Melo <acme@kernel.org>
  Arnaldo Carvalho de Melo <acme@redhat.com>
  Arnd Bergmann <arnd@arndb.de>
  Bjørn Mork <bjorn@mork.no>
  Boris Brezillon <boris.brezillon@free-electrons.com>
  Borislav Petkov <bp@suse.de>
  Brian Norris <computersforpeace@gmail.com>
  Catalin Marinas <catalin.marinas@arm.com>
  Chen Yu <yu.c.chen@intel.com>
  Christian Borntraeger <borntraeger@de.ibm.com>
  Christoph Hellwig <hch@lst.de>
  Christoph Lameter <cl@linux.com>
  Christophe JAILLET <christophe.jaillet@wanadoo.fr>
  Christophe Leroy <christophe.leroy@c-s.fr>
  Chuck Lever <chuck.lever@oracle.com>
  Daeho Jeong <daeho.jeong@samsung.com>
  Dan Carpenter <dan.carpenter@oracle.com>
  Daniel Vetter <daniel.vetter@ffwll.ch>
  Darren Hart <dvhart@linux.intel.com>
  Dave Airlie <airlied@redhat.com>
  David Herrmann <dh.herrmann@gmail.com>
  David Hildenbrand <dahi@linux.vnet.ibm.com>
  David Howells <dhowells@redhat.com>
  David Mosberger <davidm@egauge.net>
  David Mosberger-Tang <davidm@egauge.net>
  David S. Miller <davem@davemloft.net>
  David Vrabel <david.vrabel@citrix.com>
  David Ward <david.ward@ll.mit.edu>
  David Woodhouse <David.Woodhouse@intel.com>
  Devesh Sharma <devesh.sharma@avagotech.com>
  Dmitry Torokhov <dmitry.torokhov@gmail.com>
  Dmitry Tunin <hanipouspilot@gmail.com>
  Eduardo Valentin <edubezval@gmail.com>
  Egbert Eich <eich@suse.de>
  Emmanuel Grumbach <emmanuel.grumbach@intel.com>
  Eric Biggers <ebiggers3@gmail.com>
  Eric Dumazet <edumazet@google.com>
  Eric Northup <digitaleric@google.com>
  Eric W. Biederman <ebiederm@xmission.com>
  Felipe Balbi <balbi@ti.com>
  Filipe Manana <fdmanana@suse.com>
  Flavio Leitner <fbl@sysclose.org>
  Florian Westphal <fw@strlen.de>
  Francesco Ruggeri <fruggeri@arista.com>
  Francesco Ruggeri <fruggeri@aristanetworks.com>
  Geliang Tang <geliangtang@163.com>
  Greg Kroah-Hartman <gregkh@linuxfoundation.org>
  Gregory CLEMENT <gregory.clement@free-electrons.com>
  Hans de Goede <hdegoede@redhat.com>
  Hans Verkuil <hans.verkuil@cisco.com>
  Herbert Xu <herbert@gondor.apana.org.au>
  Hobin Woo <hobin.woo@samsung.com>
  Hon Ching \\(Vicky\\) Lo <honclo@linux.vnet.ibm.com>
  Hon Ching(Vicky) Lo <honclo@linux.vnet.ibm.com>
  Ingo Molnar <mingo@kernel.org>
  J. Bruce Fields <bfields@redhat.com>
  James Bottomley <JBottomley@Odin.com>
  Jani Nikula <jani.nikula@intel.com>
  Janusz Dziedzic <janusz.dziedzic@tieto.com>
  Janusz.Dziedzic@tieto.com <Janusz.Dziedzic@tieto.com>
  Jarkko Sakkinen <jarkko.sakkinen@linux.intel.com>
  Jason Liu <r64343@freescale.com>
  Jason Wang <jasowang@redhat.com>
  Jay Vosburgh <jay.vosburgh@canonical.com>
  Jens Axboe <axboe@fb.com>
  Jiri Kosina <jkosina@suse.cz>
  Johan Hovold <johan@kernel.org>
  Johannes Berg <johannes.berg@intel.com>
  Johannes Thumshirn <jthumshirn@suse.de>
  Jonas Gorski <jogo@openwrt.org>
  K. Y. Srinivasan <kys@microsoft.com>
  Kailang Yang <kailang@realtek.com>
  Kalle Valo <kvalo@codeaurora.org>
  Kamal Mostafa <kamal@canonical.com>
  Kashyap Desai <kashyap.desai@avagotech.com>
  Kees Cook <keescook@chromium.org>
  Kinglong Mee <kinglongmee@gmail.com>
  Kosuke Tatsukawa <tatsu@ab.jp.nec.com>
  Krzysztof Kozlowski <k.kozlowski@samsung.com>
  Krzysztof Mazur <krzysiek@podlesie.net>
  Larry Finger <Larry.Finger@lwfinger.net>
  Lee Jones <lee.jones@linaro.org>
  Li Bin <huawei.libin@huawei.com>
  libin <huawei.libin@huawei.com>
  Linus Torvalds <torvalds@linux-foundation.org>
  Linus Walleij <linus.walleij@linaro.org>
  Luis Henriques <luis.henriques@canonical.com>
  Lukas Czerner <lczerner@redhat.com>
  Lukas Wunner <lukas@wunner.de>
  Lukasz Majewski <l.majewski@samsung.com>
  Lv Zheng <lv.zheng@intel.com>
  Maciej W. Rozycki <macro@imgtec.com>
  Malcolm Crossley <malcolm.crossley@citrix.com>
  Marc Kleine-Budde <mkl@pengutronix.de>
  Marcel Holtmann <marcel@holtmann.org>
  Marek Szyprowski <m.szyprowski@samsung.com>
  Marek Vasut <marex@denx.de>
  Mark Brown <broonie@kernel.org>
  Martin Hauke <mardnh@gmx.de>
  Martin K. Petersen <martin.petersen@oracle.com>
  Masahiro Yamada <yamada.masahiro@socionext.com>
  Mathias Krause <minipli@googlemail.com>
  Matt Fleming <matt.fleming@intel.com>
  Mauricio Faria de Oliveira <mauricfo@linux.vnet.ibm.com>
  Mauro Carvalho Chehab <mchehab@osg.samsung.com>
  Max Filippov <jcmvbkbc@gmail.com>
  Maxim Sheviakov <mrader3940@yandex.ru>
  Maxime Ripard <maxime.ripard@free-electrons.com>
  Michal Kubecek <mkubecek@suse.cz>
  Michal Kubeček <mkubecek@suse.cz>
  Mike Snitzer <snitzer@redhat.com>
  Nadav Amit <namit@cs.technion.ac.il>
  Neal Cardwell <ncardwell@google.com>
  NeilBrown <neilb@suse.com>
  Nicolas Ferre <nicolas.ferre@atmel.com>
  Nikolay Aleksandrov <nikolay@cumulusnetworks.com>
  Nishanth Menon <nm@ti.com>
  Oleg Nesterov <oleg@redhat.com>
  Olga Kornievskaia <aglo@umich.edu>
  Pablo Neira Ayuso <pablo@netfilter.org>
  Paolo Bonzini <pbonzini@redhat.com>
  Peter Feiner <pfeiner@google.com>
  Peter Huewe <peterhuewe@gmx.de>
  Peter Oberparleiter <oberpar@linux.vnet.ibm.com>
  Peter Ujfalusi <peter.ujfalusi@ti.com>
  Peter Zijlstra (Intel) <peterz@infradead.org>
  Peter Zijlstra <peterz@infradead.org>
  Phil Reid <preid@electromag.com.au>
  Radim Krčmář <rkrcmar@redhat.com>
  Rafael J. Wysocki <rafael.j.wysocki@intel.com>
  Ralf Baechle <ralf@linux-mips.org>
  Richard Cochran <richardcochran@gmail.com>
  Richard Purdie <richard.purdie@linuxfoundation.org>
  Rob Herring <robh@kernel.org>
  Robert Jarzmik <robert.jarzmik@free.fr>
  Robin Murphy <robin.murphy@arm.com>
  Roger Quadros <rogerq@ti.com>
  Russell King <rmk+kernel@arm.linux.org.uk>
  Sakari Ailus <sakari.ailus@linux.intel.com>
  Santosh Shilimkar <santosh.shilimkar@oracle.com>
  Sebastian Reichel <sre@kernel.org>
  Sowmini Varadhan <sowmini.varadhan@oracle.com>
  Stefan Richter <stefanr@s5r6.in-berlin.de>
  Stephan Mueller <smueller@chronox.de>
  Stephen Boyd <sboyd@codeaurora.org>
  Steven Rostedt <rostedt@goodmis.org>
  Sumit Saxena <sumit.saxena@avagotech.com>
  sumit.saxena@avagotech.com <sumit.saxena@avagotech.com>
  Takashi Iwai <tiwai@suse.de>
  Takashi Sakamoto <o-takashi@sakamocchi.jp>
  Tejun Heo <tj@kernel.org>
  Tero Kristo <t-kristo@ti.com>
  Theodore Ts'o <tytso@mit.edu>
  Thomas Gleixner <tglx@linutronix.de>
  Tiffany Lin <tiffany.lin@mediatek.com>
  Tony Lindgren <tony@atomide.com>
  Trond Myklebust <trond.myklebust@primarydata.com>
  Valentin Rothberg <valentinrothberg@gmail.com>
  Vignesh R <vigneshr@ti.com>
  Vineet Gupta <vgupta@synopsys.com>
  Vinod Koul <vinod.koul@intel.com>
  Will Deacon <will.deacon@arm.com>
  Yan, Zheng <zyan@redhat.com>
  Yuchung Cheng <ycheng@google.com>

jobs:
 build-amd64-xsm                                              pass
 build-armhf-xsm                                              pass
 build-i386-xsm                                               pass
 build-amd64                                                  pass
 build-armhf                                                  pass
 build-i386                                                   pass
 build-amd64-libvirt                                          pass
 build-armhf-libvirt                                          pass
 build-i386-libvirt                                           pass
 build-amd64-pvops                                            pass
 build-armhf-pvops                                            pass
 build-i386-pvops                                             pass
 build-amd64-rumpuserxen                                      pass
 build-i386-rumpuserxen                                       pass
 test-amd64-amd64-xl                                          pass
 test-armhf-armhf-xl                                          pass
 test-amd64-i386-xl                                           pass
 test-amd64-amd64-xl-qemut-debianhvm-amd64-xsm                pass
 test-amd64-i386-xl-qemut-debianhvm-amd64-xsm                 pass
 test-amd64-amd64-libvirt-qemuu-debianhvm-amd64-xsm           pass
 test-amd64-i386-libvirt-qemuu-debianhvm-amd64-xsm            pass
 test-amd64-amd64-xl-qemuu-debianhvm-amd64-xsm                pass
 test-amd64-i386-xl-qemuu-debianhvm-amd64-xsm                 pass
 test-amd64-amd64-xl-qemut-stubdom-debianhvm-amd64-xsm        pass
 test-amd64-i386-xl-qemut-stubdom-debianhvm-amd64-xsm         fail
 test-amd64-amd64-libvirt-xsm                                 pass
 test-armhf-armhf-libvirt-xsm                                 fail
 test-amd64-i386-libvirt-xsm                                  pass
 test-amd64-amd64-xl-xsm                                      pass
 test-armhf-armhf-xl-xsm                                      pass
 test-amd64-i386-xl-xsm                                       pass
 test-amd64-amd64-qemuu-nested-amd                            fail
 test-amd64-amd64-xl-pvh-amd                                  fail
 test-amd64-i386-qemut-rhel6hvm-amd                           pass
 test-amd64-i386-qemuu-rhel6hvm-amd                           pass
 test-amd64-amd64-xl-qemut-debianhvm-amd64                    pass
 test-amd64-i386-xl-qemut-debianhvm-amd64                     pass
 test-amd64-amd64-xl-qemuu-debianhvm-amd64                    pass
 test-amd64-i386-xl-qemuu-debianhvm-amd64                     pass
 test-amd64-i386-freebsd10-amd64                              pass
 test-amd64-amd64-xl-qemuu-ovmf-amd64                         pass
 test-amd64-i386-xl-qemuu-ovmf-amd64                          pass
 test-amd64-amd64-rumpuserxen-amd64                           pass
 test-amd64-amd64-xl-qemut-win7-amd64                         fail
 test-amd64-i386-xl-qemut-win7-amd64                          fail
 test-amd64-amd64-xl-qemuu-win7-amd64                         fail
 test-amd64-i386-xl-qemuu-win7-amd64                          fail
 test-armhf-armhf-xl-arndale                                  pass
 test-amd64-amd64-xl-credit2                                  fail
 test-armhf-armhf-xl-credit2                                  pass
 test-armhf-armhf-xl-cubietruck                               pass
 test-amd64-i386-freebsd10-i386                               pass
 test-amd64-i386-rumpuserxen-i386                             fail
 test-amd64-amd64-qemuu-nested-intel                          pass
 test-amd64-amd64-xl-pvh-intel                                fail
 test-amd64-i386-qemut-rhel6hvm-intel                         pass
 test-amd64-i386-qemuu-rhel6hvm-intel                         pass
 test-amd64-amd64-libvirt                                     pass
 test-armhf-armhf-libvirt                                     fail
 test-amd64-i386-libvirt                                      pass
 test-amd64-amd64-xl-multivcpu                                fail
 test-armhf-armhf-xl-multivcpu                                pass
 test-amd64-amd64-pair                                        pass
 test-amd64-i386-pair                                         pass
 test-amd64-amd64-libvirt-pair                                pass
 test-amd64-i386-libvirt-pair                                 pass
 test-amd64-amd64-amd64-pvgrub                                pass
 test-amd64-amd64-i386-pvgrub                                 pass
 test-amd64-amd64-pygrub                                      pass
 test-armhf-armhf-libvirt-qcow2                               fail
 test-amd64-amd64-xl-qcow2                                    pass
 test-armhf-armhf-libvirt-raw                                 fail
 test-amd64-i386-xl-raw                                       pass
 test-amd64-amd64-xl-rtds                                     fail
 test-armhf-armhf-xl-rtds                                     pass
 test-amd64-i386-xl-qemut-winxpsp3-vcpus1                     pass
 test-amd64-i386-xl-qemuu-winxpsp3-vcpus1                     pass
 test-amd64-amd64-libvirt-vhd                                 fail
 test-armhf-armhf-xl-vhd                                      fail
 test-amd64-amd64-xl-qemut-winxpsp3                           pass
 test-amd64-i386-xl-qemut-winxpsp3                            pass
 test-amd64-amd64-xl-qemuu-winxpsp3                           pass
 test-amd64-i386-xl-qemuu-winxpsp3                            pass


------------------------------------------------------------
sg-report-flight on osstest.test-lab.xenproject.org
logs: /home/logs/logs
images: /home/logs/images

Logs, config files, etc. are available at
    http://logs.test-lab.xenproject.org/osstest/logs

Explanation of these reports, and of osstest in general, is at
    http://xenbits.xen.org/gitweb/?p=osstest.git;a=blob;f=README.email;hb=master
    http://xenbits.xen.org/gitweb/?p=osstest.git;a=blob;f=README;hb=master

Test harness code can be found at
    http://xenbits.xen.org/gitweb?p=osstest.git;a=summary


Not pushing.

(No revision log; it would be 4110 lines long.)


[-- Attachment #2: Type: text/plain, Size: 126 bytes --]

_______________________________________________
Xen-devel mailing list
Xen-devel@lists.xen.org
http://lists.xen.org/xen-devel

                 reply	other threads:[~2015-12-20  5:55 UTC|newest]

Thread overview: [no followups] expand[flat|nested]  mbox.gz  Atom feed

Reply instructions:

You may reply publicly to this message via plain-text email
using any one of the following methods:

* Save the following mbox file, import it into your mail client,
  and reply-to-all from there: mbox

  Avoid top-posting and favor interleaved quoting:
  https://en.wikipedia.org/wiki/Posting_style#Interleaved_style

* Reply using the --to, --cc, and --in-reply-to
  switches of git-send-email(1):

  git send-email \
    --in-reply-to=osstest-66559-mainreport@xen.org \
    --to=osstest-admin@xenproject.org \
    --cc=xen-devel@lists.xensource.com \
    /path/to/YOUR_REPLY

  https://kernel.org/pub/software/scm/git/docs/git-send-email.html

* If your mail client supports setting the In-Reply-To header
  via mailto: links, try the mailto: link
Be sure your reply has a Subject: header at the top and a blank line before the message body.
This is a public inbox, see mirroring instructions
for how to clone and mirror all data and code used for this inbox;
as well as URLs for NNTP newsgroup(s).