xen-devel.lists.xenproject.org archive mirror
 help / color / mirror / Atom feed
From: osstest service owner <osstest-admin@xenproject.org>
To: xen-devel@lists.xensource.com, osstest-admin@xenproject.org
Subject: [linux-3.18 test] 66574: regressions - FAIL
Date: Sun, 20 Dec 2015 09:24:21 +0000	[thread overview]
Message-ID: <osstest-66574-mainreport@xen.org> (raw)

[-- Warning: decoded text below may be mangled, UTF-8 assumed --]
[-- Attachment #1: Type: text/plain, Size: 16817 bytes --]

flight 66574 linux-3.18 real [real]
http://logs.test-lab.xenproject.org/osstest/logs/66574/

Regressions :-(

Tests which did not succeed and are blocking,
including tests which could not be run:
 test-amd64-i386-rumpuserxen-i386 10 guest-start           fail REGR. vs. 63732

Regressions which are regarded as allowable (not blocking):
 test-amd64-amd64-libvirt-vhd  9 debian-di-install         fail REGR. vs. 63732
 test-amd64-i386-xl-qemut-stubdom-debianhvm-amd64-xsm 9 debian-hvm-install fail like 63676
 test-amd64-amd64-xl-qemuu-win7-amd64 16 guest-stop             fail like 63732
 test-amd64-i386-xl-qemuu-win7-amd64 16 guest-stop              fail like 63732
 test-amd64-amd64-xl-qemut-win7-amd64 16 guest-stop             fail like 63732

Tests which did not succeed, but are not blocking:
 test-amd64-amd64-xl-pvh-intel 14 guest-saverestore            fail  never pass
 test-amd64-amd64-xl-pvh-amd  11 guest-start                  fail   never pass
 test-armhf-armhf-libvirt-raw  9 debian-di-install            fail   never pass
 test-armhf-armhf-libvirt-qcow2  9 debian-di-install            fail never pass
 test-amd64-amd64-libvirt     12 migrate-support-check        fail   never pass
 test-amd64-amd64-libvirt-xsm 12 migrate-support-check        fail   never pass
 test-amd64-i386-libvirt      12 migrate-support-check        fail   never pass
 test-amd64-i386-libvirt-xsm  12 migrate-support-check        fail   never pass
 test-amd64-amd64-qemuu-nested-amd 16 debian-hvm-install/l1/l2  fail never pass
 test-armhf-armhf-xl-credit2  13 saverestore-support-check    fail   never pass
 test-armhf-armhf-xl-credit2  12 migrate-support-check        fail   never pass
 test-armhf-armhf-xl-multivcpu 13 saverestore-support-check    fail  never pass
 test-armhf-armhf-xl-multivcpu 12 migrate-support-check        fail  never pass
 test-amd64-i386-xl-qemut-win7-amd64 16 guest-stop              fail never pass
 test-armhf-armhf-xl-arndale  12 migrate-support-check        fail   never pass
 test-armhf-armhf-xl-arndale  13 saverestore-support-check    fail   never pass
 test-armhf-armhf-libvirt     14 guest-saverestore            fail   never pass
 test-armhf-armhf-libvirt     12 migrate-support-check        fail   never pass
 test-armhf-armhf-libvirt-xsm 12 migrate-support-check        fail   never pass
 test-armhf-armhf-libvirt-xsm 14 guest-saverestore            fail   never pass
 test-armhf-armhf-xl          12 migrate-support-check        fail   never pass
 test-armhf-armhf-xl          13 saverestore-support-check    fail   never pass
 test-armhf-armhf-xl-xsm      13 saverestore-support-check    fail   never pass
 test-armhf-armhf-xl-xsm      12 migrate-support-check        fail   never pass
 test-amd64-amd64-libvirt-qemuu-debianhvm-amd64-xsm 10 migrate-support-check fail never pass
 test-amd64-i386-libvirt-qemuu-debianhvm-amd64-xsm 10 migrate-support-check fail never pass
 test-armhf-armhf-xl-rtds     13 saverestore-support-check    fail   never pass
 test-armhf-armhf-xl-rtds     12 migrate-support-check        fail   never pass
 test-armhf-armhf-xl-cubietruck 12 migrate-support-check        fail never pass
 test-armhf-armhf-xl-cubietruck 13 saverestore-support-check    fail never pass
 test-armhf-armhf-xl-vhd       9 debian-di-install            fail   never pass

version targeted for testing:
 linux                60917545df1ffc7f918550512dc4a14758f74784
baseline version:
 linux                b12403044336e7d567f309eb443aa9acf76380af

Last test of basis    63732  2015-11-06 18:01:35 Z   43 days
Testing same since    66410  2015-12-16 01:55:28 Z    4 days    4 attempts

------------------------------------------------------------
People who touched revisions under test:
  Aaro Koskinen <aaro.koskinen@iki.fi>
  Aaron Conole <aconole@bytheb.org>
  Alex Deucher <alexander.deucher@amd.com>
  Alex Williamson <alex.williamson@redhat.com>
  Alexander Couzens <lynxis@fe80.eu>
  Alexander Drozdov <al.drozdov@gmail.com>
  Alexander Duyck <alexander.h.duyck@redhat.com>
  Alexandre Belloni <alexandre.belloni@free-electrons.com>
  Andrew Morton <akpm@linux-foundation.org>
  Andrey Vagin <avagin@openvz.org>
  Ani Sinha <ani@arista.com>
  Ben Hutchings <ben@decadent.org.uk>
  Ben Skeggs <bskeggs@redhat.com>
  Benjamin Tissoires <benjamin.tissoires@redhat.com>
  Bin Liu <b-liu@ti.com>
  Bjorn Helgaas <bhelgaas@google.com>
  Bjørn Mork <bjorn@mork.no>
  Carol L Soto <clsoto@linux.vnet.ibm.com>
  Cathy Avery <cathy.avery@oracle.com>
  Charles Keepax <ckeepax@opensource.wolfsonmicro.com>
  Chris Mason <clm@fb.com>
  Cong Wang <xiyou.wangcong@gmail.com>
  Dan Carpenter <dan.carpenter@oracle.com>
  Daniel Borkmann <daniel@iogearbox.net>
  Dann Frazier <dann.frazier@canonical.com>
  Dave Kleikamp <dave.kleikamp@oracle.com>
  David Howells <dhowells@redhat.com>
  David S. Miller <davem@davemloft.net>
  Dmitry Torokhov <dmitry.torokhov@gmail.com>
  Dmitry Vyukov <dvyukov@google.com>
  Doron Tsur <doront@mellanox.com>
  Doug Ledford <dledford@redhat.com>
  Dāvis Mosāns <davispuh@gmail.com>
  Emmanuel Grumbach <emmanuel.grumbach@intel.com>
  Eric Dumazet <edumazet@google.com>
  Eric Northup <digitaleric@google.com>
  Eric Whitney <enwlinux@gmail.com>
  Eryu Guan <guaneryu@gmail.com>
  Felipe Balbi <balbi@ti.com>
  Felix Fietkau <nbd@openwrt.org>
  Florian Fainelli <f.fainelli@gmail.com>
  Francesco Ruggeri <fruggeri@arista.com>
  Francesco Ruggeri <fruggeri@aristanetworks.com>
  G. Richard Bellamy <rbellamy@pteradigm.com>
  George Hilios <ghilios@gmail.com>
  Greg Kroah-Hartman <gregkh@linuxfoundation.org>
  Gregory CLEMENT <gregory.clement@free-electrons.com>
  Guillaume Nault <g.nault@alphalink.fr>
  Hannes Frederic Sowa <hannes@stressinduktion.org>
  Hans de Goede <hdegoede@redhat.com>
  Hans Verkuil <hans.verkuil@cisco.com>
  Henrik Rydberg <rydberg@bitmath.org>
  Herbert Xu <herbert@gondor.apana.org.au>
  Ilia Mirkin <imirkin@alum.mit.edu>
  Ilya Dryomov <idryomov@gmail.com>
  Ingo Molnar <mingo@kernel.org>
  Jack Morgenstein <jackm@dev.mellanox.co.il>
  James Bottomley <JBottomley@Odin.com>
  James Chapman <jchapman@katalix.com>
  Jan H. Schönherr <jschoenh@amazon.de>
  Jan Kara <jack@suse.com>
  Janez Urevc <janez@janezurevc.name>
  Jani Nikula <jani.nikula@intel.com>
  Jason A. Donenfeld <Jason@zx2c4.com>
  Jason Wang <jasowang@redhat.com>
  Jes Sorensen <Jes.Sorensen@redhat.com>
  Jiri Kosina <jkosina@suse.com>
  Jiri Kosina <jkosina@suse.cz>
  Jochen Radmacher <jradmacher@gmx.de>
  Joe Perches <joe@perches.com>
  Joe Thornber <ejt@redhat.com>
  Joe Thornber <thornber@redhat.com>
  Joerg Roedel <jroedel@suse.de>
  Johan Hovold <johan@kernel.org>
  Johannes Berg <johannes.berg@intel.com>
  John Horan <knasher@gmail.com>
  Jonathan Cameron <jic23@kernel.org>
  Kalle Valo <kvalo@codeaurora.org>
  Kamal Mostafa <kamal@canonical.com>
  Konrad Rzeszutek Wilk <konrad.wilk@oracle.com>
  Konstantin Khlebnikov <koct9i@gmail.com>
  Krzysztof Kozlowski <k.kozlowski@samsung.com>
  Kukjin Kim <kgene@kernel.org>
  Lad, Prabhakar <prabhakar.csengg@gmail.com>
  Laura Abbott <labbott@fedoraproject.org>
  Laurent Pinchart <laurent.pinchart+renesas@ideasonboard.com>
  Lee Jones <lee.jones@linaro.org>
  Li Jun <jun.li@freescale.com>
  Linus Torvalds <torvalds@linux-foundation.org>
  Luca Coelho <luciano.coelho@intel.com>
  lucien <lucien.xin@gmail.com>
  Lukas Czerner <lczerner@redhat.com>
  Marcelo Leitner <mleitner@redhat.com>
  Marcelo Ricardo Leitner <marcelo.leitner@gmail.com>
  Marcelo Ricardo Leitner <mleitner@redhat.com>
  Marek Vasut <marex@denx.de>
  Mark Brown <broonie@kernel.org>
  Mark Rustad <mark.d.rustad@intel.com>
  Martin Habets <mhabets@solarflare.com>
  Martin Hauke <mardnh@gmx.de>
  Martin Schwidefsky <schwidefsky@de.ibm.com>
  Matan Barak <matanb@mellanox.com>
  Mathias Nyman <mathias.nyman@linux.intel.com>
  Mauro Carvalho Chehab <mchehab@osg.samsung.com>
  Michael Ellerman <mpe@ellerman.id.au>
  Michael S. Tsirkin <mst@redhat.com>
  Michal Kubecek <mkubecek@suse.cz>
  Michal Kubeček <mkubecek@suse.cz>
  Mika Westerberg <mika.westerberg@linux.intel.com>
  Mike Snitzer <snitzer@redhat.com>
  Nadav Amit <namit@cs.technion.ac.il>
  Neil Horman <nhorman@tuxdriver.com>
  NeilBrown <neilb@suse.com>
  Nicholas Bellinger <nab@linux-iscsi.org>
  Nicholas Mc Guire <hofrat@osadl.org>
  Nikolay Aleksandrov <nikolay@cumulusnetworks.com>
  Nobuhiro Iwamatsu <nobuhiro.iwamatsu.yj@renesas.com>
  Noel Power <noel.power@suse.com>
  Oleksii Berezhniak <core@irc.lg.ua>
  Or Gerlitz <ogerlitz@mellanox.com>
  Paolo Bonzini <pbonzini@redhat.com>
  Paul Moore <pmoore@redhat.com>
  Pavel Emelyanov <xemul@parallels.com>
  Pavel Roskin <plroskin@gmail.com>
  Peter Zijlstra (Intel) <peterz@infradead.org>
  Peter Zijlstra <a.p.zijlstra@chello.nl>
  Peter Zijlstra <peterz@infradead.org>
  Phil Reid <preid@electromag.com.au>
  Philipp Hachtmann <hachti@hachti.de>
  Pravin B Shelar <pshelar@nicira.com>
  Rasmus Villemoes <linux@rasmusvillemoes.dk>
  Richard Cochran <richardcochran@gmail.com>
  Richard Guy Briggs <rgb@redhat.com>
  Roman Gushchin <klamm@yandex-team.ru>
  Ronny Hegewald <Ronny.Hegewald@online.de>
  Russell King <rmk+kernel@arm.linux.org.uk>
  Rusty Russell <rusty@rustcorp.com.au>
  Sabrina Dubroca <sd@queasysnail.net>
  Santosh Shilimkar <santosh.shilimkar@oracle.com>
  Sasha Levin <sasha.levin@oracle.com>
  Sebastian Reichel <sre@kernel.org>
  Shaohua Li <shli@fb.com>
  Soeren Grunewald <soeren.grunewald@desy.de>
  Sowmini Varadhan <sowmini.varadhan@oracle.com>
  Stefan Assmann <sassmann@kpanic.de>
  Stefan Wahren <stefan.wahren@i2se.com>
  Steve French <smfrench@gmail.com>
  Sudip Mukherjee <sudip@vectorindia.org>
  Sudip Mukherjee <sudipm.mukherjee@gmail.com>
  Tejun Heo <tj@kernel.org>
  Teunis van Beelen <teuniz@gmail.com>
  Theodore Ts'o <tytso@mit.edu>
  Tom Herbert <tom@herbertland.com>
  Vasant Hegde <hegdevasant@linux.vnet.ibm.com>
  Ville Syrjälä <ville.syrjala@linux.intel.com>
  Vlad Yasevich <vyasevich@gmail.com>
  WANG Cong <xiyou.wangcong@gmail.com>
  Will Deacon <will.deacon@arm.com>
  Willem de Bruijn <willemb@google.com>
  Wolfram Sang <wsa+renesas@sang-engineering.com>
  Wolfram Sang <wsa@the-dreams.de>
  Xin Long <lucien.xin@gmail.com>
  Yang Hongyang <burnef@gmail.com>
  Yen-Chin, Lee <coldnew.tw@gmail.com>

jobs:
 build-amd64-xsm                                              pass
 build-armhf-xsm                                              pass
 build-i386-xsm                                               pass
 build-amd64                                                  pass
 build-armhf                                                  pass
 build-i386                                                   pass
 build-amd64-libvirt                                          pass
 build-armhf-libvirt                                          pass
 build-i386-libvirt                                           pass
 build-amd64-pvops                                            pass
 build-armhf-pvops                                            pass
 build-i386-pvops                                             pass
 build-amd64-rumpuserxen                                      pass
 build-i386-rumpuserxen                                       pass
 test-amd64-amd64-xl                                          pass
 test-armhf-armhf-xl                                          pass
 test-amd64-i386-xl                                           pass
 test-amd64-amd64-xl-qemut-debianhvm-amd64-xsm                pass
 test-amd64-i386-xl-qemut-debianhvm-amd64-xsm                 pass
 test-amd64-amd64-libvirt-qemuu-debianhvm-amd64-xsm           pass
 test-amd64-i386-libvirt-qemuu-debianhvm-amd64-xsm            pass
 test-amd64-amd64-xl-qemuu-debianhvm-amd64-xsm                pass
 test-amd64-i386-xl-qemuu-debianhvm-amd64-xsm                 pass
 test-amd64-amd64-xl-qemut-stubdom-debianhvm-amd64-xsm        pass
 test-amd64-i386-xl-qemut-stubdom-debianhvm-amd64-xsm         fail
 test-amd64-amd64-libvirt-xsm                                 pass
 test-armhf-armhf-libvirt-xsm                                 fail
 test-amd64-i386-libvirt-xsm                                  pass
 test-amd64-amd64-xl-xsm                                      pass
 test-armhf-armhf-xl-xsm                                      pass
 test-amd64-i386-xl-xsm                                       pass
 test-amd64-amd64-qemuu-nested-amd                            fail
 test-amd64-amd64-xl-pvh-amd                                  fail
 test-amd64-i386-qemut-rhel6hvm-amd                           pass
 test-amd64-i386-qemuu-rhel6hvm-amd                           pass
 test-amd64-amd64-xl-qemut-debianhvm-amd64                    pass
 test-amd64-i386-xl-qemut-debianhvm-amd64                     pass
 test-amd64-amd64-xl-qemuu-debianhvm-amd64                    pass
 test-amd64-i386-xl-qemuu-debianhvm-amd64                     pass
 test-amd64-i386-freebsd10-amd64                              pass
 test-amd64-amd64-xl-qemuu-ovmf-amd64                         pass
 test-amd64-i386-xl-qemuu-ovmf-amd64                          pass
 test-amd64-amd64-rumpuserxen-amd64                           pass
 test-amd64-amd64-xl-qemut-win7-amd64                         fail
 test-amd64-i386-xl-qemut-win7-amd64                          fail
 test-amd64-amd64-xl-qemuu-win7-amd64                         fail
 test-amd64-i386-xl-qemuu-win7-amd64                          fail
 test-armhf-armhf-xl-arndale                                  pass
 test-amd64-amd64-xl-credit2                                  pass
 test-armhf-armhf-xl-credit2                                  pass
 test-armhf-armhf-xl-cubietruck                               pass
 test-amd64-i386-freebsd10-i386                               pass
 test-amd64-i386-rumpuserxen-i386                             fail
 test-amd64-amd64-qemuu-nested-intel                          pass
 test-amd64-amd64-xl-pvh-intel                                fail
 test-amd64-i386-qemut-rhel6hvm-intel                         pass
 test-amd64-i386-qemuu-rhel6hvm-intel                         pass
 test-amd64-amd64-libvirt                                     pass
 test-armhf-armhf-libvirt                                     fail
 test-amd64-i386-libvirt                                      pass
 test-amd64-amd64-xl-multivcpu                                pass
 test-armhf-armhf-xl-multivcpu                                pass
 test-amd64-amd64-pair                                        pass
 test-amd64-i386-pair                                         pass
 test-amd64-amd64-libvirt-pair                                pass
 test-amd64-i386-libvirt-pair                                 pass
 test-amd64-amd64-amd64-pvgrub                                pass
 test-amd64-amd64-i386-pvgrub                                 pass
 test-amd64-amd64-pygrub                                      pass
 test-armhf-armhf-libvirt-qcow2                               fail
 test-amd64-amd64-xl-qcow2                                    pass
 test-armhf-armhf-libvirt-raw                                 fail
 test-amd64-i386-xl-raw                                       pass
 test-amd64-amd64-xl-rtds                                     pass
 test-armhf-armhf-xl-rtds                                     pass
 test-amd64-i386-xl-qemut-winxpsp3-vcpus1                     pass
 test-amd64-i386-xl-qemuu-winxpsp3-vcpus1                     pass
 test-amd64-amd64-libvirt-vhd                                 fail
 test-armhf-armhf-xl-vhd                                      fail
 test-amd64-amd64-xl-qemut-winxpsp3                           pass
 test-amd64-i386-xl-qemut-winxpsp3                            pass
 test-amd64-amd64-xl-qemuu-winxpsp3                           pass
 test-amd64-i386-xl-qemuu-winxpsp3                            pass


------------------------------------------------------------
sg-report-flight on osstest.test-lab.xenproject.org
logs: /home/logs/logs
images: /home/logs/images

Logs, config files, etc. are available at
    http://logs.test-lab.xenproject.org/osstest/logs

Explanation of these reports, and of osstest in general, is at
    http://xenbits.xen.org/gitweb/?p=osstest.git;a=blob;f=README.email;hb=master
    http://xenbits.xen.org/gitweb/?p=osstest.git;a=blob;f=README;hb=master

Test harness code can be found at
    http://xenbits.xen.org/gitweb?p=osstest.git;a=summary


Not pushing.

(No revision log; it would be 3620 lines long.)


[-- Attachment #2: Type: text/plain, Size: 126 bytes --]

_______________________________________________
Xen-devel mailing list
Xen-devel@lists.xen.org
http://lists.xen.org/xen-devel

                 reply	other threads:[~2015-12-20  9:24 UTC|newest]

Thread overview: [no followups] expand[flat|nested]  mbox.gz  Atom feed

Reply instructions:

You may reply publicly to this message via plain-text email
using any one of the following methods:

* Save the following mbox file, import it into your mail client,
  and reply-to-all from there: mbox

  Avoid top-posting and favor interleaved quoting:
  https://en.wikipedia.org/wiki/Posting_style#Interleaved_style

* Reply using the --to, --cc, and --in-reply-to
  switches of git-send-email(1):

  git send-email \
    --in-reply-to=osstest-66574-mainreport@xen.org \
    --to=osstest-admin@xenproject.org \
    --cc=xen-devel@lists.xensource.com \
    /path/to/YOUR_REPLY

  https://kernel.org/pub/software/scm/git/docs/git-send-email.html

* If your mail client supports setting the In-Reply-To header
  via mailto: links, try the mailto: link
Be sure your reply has a Subject: header at the top and a blank line before the message body.
This is a public inbox, see mirroring instructions
for how to clone and mirror all data and code used for this inbox;
as well as URLs for NNTP newsgroup(s).