From mboxrd@z Thu Jan 1 00:00:00 1970 From: osstest service owner Subject: [linux-3.16 test] 66673: regressions - FAIL Date: Mon, 21 Dec 2015 13:47:07 +0000 Message-ID: Mime-Version: 1.0 Content-Type: multipart/mixed; boundary="===============3299815881443959565==" Return-path: List-Unsubscribe: , List-Post: List-Help: List-Subscribe: , Sender: xen-devel-bounces@lists.xen.org Errors-To: xen-devel-bounces@lists.xen.org To: xen-devel@lists.xensource.com, osstest-admin@xenproject.org List-Id: xen-devel@lists.xenproject.org --===============3299815881443959565== Content-Length: 18446 Content-Transfer-Encoding: quoted-printable flight 66673 linux-3.16 real [real] http://logs.test-lab.xenproject.org/osstest/logs/66673/ Regressions :-( Tests which did not succeed and are blocking, including tests which could not be run: test-amd64-i386-rumpuserxen-i386 10 guest-start fail REGR. vs. 64969 Tests which are failing intermittently (not blocking): test-armhf-armhf-xl-vhd 5 xen-install fail in 66479 pass in 66673 test-amd64-i386-xl-qemut-stubdom-debianhvm-amd64-xsm 9 debian-hvm-install fail pass in 66479 Regressions which are regarded as allowable (not blocking): test-amd64-amd64-libvirt-vhd 9 debian-di-install fail REGR. vs. 64969 test-armhf-armhf-xl-rtds 15 guest-start/debian.repeat fail in 66479 like 64969 test-amd64-amd64-xl-qemut-win7-amd64 16 guest-stop fail in 66479 like 64969 test-amd64-amd64-xl-credit2 17 guest-localmigrate/x10 fail like 64969 Tests which did not succeed, but are not blocking: test-amd64-amd64-xl-pvh-amd 11 guest-start fail never pass test-amd64-amd64-xl-pvh-intel 11 guest-start fail never pass test-armhf-armhf-libvirt-qcow2 9 debian-di-install fail never pass test-amd64-amd64-xl-multivcpu 17 guest-localmigrate/x10 fail never pass test-armhf-armhf-libvirt-raw 9 debian-di-install fail never pass test-amd64-amd64-xl-rtds 17 guest-localmigrate/x10 fail never pass test-armhf-armhf-libvirt-xsm 12 migrate-support-check fail never pass test-armhf-armhf-libvirt-xsm 14 guest-saverestore fail never pass test-armhf-armhf-libvirt 14 guest-saverestore fail never pass test-armhf-armhf-libvirt 12 migrate-support-check fail never pass test-amd64-amd64-libvirt-xsm 12 migrate-support-check fail never pass test-amd64-amd64-libvirt 12 migrate-support-check fail never pass test-amd64-i386-libvirt 12 migrate-support-check fail never pass test-amd64-i386-libvirt-xsm 12 migrate-support-check fail never pass test-armhf-armhf-xl-arndale 12 migrate-support-check fail never pass test-armhf-armhf-xl-arndale 13 saverestore-support-check fail never pass test-amd64-amd64-qemuu-nested-amd 16 debian-hvm-install/l1/l2 fail never pass test-armhf-armhf-xl 12 migrate-support-check fail never pass test-armhf-armhf-xl 13 saverestore-support-check fail never pass test-armhf-armhf-xl-xsm 13 saverestore-support-check fail never pass test-armhf-armhf-xl-xsm 12 migrate-support-check fail never pass test-armhf-armhf-xl-multivcpu 13 saverestore-support-check fail never pass test-armhf-armhf-xl-multivcpu 12 migrate-support-check fail never pass test-amd64-amd64-libvirt-qemuu-debianhvm-amd64-xsm 10 migrate-support-check fail never pass test-amd64-amd64-xl-qemuu-win7-amd64 16 guest-stop fail never pass test-amd64-i386-xl-qemut-win7-amd64 16 guest-stop fail never pass test-armhf-armhf-xl-rtds 13 saverestore-support-check fail never pass test-armhf-armhf-xl-rtds 12 migrate-support-check fail never pass test-amd64-i386-xl-qemuu-win7-amd64 16 guest-stop fail never pass test-armhf-armhf-xl-credit2 13 saverestore-support-check fail never pass test-armhf-armhf-xl-credit2 12 migrate-support-check fail never pass test-amd64-i386-libvirt-qemuu-debianhvm-amd64-xsm 10 migrate-support-check fail never pass test-armhf-armhf-xl-cubietruck 12 migrate-support-check fail never pass test-armhf-armhf-xl-cubietruck 13 saverestore-support-check fail never pass test-armhf-armhf-xl-vhd 9 debian-di-install fail never pass version targeted for testing: linux 70a95b3e395fa9f5a5cf531c56ae7e5b6ed37e32 baseline version: linux a11efd7b42bf716f528b4f163cd86ba1e499354a Last test of basis 64969 2015-11-20 22:00:18 Z 30 days Testing same since 66400 2015-12-15 18:22:25 Z 5 days 5 attempts ------------------------------------------------------------ People who touched revisions under test: "Eric W. Biederman" Al Viro Alan Stern Alex Deucher Alexandra Yates Alexandre Belloni Amitkumar Karwar Andrew Morton Andrey Ryabinin Andrzej Hajda Andy Leiserson Andy Shevchenko Ani Sinha Anna Schumaker Arik Nemtsov Arik Nemtsov Arnaldo Carvalho de Melo Arnaldo Carvalho de Melo Arnd Bergmann Bj=C3=B8rn Mork Boris Brezillon Borislav Petkov Brian Norris Catalin Marinas Chen Yu Christian Borntraeger Christoph Hellwig Christoph Lameter Christophe JAILLET Christophe Leroy Chuck Lever Daeho Jeong Dan Carpenter Daniel Vetter Darren Hart Dave Airlie David Herrmann David Hildenbrand David Howells David Mosberger David Mosberger-Tang David S. Miller David Vrabel David Ward David Woodhouse Devesh Sharma Dmitry Torokhov Dmitry Tunin Eduardo Valentin Egbert Eich Emmanuel Grumbach Eric Biggers Eric Dumazet Eric Northup Eric W. Biederman Felipe Balbi Filipe Manana Flavio Leitner Florian Westphal Francesco Ruggeri Francesco Ruggeri Geliang Tang Greg Kroah-Hartman Gregory CLEMENT Hans de Goede Hans Verkuil Herbert Xu Hobin Woo Hon Ching \\(Vicky\\) Lo Hon Ching(Vicky) Lo Ingo Molnar J. Bruce Fields James Bottomley Jani Nikula Janusz Dziedzic Janusz.Dziedzic@tieto.com Jarkko Sakkinen Jason Liu Jason Wang Jay Vosburgh Jens Axboe Jiri Kosina Johan Hovold Johannes Berg Johannes Thumshirn Jonas Gorski K. Y. Srinivasan Kailang Yang Kalle Valo Kamal Mostafa Kashyap Desai Kees Cook Kinglong Mee Kosuke Tatsukawa Krzysztof Kozlowski Krzysztof Mazur Larry Finger Lee Jones Li Bin libin Linus Torvalds Linus Walleij Luis Henriques Lukas Czerner Lukas Wunner Lukasz Majewski Lv Zheng Maciej W. Rozycki Malcolm Crossley Marc Kleine-Budde Marcel Holtmann Marek Szyprowski Marek Vasut Mark Brown Martin Hauke Martin K. Petersen Masahiro Yamada Mathias Krause Matt Fleming Mauricio Faria de Oliveira Mauro Carvalho Chehab Max Filippov Maxim Sheviakov Maxime Ripard Michal Kubecek Michal Kube=C4=8Dek Mike Snitzer Nadav Amit Neal Cardwell NeilBrown Nicolas Ferre Nikolay Aleksandrov Nishanth Menon Oleg Nesterov Olga Kornievskaia Pablo Neira Ayuso Paolo Bonzini Peter Feiner Peter Huewe Peter Oberparleiter Peter Ujfalusi Peter Zijlstra (Intel) Peter Zijlstra Phil Reid Radim Kr=C4=8Dm=C3=A1=C5=99 Rafael J. Wysocki Ralf Baechle Richard Cochran Richard Purdie Rob Herring Robert Jarzmik Robin Murphy Roger Quadros Russell King Sakari Ailus Santosh Shilimkar Sebastian Reichel Sowmini Varadhan Stefan Richter Stephan Mueller Stephen Boyd Steven Rostedt Sumit Saxena sumit.saxena@avagotech.com Takashi Iwai Takashi Sakamoto Tejun Heo Tero Kristo Theodore Ts'o Thomas Gleixner Tiffany Lin Tony Lindgren Trond Myklebust Valentin Rothberg Vignesh R Vineet Gupta Vinod Koul Will Deacon Yan, Zheng Yuchung Cheng jobs: build-amd64-xsm pass build-armhf-xsm pass build-i386-xsm pass build-amd64 pass build-armhf pass build-i386 pass build-amd64-libvirt pass build-armhf-libvirt pass build-i386-libvirt pass build-amd64-pvops pass build-armhf-pvops pass build-i386-pvops pass build-amd64-rumpuserxen pass build-i386-rumpuserxen pass test-amd64-amd64-xl pass test-armhf-armhf-xl pass test-amd64-i386-xl pass test-amd64-amd64-xl-qemut-debianhvm-amd64-xsm pass test-amd64-i386-xl-qemut-debianhvm-amd64-xsm pass test-amd64-amd64-libvirt-qemuu-debianhvm-amd64-xsm pass test-amd64-i386-libvirt-qemuu-debianhvm-amd64-xsm pass test-amd64-amd64-xl-qemuu-debianhvm-amd64-xsm pass test-amd64-i386-xl-qemuu-debianhvm-amd64-xsm pass test-amd64-amd64-xl-qemut-stubdom-debianhvm-amd64-xsm pass test-amd64-i386-xl-qemut-stubdom-debianhvm-amd64-xsm fail test-amd64-amd64-libvirt-xsm pass test-armhf-armhf-libvirt-xsm fail test-amd64-i386-libvirt-xsm pass test-amd64-amd64-xl-xsm pass test-armhf-armhf-xl-xsm pass test-amd64-i386-xl-xsm pass test-amd64-amd64-qemuu-nested-amd fail test-amd64-amd64-xl-pvh-amd fail test-amd64-i386-qemut-rhel6hvm-amd pass test-amd64-i386-qemuu-rhel6hvm-amd pass test-amd64-amd64-xl-qemut-debianhvm-amd64 pass test-amd64-i386-xl-qemut-debianhvm-amd64 pass test-amd64-amd64-xl-qemuu-debianhvm-amd64 pass test-amd64-i386-xl-qemuu-debianhvm-amd64 pass test-amd64-i386-freebsd10-amd64 pass test-amd64-amd64-xl-qemuu-ovmf-amd64 pass test-amd64-i386-xl-qemuu-ovmf-amd64 pass test-amd64-amd64-rumpuserxen-amd64 pass test-amd64-amd64-xl-qemut-win7-amd64 pass test-amd64-i386-xl-qemut-win7-amd64 fail test-amd64-amd64-xl-qemuu-win7-amd64 fail test-amd64-i386-xl-qemuu-win7-amd64 fail test-armhf-armhf-xl-arndale pass test-amd64-amd64-xl-credit2 fail test-armhf-armhf-xl-credit2 pass test-armhf-armhf-xl-cubietruck pass test-amd64-i386-freebsd10-i386 pass test-amd64-i386-rumpuserxen-i386 fail test-amd64-amd64-qemuu-nested-intel pass test-amd64-amd64-xl-pvh-intel fail test-amd64-i386-qemut-rhel6hvm-intel pass test-amd64-i386-qemuu-rhel6hvm-intel pass test-amd64-amd64-libvirt pass test-armhf-armhf-libvirt fail test-amd64-i386-libvirt pass test-amd64-amd64-xl-multivcpu fail test-armhf-armhf-xl-multivcpu pass test-amd64-amd64-pair pass test-amd64-i386-pair pass test-amd64-amd64-libvirt-pair pass test-amd64-i386-libvirt-pair pass test-amd64-amd64-amd64-pvgrub pass test-amd64-amd64-i386-pvgrub pass test-amd64-amd64-pygrub pass test-armhf-armhf-libvirt-qcow2 fail test-amd64-amd64-xl-qcow2 pass test-armhf-armhf-libvirt-raw fail test-amd64-i386-xl-raw pass test-amd64-amd64-xl-rtds fail test-armhf-armhf-xl-rtds pass test-amd64-i386-xl-qemut-winxpsp3-vcpus1 pass test-amd64-i386-xl-qemuu-winxpsp3-vcpus1 pass test-amd64-amd64-libvirt-vhd fail test-armhf-armhf-xl-vhd fail test-amd64-amd64-xl-qemut-winxpsp3 pass test-amd64-i386-xl-qemut-winxpsp3 pass test-amd64-amd64-xl-qemuu-winxpsp3 pass test-amd64-i386-xl-qemuu-winxpsp3 pass ------------------------------------------------------------ sg-report-flight on osstest.test-lab.xenproject.org logs: /home/logs/logs images: /home/logs/images Logs, config files, etc. are available at http://logs.test-lab.xenproject.org/osstest/logs Explanation of these reports, and of osstest in general, is at http://xenbits.xen.org/gitweb/=3Fp=3Dosstest.git;a=3Dblob;f=3DREADME.email;hb=3Dmaster http://xenbits.xen.org/gitweb/=3Fp=3Dosstest.git;a=3Dblob;f=3DREADME;hb=3Dmaster Test harness code can be found at http://xenbits.xen.org/gitweb=3Fp=3Dosstest.git;a=3Dsummary Not pushing. (No revision log; it would be 4110 lines long.) --===============3299815881443959565== Content-Type: text/plain; charset="us-ascii" MIME-Version: 1.0 Content-Transfer-Encoding: 7bit Content-Disposition: inline _______________________________________________ Xen-devel mailing list Xen-devel@lists.xen.org http://lists.xen.org/xen-devel --===============3299815881443959565==--