xen-devel.lists.xenproject.org archive mirror
 help / color / mirror / Atom feed
From: osstest service owner <osstest-admin@xenproject.org>
To: xen-devel@lists.xensource.com, osstest-admin@xenproject.org
Subject: [xen-4.4-testing test] 66718: regressions - FAIL
Date: Mon, 21 Dec 2015 17:01:47 +0000	[thread overview]
Message-ID: <osstest-66718-mainreport@xen.org> (raw)

flight 66718 xen-4.4-testing real [real]
http://logs.test-lab.xenproject.org/osstest/logs/66718/

Regressions :-(

Tests which did not succeed and are blocking,
including tests which could not be run:
 build-amd64-prev              5 xen-build                 fail REGR. vs. 66458
 build-i386-prev               5 xen-build                 fail REGR. vs. 66458
 build-armhf                   5 xen-build                 fail REGR. vs. 66458
 test-amd64-amd64-xl-qemuu-ovmf-amd64 9 debian-hvm-install fail REGR. vs. 66458
 test-amd64-i386-xl-qemuu-ovmf-amd64  9 debian-hvm-install fail REGR. vs. 66458
 test-armhf-armhf-xl-credit2 15 guest-start/debian.repeat fail in 66583 REGR. vs. 66458

Tests which are failing intermittently (not blocking):
 test-amd64-amd64-xl-qemuu-win7-amd64 13 guest-localmigrate fail in 66583 pass in 66718
 test-amd64-amd64-xl-qemuu-winxpsp3 15 guest-localmigrate/x10 fail pass in 66583

Regressions which are regarded as allowable (not blocking):
 test-armhf-armhf-xl-multivcpu 15 guest-start/debian.repeat fail in 66583 like 66458
 test-amd64-i386-xl-qemuu-win7-amd64 16 guest-stop     fail in 66583 like 66458
 test-amd64-i386-xl-qemuu-win7-amd64 15 guest-localmigrate/x10  fail like 66418
 test-amd64-amd64-xl-qemuu-win7-amd64 16 guest-stop             fail like 66458

Tests which did not succeed, but are not blocking:
 test-amd64-amd64-rumpuserxen-amd64  1 build-check(1)               blocked n/a
 test-amd64-i386-rumpuserxen-i386  1 build-check(1)               blocked  n/a
 test-armhf-armhf-libvirt-qcow2  1 build-check(1)               blocked  n/a
 test-armhf-armhf-libvirt-raw  1 build-check(1)               blocked  n/a
 test-armhf-armhf-xl-multivcpu  1 build-check(1)               blocked  n/a
 test-amd64-amd64-migrupgrade  1 build-check(1)               blocked  n/a
 test-amd64-i386-migrupgrade   1 build-check(1)               blocked  n/a
 test-armhf-armhf-xl           1 build-check(1)               blocked  n/a
 test-armhf-armhf-libvirt      1 build-check(1)               blocked  n/a
 test-armhf-armhf-xl-arndale   1 build-check(1)               blocked  n/a
 test-armhf-armhf-xl-cubietruck  1 build-check(1)               blocked  n/a
 test-armhf-armhf-xl-credit2   1 build-check(1)               blocked  n/a
 build-armhf-libvirt           1 build-check(1)               blocked  n/a
 test-armhf-armhf-xl-vhd       1 build-check(1)               blocked  n/a
 test-armhf-armhf-libvirt-qcow2  9 debian-di-install   fail in 66583 never pass
 test-armhf-armhf-libvirt-raw  9 debian-di-install     fail in 66583 never pass
 test-armhf-armhf-xl-multivcpu 13 saverestore-support-check fail in 66583 never pass
 test-armhf-armhf-xl-multivcpu 12 migrate-support-check fail in 66583 never pass
 test-armhf-armhf-xl          12 migrate-support-check fail in 66583 never pass
 test-armhf-armhf-xl      13 saverestore-support-check fail in 66583 never pass
 test-armhf-armhf-libvirt     11 guest-start           fail in 66583 never pass
 test-armhf-armhf-xl-arndale  12 migrate-support-check fail in 66583 never pass
 test-armhf-armhf-xl-arndale 13 saverestore-support-check fail in 66583 never pass
 test-armhf-armhf-xl-cubietruck 12 migrate-support-check fail in 66583 never pass
 test-armhf-armhf-xl-cubietruck 13 saverestore-support-check fail in 66583 never pass
 test-armhf-armhf-xl-credit2 13 saverestore-support-check fail in 66583 never pass
 test-armhf-armhf-xl-credit2  12 migrate-support-check fail in 66583 never pass
 test-armhf-armhf-xl-vhd       9 debian-di-install     fail in 66583 never pass
 build-amd64-rumpuserxen       6 xen-build                    fail   never pass
 build-i386-rumpuserxen        6 xen-build                    fail   never pass
 test-amd64-amd64-qemuu-nested-intel 16 debian-hvm-install/l1/l2 fail never pass
 test-amd64-amd64-qemuu-nested-amd 16 debian-hvm-install/l1/l2  fail never pass
 test-amd64-i386-libvirt      12 migrate-support-check        fail   never pass
 test-amd64-amd64-libvirt-vhd 11 migrate-support-check        fail   never pass
 test-amd64-amd64-libvirt     12 migrate-support-check        fail   never pass
 test-amd64-amd64-xl-qemut-win7-amd64 16 guest-stop             fail never pass
 test-amd64-i386-xl-qemut-win7-amd64 16 guest-stop              fail never pass
 test-amd64-i386-xend-qemut-winxpsp3 20 leak-check/check        fail never pass

version targeted for testing:
 xen                  fd4db045339863c901e887fe35fe958ce766351e
baseline version:
 xen                  d0b73c9bf21f9199401a36eeda7ba0a4412aad6d

Last test of basis    66458  2015-12-17 09:42:47 Z    4 days
Failing since         66520  2015-12-18 10:37:08 Z    3 days    3 attempts
Testing same since    66583  2015-12-19 06:03:35 Z    2 days    2 attempts

------------------------------------------------------------
People who touched revisions under test:
  Ian Campbell <ian.campbell@citrix.com>
  Ian Jackson <ian.jackson@eu.citrix.com>
  Jan Beulich <jbeulich@suse.com>
  Konrad Rzeszutek Wilk <konrad.wilk@oracle.com>
  Stefano Stabellini <stefano.stabellini@eu.citrix.com>

jobs:
 build-amd64-xend                                             pass    
 build-i386-xend                                              pass    
 build-amd64                                                  pass    
 build-armhf                                                  fail    
 build-i386                                                   pass    
 build-amd64-libvirt                                          pass    
 build-armhf-libvirt                                          blocked 
 build-i386-libvirt                                           pass    
 build-amd64-prev                                             fail    
 build-i386-prev                                              fail    
 build-amd64-pvops                                            pass    
 build-armhf-pvops                                            pass    
 build-i386-pvops                                             pass    
 build-amd64-rumpuserxen                                      fail    
 build-i386-rumpuserxen                                       fail    
 test-amd64-amd64-xl                                          pass    
 test-armhf-armhf-xl                                          blocked 
 test-amd64-i386-xl                                           pass    
 test-amd64-amd64-qemuu-nested-amd                            fail    
 test-amd64-i386-qemut-rhel6hvm-amd                           pass    
 test-amd64-i386-qemuu-rhel6hvm-amd                           pass    
 test-amd64-amd64-xl-qemut-debianhvm-amd64                    pass    
 test-amd64-i386-xl-qemut-debianhvm-amd64                     pass    
 test-amd64-amd64-xl-qemuu-debianhvm-amd64                    pass    
 test-amd64-i386-xl-qemuu-debianhvm-amd64                     pass    
 test-amd64-i386-freebsd10-amd64                              pass    
 test-amd64-amd64-xl-qemuu-ovmf-amd64                         fail    
 test-amd64-i386-xl-qemuu-ovmf-amd64                          fail    
 test-amd64-amd64-rumpuserxen-amd64                           blocked 
 test-amd64-amd64-xl-qemut-win7-amd64                         fail    
 test-amd64-i386-xl-qemut-win7-amd64                          fail    
 test-amd64-amd64-xl-qemuu-win7-amd64                         fail    
 test-amd64-i386-xl-qemuu-win7-amd64                          fail    
 test-armhf-armhf-xl-arndale                                  blocked 
 test-amd64-amd64-xl-credit2                                  pass    
 test-armhf-armhf-xl-credit2                                  blocked 
 test-armhf-armhf-xl-cubietruck                               blocked 
 test-amd64-i386-freebsd10-i386                               pass    
 test-amd64-i386-rumpuserxen-i386                             blocked 
 test-amd64-amd64-qemuu-nested-intel                          fail    
 test-amd64-i386-qemut-rhel6hvm-intel                         pass    
 test-amd64-i386-qemuu-rhel6hvm-intel                         pass    
 test-amd64-amd64-libvirt                                     pass    
 test-armhf-armhf-libvirt                                     blocked 
 test-amd64-i386-libvirt                                      pass    
 test-amd64-amd64-migrupgrade                                 blocked 
 test-amd64-i386-migrupgrade                                  blocked 
 test-amd64-amd64-xl-multivcpu                                pass    
 test-armhf-armhf-xl-multivcpu                                blocked 
 test-amd64-amd64-pair                                        pass    
 test-amd64-i386-pair                                         pass    
 test-amd64-amd64-libvirt-pair                                pass    
 test-amd64-i386-libvirt-pair                                 pass    
 test-amd64-amd64-pv                                          pass    
 test-amd64-i386-pv                                           pass    
 test-amd64-amd64-amd64-pvgrub                                pass    
 test-amd64-amd64-i386-pvgrub                                 pass    
 test-amd64-amd64-pygrub                                      pass    
 test-armhf-armhf-libvirt-qcow2                               blocked 
 test-amd64-amd64-xl-qcow2                                    pass    
 test-armhf-armhf-libvirt-raw                                 blocked 
 test-amd64-i386-xl-raw                                       pass    
 test-amd64-i386-xl-qemut-winxpsp3-vcpus1                     pass    
 test-amd64-i386-xl-qemuu-winxpsp3-vcpus1                     pass    
 test-amd64-amd64-libvirt-vhd                                 pass    
 test-armhf-armhf-xl-vhd                                      blocked 
 test-amd64-i386-xend-qemut-winxpsp3                          fail    
 test-amd64-amd64-xl-qemut-winxpsp3                           pass    
 test-amd64-amd64-xl-qemuu-winxpsp3                           fail    


------------------------------------------------------------
sg-report-flight on osstest.test-lab.xenproject.org
logs: /home/logs/logs
images: /home/logs/images

Logs, config files, etc. are available at
    http://logs.test-lab.xenproject.org/osstest/logs

Explanation of these reports, and of osstest in general, is at
    http://xenbits.xen.org/gitweb/?p=osstest.git;a=blob;f=README.email;hb=master
    http://xenbits.xen.org/gitweb/?p=osstest.git;a=blob;f=README;hb=master

Test harness code can be found at
    http://xenbits.xen.org/gitweb?p=osstest.git;a=summary


Not pushing.

------------------------------------------------------------
commit fd4db045339863c901e887fe35fe958ce766351e
Author: Ian Jackson <ian.jackson@eu.citrix.com>
Date:   Fri Dec 18 14:58:40 2015 +0000

    QEMU_TAG update

commit 4dacb5d7429913430895fe38cb58308ea4fa4a05
Author: Jan Beulich <jbeulich@suse.com>
Date:   Thu Dec 17 14:31:28 2015 +0100

    x86/HVM: avoid reading ioreq state more than once
    
    Otherwise, especially when the compiler chooses to translate the
    switch() to a jump table, unpredictable behavior (and in the jump table
    case arbitrary code execution) can result.
    
    This is XSA-166.
    
    Signed-off-by: Jan Beulich <jbeulich@suse.com>
    Acked-by: Ian Campbell <ian.campbell@citrix.com>
    master commit: b452430a4cdfc801fa4bc391aed7522365e1deb6
    master date: 2015-12-17 14:22:46 +0100

commit 52a5c0bf5350f045810d159af0c06305dd9d517f
Author: Jan Beulich <jbeulich@suse.com>
Date:   Thu Dec 17 14:30:57 2015 +0100

    x86: don't leak ST(n)/XMMn values to domains first using them
    
    FNINIT doesn't alter these registers, and hence using it is
    insufficient to initialize a guest's initial state.
    
    This is CVE-2015-8555 / XSA-165.
    
    Signed-off-by: Jan Beulich <jbeulich@suse.com>
    Reviewed-by: Andrew Cooper <andrew.cooper3@citrix.com>
    master commit: 81818b3f277544535974204f8d840da86fa8a44f
    master date: 2015-12-17 14:22:13 +0100
========================================
commit c51f20baba0bc01e7e3a3a16e72be9a0ed6cb734
Author: Stefano Stabellini <stefano.stabellini@eu.citrix.com>
Date:   Fri Nov 20 10:56:00 2015 -0500

    blkif: Avoid double access to src->nr_segments
    
    src is stored in shared memory and src->nr_segments is dereferenced
    twice at the end of the function.  If a compiler decides to compile this
    into two separate memory accesses then the size limitation could be
    bypassed.
    
    Fix it by removing the double access to src->nr_segments.
    
    This is part of XSA-155.
    
    Signed-off-by: Stefano Stabellini <stefano.stabellini@eu.citrix.com>
    Signed-off-by: Konrad Rzeszutek Wilk <konrad.wilk@oracle.com>

commit bc468fe34e146026854242676635d9435dab5c0d
Author: Stefano Stabellini <stefano.stabellini@eu.citrix.com>
Date:   Fri Nov 20 10:37:08 2015 -0500

    xenfb: avoid reading twice the same fields from the shared page
    
    Reading twice the same field could give the guest an attack of
    opportunity. In the case of event->type, gcc could compile the switch
    statement into a jump table, effectively ending up reading the type
    field multiple times.
    
    This is part of XSA-155.
    
    Signed-off-by: Stefano Stabellini <stefano.stabellini@eu.citrix.com>

             reply	other threads:[~2015-12-21 17:01 UTC|newest]

Thread overview: 10+ messages / expand[flat|nested]  mbox.gz  Atom feed  top
2015-12-21 17:01 osstest service owner [this message]
2015-12-21 17:16 ` [xen-4.4-testing test] 66718: regressions - FAIL Jan Beulich
2016-01-04 10:08   ` Ian Campbell
2016-01-04 14:50     ` [PATCH 4.4 1/2] libxl: Rerun bison and flex Ian Jackson
2016-01-04 14:50       ` [PATCH 4.4 2/2] libxl: Fix building libxlu_cfg_y.y with bison 3.0 Ian Jackson
2016-01-06  9:10         ` Jan Beulich
2016-01-06 10:30           ` Ian Campbell
2016-01-06 10:40             ` Jan Beulich
2016-01-04 15:00       ` [PATCH 4.4 1/2] libxl: Rerun bison and flex Ian Campbell
2016-01-12 15:44         ` Ian Jackson

Reply instructions:

You may reply publicly to this message via plain-text email
using any one of the following methods:

* Save the following mbox file, import it into your mail client,
  and reply-to-all from there: mbox

  Avoid top-posting and favor interleaved quoting:
  https://en.wikipedia.org/wiki/Posting_style#Interleaved_style

* Reply using the --to, --cc, and --in-reply-to
  switches of git-send-email(1):

  git send-email \
    --in-reply-to=osstest-66718-mainreport@xen.org \
    --to=osstest-admin@xenproject.org \
    --cc=xen-devel@lists.xensource.com \
    /path/to/YOUR_REPLY

  https://kernel.org/pub/software/scm/git/docs/git-send-email.html

* If your mail client supports setting the In-Reply-To header
  via mailto: links, try the mailto: link
Be sure your reply has a Subject: header at the top and a blank line before the message body.
This is a public inbox, see mirroring instructions
for how to clone and mirror all data and code used for this inbox;
as well as URLs for NNTP newsgroup(s).